{"id":889,"date":"2026-09-06T00:01:41","date_gmt":"2026-09-06T00:01:41","guid":{"rendered":"https:\/\/tv.joycemeyer.org\/slovak\/?post_type=devotional&#038;p=889"},"modified":"2026-03-04T20:35:14","modified_gmt":"2026-03-04T20:35:14","slug":"kazdy-den-je-novym-dnom","status":"publish","type":"devotional","link":"https:\/\/tv.joycemeyer.org\/slovak\/devotional\/kazdy-den-je-novym-dnom\/","title":{"rendered":"Ka\u017ed\u00fd de\u0148 je nov\u00fdm d\u0148om"},"content":{"rendered":"<blockquote><p>Toto je de\u0148, ktor\u00fd u\u010dinil Hospodin; plesajme a radujme sa v \u0148om! &#8211; \u017dALM 118:24<\/p><\/blockquote>\n<p>Boh chce, aby sme si u\u017e\u00edvali svoj be\u017en\u00fd ka\u017edodenn\u00fd \u017eivot &#8211; aj uprostred t\u00fdch najhor\u0161\u00edch dn\u00ed.<\/p>\n<p>Bolo obdobie v mojom \u017eivote, ke\u010f som sa b\u00e1la \u010deli\u0165 ka\u017ed\u00e9mu d\u0148u. Prem\u00fd\u0161\u013eala som len o svojich okolnostiach &#8211; ako spolu s Davom zaplat\u00edme \u00fa\u010dty, \u010di zvl\u00e1dneme v\u0161etko nevyhnutn\u00e9. Niekedy som si chcela da\u0165 papl\u00f3n cez hlavu a zosta\u0165 len tak v posteli.<\/p>\n<p>Bola som zavalen\u00e1 staros\u0165ami a minula som cie\u013e: Boh stvoril nov\u00fd de\u0148 a stvoril ho na to, aby som si ho mohla u\u017ei\u0165.<br \/>\nKa\u017ed\u00fd de\u0148 je pln\u00fd r\u00f4znych situ\u00e1ci\u00ed, ktor\u00e9 \u0165a m\u00f4\u017eu rozru\u0161i\u0165 &#8211; napr\u00edklad, ak strat\u00ed\u0161 k\u013e\u00fa\u010de od auta alebo uviazne\u0161 v dopravnej z\u00e1pche. M\u00f4\u017ee\u0161 sa v\u0161ak rozhodn\u00fa\u0165 zosta\u0165 pokojn\u00fdm a ovl\u00e1dnu\u0165 sa uprostred nich.<\/p>\n<p>Ke\u010f prestaneme rozm\u00fd\u0161\u013ea\u0165 o sebe, o na\u0161ich okolnostiach a zameriame sa na Boha a milovanie ostatn\u00fdch, vtedy zaujmeme postoj, ktor\u00fd si ct\u00ed Boha a ka\u017ed\u00fd de\u0148 uvid\u00edme ako vzru\u0161uj\u00faci, nov\u00fd dar od Boha.<\/p>\n<hr \/>\n<p>Modlitba<\/p>\n<p>Bo\u017ee, \u010fakujem Ti, \u017ee si mi daroval nov\u00fd de\u0148. Namiesto toho, aby som sa zameriaval na frustruj\u00face veci v \u017eivote, rozhodujem sa by\u0165 pokojn\u00fdm a radostn\u00fdm v Tebe.<\/p>\n","protected":false},"excerpt":{"rendered":"<p>Bola som zavalen\u00e1 staros\u0165ami a minula som cie\u013e: Boh stvoril nov\u00fd de\u0148 a stvoril ho na to, aby som si ho mohla u\u017ei\u0165.<\/p>\n","protected":false},"author":15,"featured_media":890,"parent":0,"menu_order":0,"comment_status":"closed","ping_status":"closed","template":"","class_list":["post-889","devotional","type-devotional","status-publish","has-post-thumbnail","hentry"],"acf":[],"appp":{"post_detail":{"above_title":"<div class=\"post-featured-wrap\"><img width=\"960\" height=\"540\" src=\"https:\/\/tv.joycemeyer.org\/slovak\/wp-content\/uploads\/sites\/88\/2020\/10\/252.jpg\" class=\"post-featured wp-post-image\" alt=\"\" decoding=\"async\" srcset=\"https:\/\/tv.joycemeyer.org\/slovak\/wp-content\/uploads\/sites\/88\/2020\/10\/252.jpg 960w, https:\/\/tv.joycemeyer.org\/slovak\/wp-content\/uploads\/sites\/88\/2020\/10\/252-300x169.jpg 300w, https:\/\/tv.joycemeyer.org\/slovak\/wp-content\/uploads\/sites\/88\/2020\/10\/252-768x432.jpg 768w, https:\/\/tv.joycemeyer.org\/slovak\/wp-content\/uploads\/sites\/88\/2020\/10\/252-640x360.jpg 640w\" sizes=\"(max-width: 960px) 100vw, 960px\" \/><\/div>","below_content":"<div class=\"follow\"><ul class=\"nav nav--social nav--flex\"><\/ul><\/div>"}},"yoast_head":"<!-- This site is optimized with the Yoast SEO plugin v28.2 - https:\/\/yoast.com\/product\/yoast-seo-wordpress\/ -->\n<title>Ka\u017ed\u00fd de\u0148 je nov\u00fdm d\u0148om - Joyce Meyer Ministries - Slovak<\/title>\n<meta name=\"robots\" content=\"index, follow, max-snippet:-1, max-image-preview:large, max-video-preview:-1\" \/>\n<link rel=\"canonical\" href=\"https:\/\/tv.joycemeyer.org\/slovak\/devotional\/kazdy-den-je-novym-dnom\/\" \/>\n<meta property=\"og:locale\" content=\"en_US\" \/>\n<meta property=\"og:type\" content=\"article\" \/>\n<meta property=\"og:title\" content=\"Ka\u017ed\u00fd de\u0148 je nov\u00fdm d\u0148om - Joyce Meyer Ministries - Slovak\" \/>\n<meta property=\"og:description\" content=\"Bola som zavalen\u00e1 staros\u0165ami a minula som cie\u013e: Boh stvoril nov\u00fd de\u0148 a stvoril ho na to, aby som si ho mohla u\u017ei\u0165.\" \/>\n<meta property=\"og:url\" content=\"https:\/\/tv.joycemeyer.org\/slovak\/devotional\/kazdy-den-je-novym-dnom\/\" \/>\n<meta property=\"og:site_name\" content=\"Joyce Meyer Ministries - Slovak\" \/>\n<meta property=\"og:image\" content=\"https:\/\/tv.joycemeyer.org\/slovak\/wp-content\/uploads\/sites\/88\/2020\/10\/252.jpg\" \/>\n\t<meta property=\"og:image:width\" content=\"960\" \/>\n\t<meta property=\"og:image:height\" content=\"540\" \/>\n\t<meta property=\"og:image:type\" content=\"image\/jpeg\" \/>\n<meta name=\"twitter:card\" content=\"summary_large_image\" \/>\n<meta name=\"twitter:label1\" content=\"Est. reading time\" \/>\n\t<meta name=\"twitter:data1\" content=\"1 minute\" \/>\n<script type=\"application\/ld+json\" class=\"yoast-schema-graph\">{\"@context\":\"https:\\\/\\\/schema.org\",\"@graph\":[{\"@type\":\"WebPage\",\"@id\":\"https:\\\/\\\/tv.joycemeyer.org\\\/slovak\\\/devotional\\\/kazdy-den-je-novym-dnom\\\/\",\"url\":\"https:\\\/\\\/tv.joycemeyer.org\\\/slovak\\\/devotional\\\/kazdy-den-je-novym-dnom\\\/\",\"name\":\"Ka\u017ed\u00fd de\u0148 je nov\u00fdm d\u0148om - Joyce Meyer Ministries - Slovak\",\"isPartOf\":{\"@id\":\"https:\\\/\\\/tv.joycemeyer.org\\\/slovak\\\/#website\"},\"primaryImageOfPage\":{\"@id\":\"https:\\\/\\\/tv.joycemeyer.org\\\/slovak\\\/devotional\\\/kazdy-den-je-novym-dnom\\\/#primaryimage\"},\"image\":{\"@id\":\"https:\\\/\\\/tv.joycemeyer.org\\\/slovak\\\/devotional\\\/kazdy-den-je-novym-dnom\\\/#primaryimage\"},\"thumbnailUrl\":\"https:\\\/\\\/tv.joycemeyer.org\\\/slovak\\\/wp-content\\\/uploads\\\/sites\\\/88\\\/2020\\\/10\\\/252.jpg\",\"datePublished\":\"2026-09-06T00:01:41+00:00\",\"breadcrumb\":{\"@id\":\"https:\\\/\\\/tv.joycemeyer.org\\\/slovak\\\/devotional\\\/kazdy-den-je-novym-dnom\\\/#breadcrumb\"},\"inLanguage\":\"en-US\",\"potentialAction\":[{\"@type\":\"ReadAction\",\"target\":[\"https:\\\/\\\/tv.joycemeyer.org\\\/slovak\\\/devotional\\\/kazdy-den-je-novym-dnom\\\/\"]}]},{\"@type\":\"ImageObject\",\"inLanguage\":\"en-US\",\"@id\":\"https:\\\/\\\/tv.joycemeyer.org\\\/slovak\\\/devotional\\\/kazdy-den-je-novym-dnom\\\/#primaryimage\",\"url\":\"https:\\\/\\\/tv.joycemeyer.org\\\/slovak\\\/wp-content\\\/uploads\\\/sites\\\/88\\\/2020\\\/10\\\/252.jpg\",\"contentUrl\":\"https:\\\/\\\/tv.joycemeyer.org\\\/slovak\\\/wp-content\\\/uploads\\\/sites\\\/88\\\/2020\\\/10\\\/252.jpg\",\"width\":960,\"height\":540,\"caption\":\"Ka\u017ed\u00fd de\u0148 je nov\u00fdm d\u0148om\"},{\"@type\":\"BreadcrumbList\",\"@id\":\"https:\\\/\\\/tv.joycemeyer.org\\\/slovak\\\/devotional\\\/kazdy-den-je-novym-dnom\\\/#breadcrumb\",\"itemListElement\":[{\"@type\":\"ListItem\",\"position\":1,\"name\":\"Home\",\"item\":\"https:\\\/\\\/tv.joycemeyer.org\\\/slovak\\\/\"},{\"@type\":\"ListItem\",\"position\":2,\"name\":\"Devotional\",\"item\":\"https:\\\/\\\/tv.joycemeyer.org\\\/slovak\\\/devotional\\\/\"},{\"@type\":\"ListItem\",\"position\":3,\"name\":\"Ka\u017ed\u00fd de\u0148 je nov\u00fdm d\u0148om\"}]},{\"@type\":\"WebSite\",\"@id\":\"https:\\\/\\\/tv.joycemeyer.org\\\/slovak\\\/#website\",\"url\":\"https:\\\/\\\/tv.joycemeyer.org\\\/slovak\\\/\",\"name\":\"Joyce Meyer Ministries - Slovak\",\"description\":\"Zdie\u013ea\u0165 Krista - Milova\u0165 \u013eud\u00ed\",\"potentialAction\":[{\"@type\":\"SearchAction\",\"target\":{\"@type\":\"EntryPoint\",\"urlTemplate\":\"https:\\\/\\\/tv.joycemeyer.org\\\/slovak\\\/?s={search_term_string}\"},\"query-input\":{\"@type\":\"PropertyValueSpecification\",\"valueRequired\":true,\"valueName\":\"search_term_string\"}}],\"inLanguage\":\"en-US\"}]}<\/script>\n<!-- \/ Yoast SEO plugin. -->","yoast_head_json":{"title":"Ka\u017ed\u00fd de\u0148 je nov\u00fdm d\u0148om - Joyce Meyer Ministries - Slovak","robots":{"index":"index","follow":"follow","max-snippet":"max-snippet:-1","max-image-preview":"max-image-preview:large","max-video-preview":"max-video-preview:-1"},"canonical":"https:\/\/tv.joycemeyer.org\/slovak\/devotional\/kazdy-den-je-novym-dnom\/","og_locale":"en_US","og_type":"article","og_title":"Ka\u017ed\u00fd de\u0148 je nov\u00fdm d\u0148om - Joyce Meyer Ministries - Slovak","og_description":"Bola som zavalen\u00e1 staros\u0165ami a minula som cie\u013e: Boh stvoril nov\u00fd de\u0148 a stvoril ho na to, aby som si ho mohla u\u017ei\u0165.","og_url":"https:\/\/tv.joycemeyer.org\/slovak\/devotional\/kazdy-den-je-novym-dnom\/","og_site_name":"Joyce Meyer Ministries - Slovak","og_image":[{"width":960,"height":540,"url":"https:\/\/tv.joycemeyer.org\/slovak\/wp-content\/uploads\/sites\/88\/2020\/10\/252.jpg","type":"image\/jpeg"}],"twitter_card":"summary_large_image","twitter_misc":{"Est. reading time":"1 minute"},"schema":{"@context":"https:\/\/schema.org","@graph":[{"@type":"WebPage","@id":"https:\/\/tv.joycemeyer.org\/slovak\/devotional\/kazdy-den-je-novym-dnom\/","url":"https:\/\/tv.joycemeyer.org\/slovak\/devotional\/kazdy-den-je-novym-dnom\/","name":"Ka\u017ed\u00fd de\u0148 je nov\u00fdm d\u0148om - Joyce Meyer Ministries - Slovak","isPartOf":{"@id":"https:\/\/tv.joycemeyer.org\/slovak\/#website"},"primaryImageOfPage":{"@id":"https:\/\/tv.joycemeyer.org\/slovak\/devotional\/kazdy-den-je-novym-dnom\/#primaryimage"},"image":{"@id":"https:\/\/tv.joycemeyer.org\/slovak\/devotional\/kazdy-den-je-novym-dnom\/#primaryimage"},"thumbnailUrl":"https:\/\/tv.joycemeyer.org\/slovak\/wp-content\/uploads\/sites\/88\/2020\/10\/252.jpg","datePublished":"2026-09-06T00:01:41+00:00","breadcrumb":{"@id":"https:\/\/tv.joycemeyer.org\/slovak\/devotional\/kazdy-den-je-novym-dnom\/#breadcrumb"},"inLanguage":"en-US","potentialAction":[{"@type":"ReadAction","target":["https:\/\/tv.joycemeyer.org\/slovak\/devotional\/kazdy-den-je-novym-dnom\/"]}]},{"@type":"ImageObject","inLanguage":"en-US","@id":"https:\/\/tv.joycemeyer.org\/slovak\/devotional\/kazdy-den-je-novym-dnom\/#primaryimage","url":"https:\/\/tv.joycemeyer.org\/slovak\/wp-content\/uploads\/sites\/88\/2020\/10\/252.jpg","contentUrl":"https:\/\/tv.joycemeyer.org\/slovak\/wp-content\/uploads\/sites\/88\/2020\/10\/252.jpg","width":960,"height":540,"caption":"Ka\u017ed\u00fd de\u0148 je nov\u00fdm d\u0148om"},{"@type":"BreadcrumbList","@id":"https:\/\/tv.joycemeyer.org\/slovak\/devotional\/kazdy-den-je-novym-dnom\/#breadcrumb","itemListElement":[{"@type":"ListItem","position":1,"name":"Home","item":"https:\/\/tv.joycemeyer.org\/slovak\/"},{"@type":"ListItem","position":2,"name":"Devotional","item":"https:\/\/tv.joycemeyer.org\/slovak\/devotional\/"},{"@type":"ListItem","position":3,"name":"Ka\u017ed\u00fd de\u0148 je nov\u00fdm d\u0148om"}]},{"@type":"WebSite","@id":"https:\/\/tv.joycemeyer.org\/slovak\/#website","url":"https:\/\/tv.joycemeyer.org\/slovak\/","name":"Joyce Meyer Ministries - Slovak","description":"Zdie\u013ea\u0165 Krista - Milova\u0165 \u013eud\u00ed","potentialAction":[{"@type":"SearchAction","target":{"@type":"EntryPoint","urlTemplate":"https:\/\/tv.joycemeyer.org\/slovak\/?s={search_term_string}"},"query-input":{"@type":"PropertyValueSpecification","valueRequired":true,"valueName":"search_term_string"}}],"inLanguage":"en-US"}]}},"_links":{"self":[{"href":"https:\/\/tv.joycemeyer.org\/slovak\/wp-json\/wp\/v2\/devotional\/889","targetHints":{"allow":["GET"]}}],"collection":[{"href":"https:\/\/tv.joycemeyer.org\/slovak\/wp-json\/wp\/v2\/devotional"}],"about":[{"href":"https:\/\/tv.joycemeyer.org\/slovak\/wp-json\/wp\/v2\/types\/devotional"}],"author":[{"embeddable":true,"href":"https:\/\/tv.joycemeyer.org\/slovak\/wp-json\/wp\/v2\/users\/15"}],"replies":[{"embeddable":true,"href":"https:\/\/tv.joycemeyer.org\/slovak\/wp-json\/wp\/v2\/comments?post=889"}],"wp:featuredmedia":[{"embeddable":true,"href":"https:\/\/tv.joycemeyer.org\/slovak\/wp-json\/wp\/v2\/media\/890"}],"wp:attachment":[{"href":"https:\/\/tv.joycemeyer.org\/slovak\/wp-json\/wp\/v2\/media?parent=889"}],"curies":[{"name":"wp","href":"https:\/\/api.w.org\/{rel}","templated":true}]}}

Každý deň je novým dňom

<blockquote><p>Toto je deň, ktorý učinil Hospodin; plesajme a radujme sa v ňom! &#8211; ŽALM 118:24</p></blockquote>
<p>Boh chce, aby sme si užívali svoj bežný každodenný život &#8211; aj uprostred tých najhorších dní.</p>
<p>Bolo obdobie v mojom živote, keď som sa bála čeliť každému dňu. Premýšľala som len o svojich okolnostiach &#8211; ako spolu s Davom zaplatíme účty, či zvládneme všetko nevyhnutné. Niekedy som si chcela dať paplón cez hlavu a zostať len tak v posteli.</p>
<p>Bola som zavalená starosťami a minula som cieľ: Boh stvoril nový deň a stvoril ho na to, aby som si ho mohla užiť.<br />
Každý deň je plný rôznych situácií, ktoré ťa môžu rozrušiť &#8211; napríklad, ak stratíš kľúče od auta alebo uviazneš v dopravnej zápche. Môžeš sa však rozhodnúť zostať pokojným a ovládnuť sa uprostred nich.</p>
<p>Keď prestaneme rozmýšľať o sebe, o našich okolnostiach a zameriame sa na Boha a milovanie ostatných, vtedy zaujmeme postoj, ktorý si ctí Boha a každý deň uvidíme ako vzrušujúci, nový dar od Boha.</p>
<hr />
<p>Modlitba</p>
<p>Bože, ďakujem Ti, že si mi daroval nový deň. Namiesto toho, aby som sa zameriaval na frustrujúce veci v živote, rozhodujem sa byť pokojným a radostným v Tebe.</p>

<p>Bola som zavalená starosťami a minula som cieľ: Boh stvoril nový deň a stvoril ho na to, aby som si ho mohla užiť.</p>

<!-- This site is optimized with the Yoast SEO plugin v28.2 - https://yoast.com/product/yoast-seo-wordpress/ -->
<title>Každý deň je novým dňom - Joyce Meyer Ministries - Slovak</title>
<meta name="robots" content="index, follow, max-snippet:-1, max-image-preview:large, max-video-preview:-1" />
<link rel="canonical" href="https://tv.joycemeyer.org/slovak/devotional/kazdy-den-je-novym-dnom/" />
<meta property="og:locale" content="en_US" />
<meta property="og:type" content="article" />
<meta property="og:title" content="Každý deň je novým dňom - Joyce Meyer Ministries - Slovak" />
<meta property="og:description" content="Bola som zavalená starosťami a minula som cieľ: Boh stvoril nový deň a stvoril ho na to, aby som si ho mohla užiť." />
<meta property="og:url" content="https://tv.joycemeyer.org/slovak/devotional/kazdy-den-je-novym-dnom/" />
<meta property="og:site_name" content="Joyce Meyer Ministries - Slovak" />
<meta property="og:image" content="https://tv.joycemeyer.org/slovak/wp-content/uploads/sites/88/2020/10/252.jpg" />
	<meta property="og:image:width" content="960" />
	<meta property="og:image:height" content="540" />
	<meta property="og:image:type" content="image/jpeg" />
<meta name="twitter:card" content="summary_large_image" />
<meta name="twitter:label1" content="Est. reading time" />
	<meta name="twitter:data1" content="1 minute" />
<script type="application/ld+json" class="yoast-schema-graph">{"@context":"https:\/\/schema.org","@graph":[{"@type":"WebPage","@id":"https:\/\/tv.joycemeyer.org\/slovak\/devotional\/kazdy-den-je-novym-dnom\/","url":"https:\/\/tv.joycemeyer.org\/slovak\/devotional\/kazdy-den-je-novym-dnom\/","name":"Každý deň je novým dňom - Joyce Meyer Ministries - Slovak","isPartOf":{"@id":"https:\/\/tv.joycemeyer.org\/slovak\/#website"},"primaryImageOfPage":{"@id":"https:\/\/tv.joycemeyer.org\/slovak\/devotional\/kazdy-den-je-novym-dnom\/#primaryimage"},"image":{"@id":"https:\/\/tv.joycemeyer.org\/slovak\/devotional\/kazdy-den-je-novym-dnom\/#primaryimage"},"thumbnailUrl":"https:\/\/tv.joycemeyer.org\/slovak\/wp-content\/uploads\/sites\/88\/2020\/10\/252.jpg","datePublished":"2026-09-06T00:01:41+00:00","breadcrumb":{"@id":"https:\/\/tv.joycemeyer.org\/slovak\/devotional\/kazdy-den-je-novym-dnom\/#breadcrumb"},"inLanguage":"en-US","potentialAction":[{"@type":"ReadAction","target":["https:\/\/tv.joycemeyer.org\/slovak\/devotional\/kazdy-den-je-novym-dnom\/"]}]},{"@type":"ImageObject","inLanguage":"en-US","@id":"https:\/\/tv.joycemeyer.org\/slovak\/devotional\/kazdy-den-je-novym-dnom\/#primaryimage","url":"https:\/\/tv.joycemeyer.org\/slovak\/wp-content\/uploads\/sites\/88\/2020\/10\/252.jpg","contentUrl":"https:\/\/tv.joycemeyer.org\/slovak\/wp-content\/uploads\/sites\/88\/2020\/10\/252.jpg","width":960,"height":540,"caption":"Každý deň je novým dňom"},{"@type":"BreadcrumbList","@id":"https:\/\/tv.joycemeyer.org\/slovak\/devotional\/kazdy-den-je-novym-dnom\/#breadcrumb","itemListElement":[{"@type":"ListItem","position":1,"name":"Home","item":"https:\/\/tv.joycemeyer.org\/slovak\/"},{"@type":"ListItem","position":2,"name":"Devotional","item":"https:\/\/tv.joycemeyer.org\/slovak\/devotional\/"},{"@type":"ListItem","position":3,"name":"Každý deň je novým dňom"}]},{"@type":"WebSite","@id":"https:\/\/tv.joycemeyer.org\/slovak\/#website","url":"https:\/\/tv.joycemeyer.org\/slovak\/","name":"Joyce Meyer Ministries - Slovak","description":"Zdieľať Krista - Milovať ľudí","potentialAction":[{"@type":"SearchAction","target":{"@type":"EntryPoint","urlTemplate":"https:\/\/tv.joycemeyer.org\/slovak\/?s={search_term_string}"},"query-input":{"@type":"PropertyValueSpecification","valueRequired":true,"valueName":"search_term_string"}}],"inLanguage":"en-US"}]}</script>
<!-- / Yoast SEO plugin. -->

Každý deň je novým dňom - Joyce Meyer Ministries - Slovak

Bola som zavalená starosťami a minula som cieľ: Boh stvoril nový deň a stvoril ho na to, aby som si ho mohla užiť.

Zdieľať Krista - Milovať ľudí
