{"id":216,"date":"2025-01-03T00:01:39","date_gmt":"2025-01-03T00:01:39","guid":{"rendered":"https:\/\/tv.joycemeyer.org\/slovene\/?post_type=devotional&#038;p=216"},"modified":"2025-04-28T19:03:33","modified_gmt":"2025-04-28T19:03:33","slug":"seveda-zmorete","status":"publish","type":"devotional","link":"https:\/\/tv.joycemeyer.org\/slovene\/devotional\/seveda-zmorete\/","title":{"rendered":"Seveda zmorete!"},"content":{"rendered":"<blockquote><p>Nobena preizku\u0161nja (nobena sku\u0161njava, vabljiva za greh) [ne glede na to, od kod pride in kam vodi] vas ni doletela in vas obvladala, saj je le \u010dlove\u0161ka. (1 Korin\u010danom 10,13)<\/p><\/blockquote>\n<p>Vsi se soo\u010damo s sku\u0161njavami \u2013 temu se ne moremo izogniti. Ne gre za vpra\u0161anje, ali boste preizku\u0161ani. Vpra\u0161anje je, ali boste pripravljeni, takrat ko boste preizku\u0161ani.<\/p>\n<p>Res si \u017eelim, da dojamete:\u00a0 Vi lahko premagate sku\u0161njavo. Nehajte govoriti: \u201cJoyce, mislim, da ne zmorem tega.\u201d Zbri\u0161ite tisti \u201cne zmorem\u201d iz svojega besednjaka.<\/p>\n<p>\u010ce se zana\u0161ate na lastno mo\u010d in sposobnost, imate prav. Ne zmorete. Toda ko nalagate Bo\u017ejo besedo v svoje srce, ko se naslanjate na Njegovo mo\u010d in zaupate v Njegove obljube, takrat ni sku\u0161njave, ki je ne bi mogli premagati.<\/p>\n<p>V letih hoje z Bogom sem se nau\u010dila pet stvari, s katerimi premagujem sku\u0161njave. Prvi\u010d, morate biti modri. Pomislite na odlo\u010ditev, ki ste jo sprejeli, in na posledice, preden nekaj naredite. Modrost gleda naprej.<\/p>\n<p>Drugi\u010d, verjemite, da se lahko uprete sku\u0161njavi. Obsojanje, krivda in sram izhajajo iz trenutka \u2013 \u010de jih ustavite prej, izgubijo svojo mo\u010d; \u010de pa se za\u010dnejo vrteti po va\u0161i glavi, jih je te\u017eko ustaviti. Tretji\u010d, soo\u010danje s sku\u0161njavami je del obi\u010dajnega \u017eivljenja. \u010ce pri\u010dakujete borbo, boste vedno pripravljeni. \u010cetrti\u010d, izogibajte se podro\u010dju, kjer ste \u0161ibki. Ne spravljajte se v tako situacijo, kjer zlahka padete. \u010ce ne znate pametno ravnati z denarjem, ne pojdite v nakupovalni center, kadar si ne morete privo\u0161\u010diti nakupovanja!<\/p>\n<p>In peti\u010d, ne zaupajte si preve\u010d. Nikoli ne diplomiramo iz sku\u0161njav. Tako bi zlahka mislili, da smo dovolj zreli in da se ne moremo ve\u010d spotakniti, a ravno takrat se lahko zgodi, da kaj hitro postanemo tar\u010da.<\/p>\n<p>Bog \u017eeli, da mu zaupate, da vas lahko vodi do zmage na vsakem podro\u010dju va\u0161ega \u017eivljenja. Po Njegovi milosti \u2026 zmorete!<\/p>\n<hr \/>\n<h4><strong>Kratka molitev<\/strong><\/h4>\n<p>Gospod, vidim, da so preizku\u0161nje del \u017eivljenja. Pomagaj mi, da ne bom nepripravljen ali presene\u010den, ko pridejo. Hvala za modrost in milost, da premagam katerokoli in vsako sku\u0161njavo in da \u017eivim v Tvoji zmagi.<\/p>\n","protected":false},"excerpt":{"rendered":"<p>Vsi se soo\u010damo s sku\u0161njavami \u2013 temu se ne moremo izogniti &#8230;<\/p>\n","protected":false},"author":15,"featured_media":1934,"parent":0,"menu_order":0,"comment_status":"closed","ping_status":"closed","template":"","class_list":["post-216","devotional","type-devotional","status-publish","has-post-thumbnail","hentry"],"acf":[],"appp":{"post_detail":{"above_title":"<div class=\"post-featured-wrap\"><img width=\"960\" height=\"560\" src=\"https:\/\/tv.joycemeyer.org\/slovene\/wp-content\/uploads\/sites\/89\/2020\/02\/1780.jpg\" class=\"post-featured wp-post-image\" alt=\"Seveda zmorete!\" decoding=\"async\" srcset=\"https:\/\/tv.joycemeyer.org\/slovene\/wp-content\/uploads\/sites\/89\/2020\/02\/1780.jpg 960w, https:\/\/tv.joycemeyer.org\/slovene\/wp-content\/uploads\/sites\/89\/2020\/02\/1780-300x175.jpg 300w, https:\/\/tv.joycemeyer.org\/slovene\/wp-content\/uploads\/sites\/89\/2020\/02\/1780-768x448.jpg 768w\" sizes=\"(max-width: 960px) 100vw, 960px\" \/><\/div>","below_content":""}},"yoast_head":"<!-- This site is optimized with the Yoast SEO plugin v27.4 - https:\/\/yoast.com\/product\/yoast-seo-wordpress\/ -->\n<title>Seveda zmorete! - Joyce Meyer Ministries - Slovensko<\/title>\n<meta name=\"robots\" content=\"index, follow, max-snippet:-1, max-image-preview:large, max-video-preview:-1\" \/>\n<link rel=\"canonical\" href=\"https:\/\/tv.joycemeyer.org\/slovene\/devotional\/seveda-zmorete\/\" \/>\n<meta property=\"og:locale\" content=\"en_US\" \/>\n<meta property=\"og:type\" content=\"article\" \/>\n<meta property=\"og:title\" content=\"Seveda zmorete! - Joyce Meyer Ministries - Slovensko\" \/>\n<meta property=\"og:description\" content=\"Vsi se soo\u010damo s sku\u0161njavami \u2013 temu se ne moremo izogniti ...\" \/>\n<meta property=\"og:url\" content=\"https:\/\/tv.joycemeyer.org\/slovene\/devotional\/seveda-zmorete\/\" \/>\n<meta property=\"og:site_name\" content=\"Joyce Meyer Ministries - Slovensko\" \/>\n<meta property=\"article:modified_time\" content=\"2025-04-28T19:03:33+00:00\" \/>\n<meta property=\"og:image\" content=\"https:\/\/tv.joycemeyer.org\/slovene\/wp-content\/uploads\/sites\/89\/2020\/02\/1780.jpg\" \/>\n\t<meta property=\"og:image:width\" content=\"960\" \/>\n\t<meta property=\"og:image:height\" content=\"560\" \/>\n\t<meta property=\"og:image:type\" content=\"image\/jpeg\" \/>\n<meta name=\"twitter:card\" content=\"summary_large_image\" \/>\n<meta name=\"twitter:label1\" content=\"Est. reading time\" \/>\n\t<meta name=\"twitter:data1\" content=\"2 minutes\" \/>\n<script type=\"application\/ld+json\" class=\"yoast-schema-graph\">{\"@context\":\"https:\\\/\\\/schema.org\",\"@graph\":[{\"@type\":\"WebPage\",\"@id\":\"https:\\\/\\\/tv.joycemeyer.org\\\/slovene\\\/devotional\\\/seveda-zmorete\\\/\",\"url\":\"https:\\\/\\\/tv.joycemeyer.org\\\/slovene\\\/devotional\\\/seveda-zmorete\\\/\",\"name\":\"Seveda zmorete! - Joyce Meyer Ministries - Slovensko\",\"isPartOf\":{\"@id\":\"https:\\\/\\\/tv.joycemeyer.org\\\/slovene\\\/#website\"},\"primaryImageOfPage\":{\"@id\":\"https:\\\/\\\/tv.joycemeyer.org\\\/slovene\\\/devotional\\\/seveda-zmorete\\\/#primaryimage\"},\"image\":{\"@id\":\"https:\\\/\\\/tv.joycemeyer.org\\\/slovene\\\/devotional\\\/seveda-zmorete\\\/#primaryimage\"},\"thumbnailUrl\":\"https:\\\/\\\/tv.joycemeyer.org\\\/slovene\\\/wp-content\\\/uploads\\\/sites\\\/89\\\/2020\\\/02\\\/1780.jpg\",\"datePublished\":\"2025-01-03T00:01:39+00:00\",\"dateModified\":\"2025-04-28T19:03:33+00:00\",\"breadcrumb\":{\"@id\":\"https:\\\/\\\/tv.joycemeyer.org\\\/slovene\\\/devotional\\\/seveda-zmorete\\\/#breadcrumb\"},\"inLanguage\":\"en-US\",\"potentialAction\":[{\"@type\":\"ReadAction\",\"target\":[\"https:\\\/\\\/tv.joycemeyer.org\\\/slovene\\\/devotional\\\/seveda-zmorete\\\/\"]}]},{\"@type\":\"ImageObject\",\"inLanguage\":\"en-US\",\"@id\":\"https:\\\/\\\/tv.joycemeyer.org\\\/slovene\\\/devotional\\\/seveda-zmorete\\\/#primaryimage\",\"url\":\"https:\\\/\\\/tv.joycemeyer.org\\\/slovene\\\/wp-content\\\/uploads\\\/sites\\\/89\\\/2020\\\/02\\\/1780.jpg\",\"contentUrl\":\"https:\\\/\\\/tv.joycemeyer.org\\\/slovene\\\/wp-content\\\/uploads\\\/sites\\\/89\\\/2020\\\/02\\\/1780.jpg\",\"width\":960,\"height\":560,\"caption\":\"Seveda zmorete!\"},{\"@type\":\"BreadcrumbList\",\"@id\":\"https:\\\/\\\/tv.joycemeyer.org\\\/slovene\\\/devotional\\\/seveda-zmorete\\\/#breadcrumb\",\"itemListElement\":[{\"@type\":\"ListItem\",\"position\":1,\"name\":\"Home\",\"item\":\"https:\\\/\\\/tv.joycemeyer.org\\\/slovene\\\/\"},{\"@type\":\"ListItem\",\"position\":2,\"name\":\"Devotional\",\"item\":\"https:\\\/\\\/tv.joycemeyer.org\\\/slovene\\\/devotional\\\/\"},{\"@type\":\"ListItem\",\"position\":3,\"name\":\"Seveda zmorete!\"}]},{\"@type\":\"WebSite\",\"@id\":\"https:\\\/\\\/tv.joycemeyer.org\\\/slovene\\\/#website\",\"url\":\"https:\\\/\\\/tv.joycemeyer.org\\\/slovene\\\/\",\"name\":\"Joyce Meyer Ministries - Slovensko\",\"description\":\"Deliti Kristusa - ljubiti ljudi\",\"potentialAction\":[{\"@type\":\"SearchAction\",\"target\":{\"@type\":\"EntryPoint\",\"urlTemplate\":\"https:\\\/\\\/tv.joycemeyer.org\\\/slovene\\\/?s={search_term_string}\"},\"query-input\":{\"@type\":\"PropertyValueSpecification\",\"valueRequired\":true,\"valueName\":\"search_term_string\"}}],\"inLanguage\":\"en-US\"}]}<\/script>\n<!-- \/ Yoast SEO plugin. -->","yoast_head_json":{"title":"Seveda zmorete! - Joyce Meyer Ministries - Slovensko","robots":{"index":"index","follow":"follow","max-snippet":"max-snippet:-1","max-image-preview":"max-image-preview:large","max-video-preview":"max-video-preview:-1"},"canonical":"https:\/\/tv.joycemeyer.org\/slovene\/devotional\/seveda-zmorete\/","og_locale":"en_US","og_type":"article","og_title":"Seveda zmorete! - Joyce Meyer Ministries - Slovensko","og_description":"Vsi se soo\u010damo s sku\u0161njavami \u2013 temu se ne moremo izogniti ...","og_url":"https:\/\/tv.joycemeyer.org\/slovene\/devotional\/seveda-zmorete\/","og_site_name":"Joyce Meyer Ministries - Slovensko","article_modified_time":"2025-04-28T19:03:33+00:00","og_image":[{"width":960,"height":560,"url":"https:\/\/tv.joycemeyer.org\/slovene\/wp-content\/uploads\/sites\/89\/2020\/02\/1780.jpg","type":"image\/jpeg"}],"twitter_card":"summary_large_image","twitter_misc":{"Est. reading time":"2 minutes"},"schema":{"@context":"https:\/\/schema.org","@graph":[{"@type":"WebPage","@id":"https:\/\/tv.joycemeyer.org\/slovene\/devotional\/seveda-zmorete\/","url":"https:\/\/tv.joycemeyer.org\/slovene\/devotional\/seveda-zmorete\/","name":"Seveda zmorete! - Joyce Meyer Ministries - Slovensko","isPartOf":{"@id":"https:\/\/tv.joycemeyer.org\/slovene\/#website"},"primaryImageOfPage":{"@id":"https:\/\/tv.joycemeyer.org\/slovene\/devotional\/seveda-zmorete\/#primaryimage"},"image":{"@id":"https:\/\/tv.joycemeyer.org\/slovene\/devotional\/seveda-zmorete\/#primaryimage"},"thumbnailUrl":"https:\/\/tv.joycemeyer.org\/slovene\/wp-content\/uploads\/sites\/89\/2020\/02\/1780.jpg","datePublished":"2025-01-03T00:01:39+00:00","dateModified":"2025-04-28T19:03:33+00:00","breadcrumb":{"@id":"https:\/\/tv.joycemeyer.org\/slovene\/devotional\/seveda-zmorete\/#breadcrumb"},"inLanguage":"en-US","potentialAction":[{"@type":"ReadAction","target":["https:\/\/tv.joycemeyer.org\/slovene\/devotional\/seveda-zmorete\/"]}]},{"@type":"ImageObject","inLanguage":"en-US","@id":"https:\/\/tv.joycemeyer.org\/slovene\/devotional\/seveda-zmorete\/#primaryimage","url":"https:\/\/tv.joycemeyer.org\/slovene\/wp-content\/uploads\/sites\/89\/2020\/02\/1780.jpg","contentUrl":"https:\/\/tv.joycemeyer.org\/slovene\/wp-content\/uploads\/sites\/89\/2020\/02\/1780.jpg","width":960,"height":560,"caption":"Seveda zmorete!"},{"@type":"BreadcrumbList","@id":"https:\/\/tv.joycemeyer.org\/slovene\/devotional\/seveda-zmorete\/#breadcrumb","itemListElement":[{"@type":"ListItem","position":1,"name":"Home","item":"https:\/\/tv.joycemeyer.org\/slovene\/"},{"@type":"ListItem","position":2,"name":"Devotional","item":"https:\/\/tv.joycemeyer.org\/slovene\/devotional\/"},{"@type":"ListItem","position":3,"name":"Seveda zmorete!"}]},{"@type":"WebSite","@id":"https:\/\/tv.joycemeyer.org\/slovene\/#website","url":"https:\/\/tv.joycemeyer.org\/slovene\/","name":"Joyce Meyer Ministries - Slovensko","description":"Deliti Kristusa - ljubiti ljudi","potentialAction":[{"@type":"SearchAction","target":{"@type":"EntryPoint","urlTemplate":"https:\/\/tv.joycemeyer.org\/slovene\/?s={search_term_string}"},"query-input":{"@type":"PropertyValueSpecification","valueRequired":true,"valueName":"search_term_string"}}],"inLanguage":"en-US"}]}},"_links":{"self":[{"href":"https:\/\/tv.joycemeyer.org\/slovene\/wp-json\/wp\/v2\/devotional\/216","targetHints":{"allow":["GET"]}}],"collection":[{"href":"https:\/\/tv.joycemeyer.org\/slovene\/wp-json\/wp\/v2\/devotional"}],"about":[{"href":"https:\/\/tv.joycemeyer.org\/slovene\/wp-json\/wp\/v2\/types\/devotional"}],"author":[{"embeddable":true,"href":"https:\/\/tv.joycemeyer.org\/slovene\/wp-json\/wp\/v2\/users\/15"}],"replies":[{"embeddable":true,"href":"https:\/\/tv.joycemeyer.org\/slovene\/wp-json\/wp\/v2\/comments?post=216"}],"wp:featuredmedia":[{"embeddable":true,"href":"https:\/\/tv.joycemeyer.org\/slovene\/wp-json\/wp\/v2\/media\/1934"}],"wp:attachment":[{"href":"https:\/\/tv.joycemeyer.org\/slovene\/wp-json\/wp\/v2\/media?parent=216"}],"curies":[{"name":"wp","href":"https:\/\/api.w.org\/{rel}","templated":true}]}}

<blockquote><p>Nobena preizkušnja (nobena skušnjava, vabljiva za greh) [ne glede na to, od kod pride in kam vodi] vas ni doletela in vas obvladala, saj je le človeška. (1 Korinčanom 10,13)</p></blockquote>
<p>Vsi se soočamo s skušnjavami – temu se ne moremo izogniti. Ne gre za vprašanje, ali boste preizkušani. Vprašanje je, ali boste pripravljeni, takrat ko boste preizkušani.</p>
<p>Res si želim, da dojamete:  Vi lahko premagate skušnjavo. Nehajte govoriti: “Joyce, mislim, da ne zmorem tega.” Zbrišite tisti “ne zmorem” iz svojega besednjaka.</p>
<p>Če se zanašate na lastno moč in sposobnost, imate prav. Ne zmorete. Toda ko nalagate Božjo besedo v svoje srce, ko se naslanjate na Njegovo moč in zaupate v Njegove obljube, takrat ni skušnjave, ki je ne bi mogli premagati.</p>
<p>V letih hoje z Bogom sem se naučila pet stvari, s katerimi premagujem skušnjave. Prvič, morate biti modri. Pomislite na odločitev, ki ste jo sprejeli, in na posledice, preden nekaj naredite. Modrost gleda naprej.</p>
<p>Drugič, verjemite, da se lahko uprete skušnjavi. Obsojanje, krivda in sram izhajajo iz trenutka – če jih ustavite prej, izgubijo svojo moč; če pa se začnejo vrteti po vaši glavi, jih je težko ustaviti. Tretjič, soočanje s skušnjavami je del običajnega življenja. Če pričakujete borbo, boste vedno pripravljeni. Četrtič, izogibajte se področju, kjer ste šibki. Ne spravljajte se v tako situacijo, kjer zlahka padete. Če ne znate pametno ravnati z denarjem, ne pojdite v nakupovalni center, kadar si ne morete privoščiti nakupovanja!</p>
<p>In petič, ne zaupajte si preveč. Nikoli ne diplomiramo iz skušnjav. Tako bi zlahka mislili, da smo dovolj zreli in da se ne moremo več spotakniti, a ravno takrat se lahko zgodi, da kaj hitro postanemo tarča.</p>
<p>Bog želi, da mu zaupate, da vas lahko vodi do zmage na vsakem področju vašega življenja. Po Njegovi milosti … zmorete!</p>
<hr />
<h4><strong>Kratka molitev</strong></h4>
<p>Gospod, vidim, da so preizkušnje del življenja. Pomagaj mi, da ne bom nepripravljen ali presenečen, ko pridejo. Hvala za modrost in milost, da premagam katerokoli in vsako skušnjavo in da živim v Tvoji zmagi.</p>

<p>Vsi se soočamo s skušnjavami – temu se ne moremo izogniti &#8230;</p>

<!-- This site is optimized with the Yoast SEO plugin v27.4 - https://yoast.com/product/yoast-seo-wordpress/ -->
<title>Seveda zmorete! - Joyce Meyer Ministries - Slovensko</title>
<meta name="robots" content="index, follow, max-snippet:-1, max-image-preview:large, max-video-preview:-1" />
<link rel="canonical" href="https://tv.joycemeyer.org/slovene/devotional/seveda-zmorete/" />
<meta property="og:locale" content="en_US" />
<meta property="og:type" content="article" />
<meta property="og:title" content="Seveda zmorete! - Joyce Meyer Ministries - Slovensko" />
<meta property="og:description" content="Vsi se soočamo s skušnjavami – temu se ne moremo izogniti ..." />
<meta property="og:url" content="https://tv.joycemeyer.org/slovene/devotional/seveda-zmorete/" />
<meta property="og:site_name" content="Joyce Meyer Ministries - Slovensko" />
<meta property="article:modified_time" content="2025-04-28T19:03:33+00:00" />
<meta property="og:image" content="https://tv.joycemeyer.org/slovene/wp-content/uploads/sites/89/2020/02/1780.jpg" />
	<meta property="og:image:width" content="960" />
	<meta property="og:image:height" content="560" />
	<meta property="og:image:type" content="image/jpeg" />
<meta name="twitter:card" content="summary_large_image" />
<meta name="twitter:label1" content="Est. reading time" />
	<meta name="twitter:data1" content="2 minutes" />
<script type="application/ld+json" class="yoast-schema-graph">{"@context":"https:\/\/schema.org","@graph":[{"@type":"WebPage","@id":"https:\/\/tv.joycemeyer.org\/slovene\/devotional\/seveda-zmorete\/","url":"https:\/\/tv.joycemeyer.org\/slovene\/devotional\/seveda-zmorete\/","name":"Seveda zmorete! - Joyce Meyer Ministries - Slovensko","isPartOf":{"@id":"https:\/\/tv.joycemeyer.org\/slovene\/#website"},"primaryImageOfPage":{"@id":"https:\/\/tv.joycemeyer.org\/slovene\/devotional\/seveda-zmorete\/#primaryimage"},"image":{"@id":"https:\/\/tv.joycemeyer.org\/slovene\/devotional\/seveda-zmorete\/#primaryimage"},"thumbnailUrl":"https:\/\/tv.joycemeyer.org\/slovene\/wp-content\/uploads\/sites\/89\/2020\/02\/1780.jpg","datePublished":"2025-01-03T00:01:39+00:00","dateModified":"2025-04-28T19:03:33+00:00","breadcrumb":{"@id":"https:\/\/tv.joycemeyer.org\/slovene\/devotional\/seveda-zmorete\/#breadcrumb"},"inLanguage":"en-US","potentialAction":[{"@type":"ReadAction","target":["https:\/\/tv.joycemeyer.org\/slovene\/devotional\/seveda-zmorete\/"]}]},{"@type":"ImageObject","inLanguage":"en-US","@id":"https:\/\/tv.joycemeyer.org\/slovene\/devotional\/seveda-zmorete\/#primaryimage","url":"https:\/\/tv.joycemeyer.org\/slovene\/wp-content\/uploads\/sites\/89\/2020\/02\/1780.jpg","contentUrl":"https:\/\/tv.joycemeyer.org\/slovene\/wp-content\/uploads\/sites\/89\/2020\/02\/1780.jpg","width":960,"height":560,"caption":"Seveda zmorete!"},{"@type":"BreadcrumbList","@id":"https:\/\/tv.joycemeyer.org\/slovene\/devotional\/seveda-zmorete\/#breadcrumb","itemListElement":[{"@type":"ListItem","position":1,"name":"Home","item":"https:\/\/tv.joycemeyer.org\/slovene\/"},{"@type":"ListItem","position":2,"name":"Devotional","item":"https:\/\/tv.joycemeyer.org\/slovene\/devotional\/"},{"@type":"ListItem","position":3,"name":"Seveda zmorete!"}]},{"@type":"WebSite","@id":"https:\/\/tv.joycemeyer.org\/slovene\/#website","url":"https:\/\/tv.joycemeyer.org\/slovene\/","name":"Joyce Meyer Ministries - Slovensko","description":"Deliti Kristusa - ljubiti ljudi","potentialAction":[{"@type":"SearchAction","target":{"@type":"EntryPoint","urlTemplate":"https:\/\/tv.joycemeyer.org\/slovene\/?s={search_term_string}"},"query-input":{"@type":"PropertyValueSpecification","valueRequired":true,"valueName":"search_term_string"}}],"inLanguage":"en-US"}]}</script>
<!-- / Yoast SEO plugin. -->

Vsi se soočamo s skušnjavami – temu se ne moremo izogniti ...
