{"id":264,"date":"2025-01-25T00:01:47","date_gmt":"2025-01-25T00:01:47","guid":{"rendered":"https:\/\/tv.joycemeyer.org\/slovene\/?post_type=devotional&#038;p=264"},"modified":"2025-04-28T20:59:12","modified_gmt":"2025-04-28T20:59:12","slug":"dozivite-bozji-mir-ko-zivite-v","status":"publish","type":"devotional","link":"https:\/\/tv.joycemeyer.org\/slovene\/devotional\/dozivite-bozji-mir-ko-zivite-v\/","title":{"rendered":"Do\u017eivite Bo\u017eji mir, ko \u017eivite v sedanjosti"},"content":{"rendered":"<blockquote><p>\u201cTo sem vam povedal, da bi imeli mir v meni. Na svetu boste imeli stisko, toda bodite pogumni: jaz sem svet premagal.\u201d (Janez 16,33)<\/p><\/blockquote>\n<p>Mirna in spokojna naravnanost sta neprecenljivi. To je dr\u017ea, ki sporo\u010da: \u201cZaupam Bogu.\u201d In to mogo\u010dno nagovarja ljudi.<\/p>\n<p>Toda potrebujemo \u010das, osredoto\u010denost in Bo\u017ejo milost, da ohranimo mir.<\/p>\n<p>Prepogosto smo zaradi okoli\u0161\u010din napeti. Morda ste preobremenjeni z delom, morda vam primanjkuje denarja ali pa se ne razumete z ljubljeno osebo.<\/p>\n<p>Da premagamo to napetost, moramo udejanjati mir, ki nam ga je priskrbela Kristusova zmagujo\u010da mo\u010d.<\/p>\n<p>Kako lahko razvijemo stalen mir?\u00a0 Eden izmed na\u010dinov je, da se nau\u010dimo \u017eiveti v sedanjem trenutku. Veliko \u010dasa lahko zapravimo, ko razmi\u0161ljamo o preteklosti ali smo zaskrbljeni za prihodnost, vendar ne bomo mogli ni\u010desar dose\u010di, dokler ne bomo osredoto\u010deni na sedanjost.<\/p>\n<p>Sveto pismo pravi, da nam Bog naklanja milost prav za vsak dan posebej. Verjamem, da je Bo\u017eja milost mo\u010d, ki nas opremi in nam omogo\u010da, da delamo to, kar moramo narediti \u2013 in On jo velikodu\u0161no daje, kolikor je potrebujemo.<\/p>\n<p>Vsak dan si moramo re\u010di: \u201cBog mi je danes podaril nov dan. Radoval in veselil se ga bom.\u201d<\/p>\n<p>\u010ce se nau\u010dite zaupati Bogu za sedanjost in sprejmete Njegovo milost, kolikor je potrebujete, lahko postanete zares umirjena oseba \u2013 in to je izjemno.<\/p>\n<hr \/>\n<h4><strong>Kratka molitev<\/strong><\/h4>\n<p>Gospod, vem da si premagal prav vsako oviro, zato Te prosim, da mi pomaga\u0161 \u017eiveti v miru, ki si ga Ti priskrbel zame. Poka\u017ei mi, kako naj Ti zaupam za sedanjost.<\/p>\n","protected":false},"excerpt":{"rendered":"<p>Mirna in spokojna naravnanost sta neprecenljivi &#8230;<\/p>\n","protected":false},"author":15,"featured_media":1966,"parent":0,"menu_order":0,"comment_status":"closed","ping_status":"closed","template":"","class_list":["post-264","devotional","type-devotional","status-publish","has-post-thumbnail","hentry"],"acf":[],"appp":{"post_detail":{"above_title":"<div class=\"post-featured-wrap\"><img width=\"1024\" height=\"597\" src=\"https:\/\/tv.joycemeyer.org\/slovene\/wp-content\/uploads\/sites\/89\/2020\/03\/2691-1024x597.jpg\" class=\"post-featured wp-post-image\" alt=\"Do\u017eivite Bo\u017eji mir, ko \u017eivite v sedanjosti\" decoding=\"async\" srcset=\"https:\/\/tv.joycemeyer.org\/slovene\/wp-content\/uploads\/sites\/89\/2020\/03\/2691-1024x597.jpg 1024w, https:\/\/tv.joycemeyer.org\/slovene\/wp-content\/uploads\/sites\/89\/2020\/03\/2691-300x175.jpg 300w, https:\/\/tv.joycemeyer.org\/slovene\/wp-content\/uploads\/sites\/89\/2020\/03\/2691-768x448.jpg 768w, https:\/\/tv.joycemeyer.org\/slovene\/wp-content\/uploads\/sites\/89\/2020\/03\/2691-1536x896.jpg 1536w, https:\/\/tv.joycemeyer.org\/slovene\/wp-content\/uploads\/sites\/89\/2020\/03\/2691.jpg 1800w\" sizes=\"(max-width: 1024px) 100vw, 1024px\" \/><\/div>","below_content":""}},"yoast_head":"<!-- This site is optimized with the Yoast SEO plugin v27.4 - https:\/\/yoast.com\/product\/yoast-seo-wordpress\/ -->\n<title>Do\u017eivite Bo\u017eji mir, ko \u017eivite v sedanjosti - Joyce Meyer Ministries - Slovensko<\/title>\n<meta name=\"robots\" content=\"index, follow, max-snippet:-1, max-image-preview:large, max-video-preview:-1\" \/>\n<link rel=\"canonical\" href=\"https:\/\/tv.joycemeyer.org\/slovene\/devotional\/dozivite-bozji-mir-ko-zivite-v\/\" \/>\n<meta property=\"og:locale\" content=\"en_US\" \/>\n<meta property=\"og:type\" content=\"article\" \/>\n<meta property=\"og:title\" content=\"Do\u017eivite Bo\u017eji mir, ko \u017eivite v sedanjosti - Joyce Meyer Ministries - Slovensko\" \/>\n<meta property=\"og:description\" content=\"Mirna in spokojna naravnanost sta neprecenljivi ...\" \/>\n<meta property=\"og:url\" content=\"https:\/\/tv.joycemeyer.org\/slovene\/devotional\/dozivite-bozji-mir-ko-zivite-v\/\" \/>\n<meta property=\"og:site_name\" content=\"Joyce Meyer Ministries - Slovensko\" \/>\n<meta property=\"article:modified_time\" content=\"2025-04-28T20:59:12+00:00\" \/>\n<meta property=\"og:image\" content=\"https:\/\/tv.joycemeyer.org\/slovene\/wp-content\/uploads\/sites\/89\/2020\/03\/2691.jpg\" \/>\n\t<meta property=\"og:image:width\" content=\"1800\" \/>\n\t<meta property=\"og:image:height\" content=\"1050\" \/>\n\t<meta property=\"og:image:type\" content=\"image\/jpeg\" \/>\n<meta name=\"twitter:card\" content=\"summary_large_image\" \/>\n<meta name=\"twitter:label1\" content=\"Est. reading time\" \/>\n\t<meta name=\"twitter:data1\" content=\"2 minutes\" \/>\n<script type=\"application\/ld+json\" class=\"yoast-schema-graph\">{\"@context\":\"https:\\\/\\\/schema.org\",\"@graph\":[{\"@type\":\"WebPage\",\"@id\":\"https:\\\/\\\/tv.joycemeyer.org\\\/slovene\\\/devotional\\\/dozivite-bozji-mir-ko-zivite-v\\\/\",\"url\":\"https:\\\/\\\/tv.joycemeyer.org\\\/slovene\\\/devotional\\\/dozivite-bozji-mir-ko-zivite-v\\\/\",\"name\":\"Do\u017eivite Bo\u017eji mir, ko \u017eivite v sedanjosti - Joyce Meyer Ministries - Slovensko\",\"isPartOf\":{\"@id\":\"https:\\\/\\\/tv.joycemeyer.org\\\/slovene\\\/#website\"},\"primaryImageOfPage\":{\"@id\":\"https:\\\/\\\/tv.joycemeyer.org\\\/slovene\\\/devotional\\\/dozivite-bozji-mir-ko-zivite-v\\\/#primaryimage\"},\"image\":{\"@id\":\"https:\\\/\\\/tv.joycemeyer.org\\\/slovene\\\/devotional\\\/dozivite-bozji-mir-ko-zivite-v\\\/#primaryimage\"},\"thumbnailUrl\":\"https:\\\/\\\/tv.joycemeyer.org\\\/slovene\\\/wp-content\\\/uploads\\\/sites\\\/89\\\/2020\\\/03\\\/2691.jpg\",\"datePublished\":\"2025-01-25T00:01:47+00:00\",\"dateModified\":\"2025-04-28T20:59:12+00:00\",\"breadcrumb\":{\"@id\":\"https:\\\/\\\/tv.joycemeyer.org\\\/slovene\\\/devotional\\\/dozivite-bozji-mir-ko-zivite-v\\\/#breadcrumb\"},\"inLanguage\":\"en-US\",\"potentialAction\":[{\"@type\":\"ReadAction\",\"target\":[\"https:\\\/\\\/tv.joycemeyer.org\\\/slovene\\\/devotional\\\/dozivite-bozji-mir-ko-zivite-v\\\/\"]}]},{\"@type\":\"ImageObject\",\"inLanguage\":\"en-US\",\"@id\":\"https:\\\/\\\/tv.joycemeyer.org\\\/slovene\\\/devotional\\\/dozivite-bozji-mir-ko-zivite-v\\\/#primaryimage\",\"url\":\"https:\\\/\\\/tv.joycemeyer.org\\\/slovene\\\/wp-content\\\/uploads\\\/sites\\\/89\\\/2020\\\/03\\\/2691.jpg\",\"contentUrl\":\"https:\\\/\\\/tv.joycemeyer.org\\\/slovene\\\/wp-content\\\/uploads\\\/sites\\\/89\\\/2020\\\/03\\\/2691.jpg\",\"width\":1800,\"height\":1050,\"caption\":\"Do\u017eivite Bo\u017eji mir, ko \u017eivite v sedanjosti\"},{\"@type\":\"BreadcrumbList\",\"@id\":\"https:\\\/\\\/tv.joycemeyer.org\\\/slovene\\\/devotional\\\/dozivite-bozji-mir-ko-zivite-v\\\/#breadcrumb\",\"itemListElement\":[{\"@type\":\"ListItem\",\"position\":1,\"name\":\"Home\",\"item\":\"https:\\\/\\\/tv.joycemeyer.org\\\/slovene\\\/\"},{\"@type\":\"ListItem\",\"position\":2,\"name\":\"Devotional\",\"item\":\"https:\\\/\\\/tv.joycemeyer.org\\\/slovene\\\/devotional\\\/\"},{\"@type\":\"ListItem\",\"position\":3,\"name\":\"Do\u017eivite Bo\u017eji mir, ko \u017eivite v sedanjosti\"}]},{\"@type\":\"WebSite\",\"@id\":\"https:\\\/\\\/tv.joycemeyer.org\\\/slovene\\\/#website\",\"url\":\"https:\\\/\\\/tv.joycemeyer.org\\\/slovene\\\/\",\"name\":\"Joyce Meyer Ministries - Slovensko\",\"description\":\"Deliti Kristusa - ljubiti ljudi\",\"potentialAction\":[{\"@type\":\"SearchAction\",\"target\":{\"@type\":\"EntryPoint\",\"urlTemplate\":\"https:\\\/\\\/tv.joycemeyer.org\\\/slovene\\\/?s={search_term_string}\"},\"query-input\":{\"@type\":\"PropertyValueSpecification\",\"valueRequired\":true,\"valueName\":\"search_term_string\"}}],\"inLanguage\":\"en-US\"}]}<\/script>\n<!-- \/ Yoast SEO plugin. -->","yoast_head_json":{"title":"Do\u017eivite Bo\u017eji mir, ko \u017eivite v sedanjosti - Joyce Meyer Ministries - Slovensko","robots":{"index":"index","follow":"follow","max-snippet":"max-snippet:-1","max-image-preview":"max-image-preview:large","max-video-preview":"max-video-preview:-1"},"canonical":"https:\/\/tv.joycemeyer.org\/slovene\/devotional\/dozivite-bozji-mir-ko-zivite-v\/","og_locale":"en_US","og_type":"article","og_title":"Do\u017eivite Bo\u017eji mir, ko \u017eivite v sedanjosti - Joyce Meyer Ministries - Slovensko","og_description":"Mirna in spokojna naravnanost sta neprecenljivi ...","og_url":"https:\/\/tv.joycemeyer.org\/slovene\/devotional\/dozivite-bozji-mir-ko-zivite-v\/","og_site_name":"Joyce Meyer Ministries - Slovensko","article_modified_time":"2025-04-28T20:59:12+00:00","og_image":[{"width":1800,"height":1050,"url":"https:\/\/tv.joycemeyer.org\/slovene\/wp-content\/uploads\/sites\/89\/2020\/03\/2691.jpg","type":"image\/jpeg"}],"twitter_card":"summary_large_image","twitter_misc":{"Est. reading time":"2 minutes"},"schema":{"@context":"https:\/\/schema.org","@graph":[{"@type":"WebPage","@id":"https:\/\/tv.joycemeyer.org\/slovene\/devotional\/dozivite-bozji-mir-ko-zivite-v\/","url":"https:\/\/tv.joycemeyer.org\/slovene\/devotional\/dozivite-bozji-mir-ko-zivite-v\/","name":"Do\u017eivite Bo\u017eji mir, ko \u017eivite v sedanjosti - Joyce Meyer Ministries - Slovensko","isPartOf":{"@id":"https:\/\/tv.joycemeyer.org\/slovene\/#website"},"primaryImageOfPage":{"@id":"https:\/\/tv.joycemeyer.org\/slovene\/devotional\/dozivite-bozji-mir-ko-zivite-v\/#primaryimage"},"image":{"@id":"https:\/\/tv.joycemeyer.org\/slovene\/devotional\/dozivite-bozji-mir-ko-zivite-v\/#primaryimage"},"thumbnailUrl":"https:\/\/tv.joycemeyer.org\/slovene\/wp-content\/uploads\/sites\/89\/2020\/03\/2691.jpg","datePublished":"2025-01-25T00:01:47+00:00","dateModified":"2025-04-28T20:59:12+00:00","breadcrumb":{"@id":"https:\/\/tv.joycemeyer.org\/slovene\/devotional\/dozivite-bozji-mir-ko-zivite-v\/#breadcrumb"},"inLanguage":"en-US","potentialAction":[{"@type":"ReadAction","target":["https:\/\/tv.joycemeyer.org\/slovene\/devotional\/dozivite-bozji-mir-ko-zivite-v\/"]}]},{"@type":"ImageObject","inLanguage":"en-US","@id":"https:\/\/tv.joycemeyer.org\/slovene\/devotional\/dozivite-bozji-mir-ko-zivite-v\/#primaryimage","url":"https:\/\/tv.joycemeyer.org\/slovene\/wp-content\/uploads\/sites\/89\/2020\/03\/2691.jpg","contentUrl":"https:\/\/tv.joycemeyer.org\/slovene\/wp-content\/uploads\/sites\/89\/2020\/03\/2691.jpg","width":1800,"height":1050,"caption":"Do\u017eivite Bo\u017eji mir, ko \u017eivite v sedanjosti"},{"@type":"BreadcrumbList","@id":"https:\/\/tv.joycemeyer.org\/slovene\/devotional\/dozivite-bozji-mir-ko-zivite-v\/#breadcrumb","itemListElement":[{"@type":"ListItem","position":1,"name":"Home","item":"https:\/\/tv.joycemeyer.org\/slovene\/"},{"@type":"ListItem","position":2,"name":"Devotional","item":"https:\/\/tv.joycemeyer.org\/slovene\/devotional\/"},{"@type":"ListItem","position":3,"name":"Do\u017eivite Bo\u017eji mir, ko \u017eivite v sedanjosti"}]},{"@type":"WebSite","@id":"https:\/\/tv.joycemeyer.org\/slovene\/#website","url":"https:\/\/tv.joycemeyer.org\/slovene\/","name":"Joyce Meyer Ministries - Slovensko","description":"Deliti Kristusa - ljubiti ljudi","potentialAction":[{"@type":"SearchAction","target":{"@type":"EntryPoint","urlTemplate":"https:\/\/tv.joycemeyer.org\/slovene\/?s={search_term_string}"},"query-input":{"@type":"PropertyValueSpecification","valueRequired":true,"valueName":"search_term_string"}}],"inLanguage":"en-US"}]}},"_links":{"self":[{"href":"https:\/\/tv.joycemeyer.org\/slovene\/wp-json\/wp\/v2\/devotional\/264","targetHints":{"allow":["GET"]}}],"collection":[{"href":"https:\/\/tv.joycemeyer.org\/slovene\/wp-json\/wp\/v2\/devotional"}],"about":[{"href":"https:\/\/tv.joycemeyer.org\/slovene\/wp-json\/wp\/v2\/types\/devotional"}],"author":[{"embeddable":true,"href":"https:\/\/tv.joycemeyer.org\/slovene\/wp-json\/wp\/v2\/users\/15"}],"replies":[{"embeddable":true,"href":"https:\/\/tv.joycemeyer.org\/slovene\/wp-json\/wp\/v2\/comments?post=264"}],"wp:featuredmedia":[{"embeddable":true,"href":"https:\/\/tv.joycemeyer.org\/slovene\/wp-json\/wp\/v2\/media\/1966"}],"wp:attachment":[{"href":"https:\/\/tv.joycemeyer.org\/slovene\/wp-json\/wp\/v2\/media?parent=264"}],"curies":[{"name":"wp","href":"https:\/\/api.w.org\/{rel}","templated":true}]}}

Doživite Božji mir, ko živite v sedanjosti

<blockquote><p>“To sem vam povedal, da bi imeli mir v meni. Na svetu boste imeli stisko, toda bodite pogumni: jaz sem svet premagal.” (Janez 16,33)</p></blockquote>
<p>Mirna in spokojna naravnanost sta neprecenljivi. To je drža, ki sporoča: “Zaupam Bogu.” In to mogočno nagovarja ljudi.</p>
<p>Toda potrebujemo čas, osredotočenost in Božjo milost, da ohranimo mir.</p>
<p>Prepogosto smo zaradi okoliščin napeti. Morda ste preobremenjeni z delom, morda vam primanjkuje denarja ali pa se ne razumete z ljubljeno osebo.</p>
<p>Da premagamo to napetost, moramo udejanjati mir, ki nam ga je priskrbela Kristusova zmagujoča moč.</p>
<p>Kako lahko razvijemo stalen mir?  Eden izmed načinov je, da se naučimo živeti v sedanjem trenutku. Veliko časa lahko zapravimo, ko razmišljamo o preteklosti ali smo zaskrbljeni za prihodnost, vendar ne bomo mogli ničesar doseči, dokler ne bomo osredotočeni na sedanjost.</p>
<p>Sveto pismo pravi, da nam Bog naklanja milost prav za vsak dan posebej. Verjamem, da je Božja milost moč, ki nas opremi in nam omogoča, da delamo to, kar moramo narediti – in On jo velikodušno daje, kolikor je potrebujemo.</p>
<p>Vsak dan si moramo reči: “Bog mi je danes podaril nov dan. Radoval in veselil se ga bom.”</p>
<p>Če se naučite zaupati Bogu za sedanjost in sprejmete Njegovo milost, kolikor je potrebujete, lahko postanete zares umirjena oseba – in to je izjemno.</p>
<hr />
<h4><strong>Kratka molitev</strong></h4>
<p>Gospod, vem da si premagal prav vsako oviro, zato Te prosim, da mi pomagaš živeti v miru, ki si ga Ti priskrbel zame. Pokaži mi, kako naj Ti zaupam za sedanjost.</p>

<div class="post-featured-wrap"><img width="1024" height="597" src="https://tv.joycemeyer.org/slovene/wp-content/uploads/sites/89/2020/03/2691-1024x597.jpg" class="post-featured wp-post-image" alt="Doživite Božji mir, ko živite v sedanjosti" decoding="async" srcset="https://tv.joycemeyer.org/slovene/wp-content/uploads/sites/89/2020/03/2691-1024x597.jpg 1024w, https://tv.joycemeyer.org/slovene/wp-content/uploads/sites/89/2020/03/2691-300x175.jpg 300w, https://tv.joycemeyer.org/slovene/wp-content/uploads/sites/89/2020/03/2691-768x448.jpg 768w, https://tv.joycemeyer.org/slovene/wp-content/uploads/sites/89/2020/03/2691-1536x896.jpg 1536w, https://tv.joycemeyer.org/slovene/wp-content/uploads/sites/89/2020/03/2691.jpg 1800w" sizes="(max-width: 1024px) 100vw, 1024px" /></div>

<!-- This site is optimized with the Yoast SEO plugin v27.4 - https://yoast.com/product/yoast-seo-wordpress/ -->
<title>Doživite Božji mir, ko živite v sedanjosti - Joyce Meyer Ministries - Slovensko</title>
<meta name="robots" content="index, follow, max-snippet:-1, max-image-preview:large, max-video-preview:-1" />
<link rel="canonical" href="https://tv.joycemeyer.org/slovene/devotional/dozivite-bozji-mir-ko-zivite-v/" />
<meta property="og:locale" content="en_US" />
<meta property="og:type" content="article" />
<meta property="og:title" content="Doživite Božji mir, ko živite v sedanjosti - Joyce Meyer Ministries - Slovensko" />
<meta property="og:description" content="Mirna in spokojna naravnanost sta neprecenljivi ..." />
<meta property="og:url" content="https://tv.joycemeyer.org/slovene/devotional/dozivite-bozji-mir-ko-zivite-v/" />
<meta property="og:site_name" content="Joyce Meyer Ministries - Slovensko" />
<meta property="article:modified_time" content="2025-04-28T20:59:12+00:00" />
<meta property="og:image" content="https://tv.joycemeyer.org/slovene/wp-content/uploads/sites/89/2020/03/2691.jpg" />
	<meta property="og:image:width" content="1800" />
	<meta property="og:image:height" content="1050" />
	<meta property="og:image:type" content="image/jpeg" />
<meta name="twitter:card" content="summary_large_image" />
<meta name="twitter:label1" content="Est. reading time" />
	<meta name="twitter:data1" content="2 minutes" />
<script type="application/ld+json" class="yoast-schema-graph">{"@context":"https:\/\/schema.org","@graph":[{"@type":"WebPage","@id":"https:\/\/tv.joycemeyer.org\/slovene\/devotional\/dozivite-bozji-mir-ko-zivite-v\/","url":"https:\/\/tv.joycemeyer.org\/slovene\/devotional\/dozivite-bozji-mir-ko-zivite-v\/","name":"Doživite Božji mir, ko živite v sedanjosti - Joyce Meyer Ministries - Slovensko","isPartOf":{"@id":"https:\/\/tv.joycemeyer.org\/slovene\/#website"},"primaryImageOfPage":{"@id":"https:\/\/tv.joycemeyer.org\/slovene\/devotional\/dozivite-bozji-mir-ko-zivite-v\/#primaryimage"},"image":{"@id":"https:\/\/tv.joycemeyer.org\/slovene\/devotional\/dozivite-bozji-mir-ko-zivite-v\/#primaryimage"},"thumbnailUrl":"https:\/\/tv.joycemeyer.org\/slovene\/wp-content\/uploads\/sites\/89\/2020\/03\/2691.jpg","datePublished":"2025-01-25T00:01:47+00:00","dateModified":"2025-04-28T20:59:12+00:00","breadcrumb":{"@id":"https:\/\/tv.joycemeyer.org\/slovene\/devotional\/dozivite-bozji-mir-ko-zivite-v\/#breadcrumb"},"inLanguage":"en-US","potentialAction":[{"@type":"ReadAction","target":["https:\/\/tv.joycemeyer.org\/slovene\/devotional\/dozivite-bozji-mir-ko-zivite-v\/"]}]},{"@type":"ImageObject","inLanguage":"en-US","@id":"https:\/\/tv.joycemeyer.org\/slovene\/devotional\/dozivite-bozji-mir-ko-zivite-v\/#primaryimage","url":"https:\/\/tv.joycemeyer.org\/slovene\/wp-content\/uploads\/sites\/89\/2020\/03\/2691.jpg","contentUrl":"https:\/\/tv.joycemeyer.org\/slovene\/wp-content\/uploads\/sites\/89\/2020\/03\/2691.jpg","width":1800,"height":1050,"caption":"Doživite Božji mir, ko živite v sedanjosti"},{"@type":"BreadcrumbList","@id":"https:\/\/tv.joycemeyer.org\/slovene\/devotional\/dozivite-bozji-mir-ko-zivite-v\/#breadcrumb","itemListElement":[{"@type":"ListItem","position":1,"name":"Home","item":"https:\/\/tv.joycemeyer.org\/slovene\/"},{"@type":"ListItem","position":2,"name":"Devotional","item":"https:\/\/tv.joycemeyer.org\/slovene\/devotional\/"},{"@type":"ListItem","position":3,"name":"Doživite Božji mir, ko živite v sedanjosti"}]},{"@type":"WebSite","@id":"https:\/\/tv.joycemeyer.org\/slovene\/#website","url":"https:\/\/tv.joycemeyer.org\/slovene\/","name":"Joyce Meyer Ministries - Slovensko","description":"Deliti Kristusa - ljubiti ljudi","potentialAction":[{"@type":"SearchAction","target":{"@type":"EntryPoint","urlTemplate":"https:\/\/tv.joycemeyer.org\/slovene\/?s={search_term_string}"},"query-input":{"@type":"PropertyValueSpecification","valueRequired":true,"valueName":"search_term_string"}}],"inLanguage":"en-US"}]}</script>
<!-- / Yoast SEO plugin. -->

Doživite Božji mir, ko živite v sedanjosti - Joyce Meyer Ministries - Slovensko
