{"id":293,"date":"2025-02-08T00:01:09","date_gmt":"2025-02-08T00:01:09","guid":{"rendered":"https:\/\/tv.joycemeyer.org\/slovene\/?post_type=devotional&#038;p=293"},"modified":"2025-04-28T21:25:53","modified_gmt":"2025-04-28T21:25:53","slug":"socialna-pravicnost","status":"publish","type":"devotional","link":"https:\/\/tv.joycemeyer.org\/slovene\/devotional\/socialna-pravicnost\/","title":{"rendered":"Socialna pravi\u010dnost"},"content":{"rendered":"<blockquote><p>\u2026 pomaga do pravice siroti in vdovi, ljubi tujca in mu daje kruha in obleke. (5 Mojzesova 10,18)<\/p><\/blockquote>\n<p>Preprosto narobe je, ko vidimo ali sli\u0161imo za nekoga v stiski,\u00a0a ne naredimo popolnoma ni\u010d. Naj razlo\u017eim \u2026<\/p>\n<p>Pred nekaj \u010dasa mi je Gospod razodel, kako mo\u010dno si \u017eeli, da bi delala za pravice zatiranih. To je del Njegovega klica za vse v telesu Jezusa Kristusa.<\/p>\n<p>On i\u0161\u010de ljudi, ki bi pomagali sirotam, vdovam, zatiranim, revnim, osamljenim in pozabljenim, odkar je dal postavo v starozaveznem obdobju.<\/p>\n<p>Po Mojzesu je spregovoril On sam: \u201cNe zatirajte nobene vdove in sirote\u201d (2 Mojzes 22,21). \u201cBog ni pristranski \u2026 pomaga do pravice siroti in vdovi, ljubi tujca in mu daje kruha in obleke\u201d (5 Mojzes 10,17b\u201318). Bog je ljudem obljubil, da bo blagoslovil delo njihovih rok, \u010de bodo nahranili tujce, vdove in sirote (gl. 5 Mojzes 14,29).<\/p>\n<p>Nekaj najbolj osamljenih in pozabljenih ljudi so danes dekleta, ki so bila prisiljena v prostitucijo zaradi samega pre\u017eivetja; potem je tu osiroteli fant, \u010digar star\u0161i so umrli zaradi AIDS-a, zapornik, ki dan za dnem pre\u017eivi v zaporni\u0161ki celici, brezdomec, ki \u017eivi na ulici \u2026 Mnogo je ljudi v stiski.<\/p>\n<p>Vse to vas lahko mo\u010dno prevzame in morda razmi\u0161ljate, ali bi vi lahko kaj naredili glede tega. Bog me je nau\u010dil, da ne morem re\u0161iti vsega in vseh, a \u010de olaj\u0161am trpljenje samo enemu, sem nekaj spremenila.<\/p>\n<p>Prosim, nikar ne mislite, da to, kar dajete, ni dovolj. Vsepovsod so ranjeni, strti, la\u010dni in brez strehe nad glavo. Jim boste danes pomagali?<\/p>\n<hr \/>\n<h4><strong>Kratka molitev<\/strong><\/h4>\n<p>Gospod, jasno si izrazil svojo skrb glede pomo\u010di revnim in osamljenim. Daj mi svoje srce za pravi\u010dnost in poka\u017ei mi tiste ranjene in strte, za katere \u017eeli\u0161, da jim pomagam.<\/p>\n","protected":false},"excerpt":{"rendered":"<p>Preprosto narobe je, ko vidimo ali sli\u0161imo za nekoga v stiski,\u00a0a ne naredimo popolnoma ni\u010d &#8230;<\/p>\n","protected":false},"author":15,"featured_media":1990,"parent":0,"menu_order":0,"comment_status":"closed","ping_status":"closed","template":"","class_list":["post-293","devotional","type-devotional","status-publish","has-post-thumbnail","hentry"],"acf":[],"appp":{"post_detail":{"above_title":"<div class=\"post-featured-wrap\"><img width=\"1024\" height=\"597\" src=\"https:\/\/tv.joycemeyer.org\/slovene\/wp-content\/uploads\/sites\/89\/2020\/03\/2680-1024x597.jpg\" class=\"post-featured wp-post-image\" alt=\"Socialna pravi\u010dnost\" decoding=\"async\" srcset=\"https:\/\/tv.joycemeyer.org\/slovene\/wp-content\/uploads\/sites\/89\/2020\/03\/2680-1024x597.jpg 1024w, https:\/\/tv.joycemeyer.org\/slovene\/wp-content\/uploads\/sites\/89\/2020\/03\/2680-300x175.jpg 300w, https:\/\/tv.joycemeyer.org\/slovene\/wp-content\/uploads\/sites\/89\/2020\/03\/2680-768x448.jpg 768w, https:\/\/tv.joycemeyer.org\/slovene\/wp-content\/uploads\/sites\/89\/2020\/03\/2680-1536x896.jpg 1536w, https:\/\/tv.joycemeyer.org\/slovene\/wp-content\/uploads\/sites\/89\/2020\/03\/2680.jpg 1800w\" sizes=\"(max-width: 1024px) 100vw, 1024px\" \/><\/div>","below_content":""}},"yoast_head":"<!-- This site is optimized with the Yoast SEO plugin v27.4 - https:\/\/yoast.com\/product\/yoast-seo-wordpress\/ -->\n<title>Socialna pravi\u010dnost - Joyce Meyer Ministries - Slovensko<\/title>\n<meta name=\"robots\" content=\"index, follow, max-snippet:-1, max-image-preview:large, max-video-preview:-1\" \/>\n<link rel=\"canonical\" href=\"https:\/\/tv.joycemeyer.org\/slovene\/devotional\/socialna-pravicnost\/\" \/>\n<meta property=\"og:locale\" content=\"en_US\" \/>\n<meta property=\"og:type\" content=\"article\" \/>\n<meta property=\"og:title\" content=\"Socialna pravi\u010dnost - Joyce Meyer Ministries - Slovensko\" \/>\n<meta property=\"og:description\" content=\"Preprosto narobe je, ko vidimo ali sli\u0161imo za nekoga v stiski,\u00a0a ne naredimo popolnoma ni\u010d ...\" \/>\n<meta property=\"og:url\" content=\"https:\/\/tv.joycemeyer.org\/slovene\/devotional\/socialna-pravicnost\/\" \/>\n<meta property=\"og:site_name\" content=\"Joyce Meyer Ministries - Slovensko\" \/>\n<meta property=\"article:modified_time\" content=\"2025-04-28T21:25:53+00:00\" \/>\n<meta property=\"og:image\" content=\"https:\/\/tv.joycemeyer.org\/slovene\/wp-content\/uploads\/sites\/89\/2020\/03\/2680.jpg\" \/>\n\t<meta property=\"og:image:width\" content=\"1800\" \/>\n\t<meta property=\"og:image:height\" content=\"1050\" \/>\n\t<meta property=\"og:image:type\" content=\"image\/jpeg\" \/>\n<meta name=\"twitter:card\" content=\"summary_large_image\" \/>\n<meta name=\"twitter:label1\" content=\"Est. reading time\" \/>\n\t<meta name=\"twitter:data1\" content=\"2 minutes\" \/>\n<script type=\"application\/ld+json\" class=\"yoast-schema-graph\">{\"@context\":\"https:\\\/\\\/schema.org\",\"@graph\":[{\"@type\":\"WebPage\",\"@id\":\"https:\\\/\\\/tv.joycemeyer.org\\\/slovene\\\/devotional\\\/socialna-pravicnost\\\/\",\"url\":\"https:\\\/\\\/tv.joycemeyer.org\\\/slovene\\\/devotional\\\/socialna-pravicnost\\\/\",\"name\":\"Socialna pravi\u010dnost - Joyce Meyer Ministries - Slovensko\",\"isPartOf\":{\"@id\":\"https:\\\/\\\/tv.joycemeyer.org\\\/slovene\\\/#website\"},\"primaryImageOfPage\":{\"@id\":\"https:\\\/\\\/tv.joycemeyer.org\\\/slovene\\\/devotional\\\/socialna-pravicnost\\\/#primaryimage\"},\"image\":{\"@id\":\"https:\\\/\\\/tv.joycemeyer.org\\\/slovene\\\/devotional\\\/socialna-pravicnost\\\/#primaryimage\"},\"thumbnailUrl\":\"https:\\\/\\\/tv.joycemeyer.org\\\/slovene\\\/wp-content\\\/uploads\\\/sites\\\/89\\\/2020\\\/03\\\/2680.jpg\",\"datePublished\":\"2025-02-08T00:01:09+00:00\",\"dateModified\":\"2025-04-28T21:25:53+00:00\",\"breadcrumb\":{\"@id\":\"https:\\\/\\\/tv.joycemeyer.org\\\/slovene\\\/devotional\\\/socialna-pravicnost\\\/#breadcrumb\"},\"inLanguage\":\"en-US\",\"potentialAction\":[{\"@type\":\"ReadAction\",\"target\":[\"https:\\\/\\\/tv.joycemeyer.org\\\/slovene\\\/devotional\\\/socialna-pravicnost\\\/\"]}]},{\"@type\":\"ImageObject\",\"inLanguage\":\"en-US\",\"@id\":\"https:\\\/\\\/tv.joycemeyer.org\\\/slovene\\\/devotional\\\/socialna-pravicnost\\\/#primaryimage\",\"url\":\"https:\\\/\\\/tv.joycemeyer.org\\\/slovene\\\/wp-content\\\/uploads\\\/sites\\\/89\\\/2020\\\/03\\\/2680.jpg\",\"contentUrl\":\"https:\\\/\\\/tv.joycemeyer.org\\\/slovene\\\/wp-content\\\/uploads\\\/sites\\\/89\\\/2020\\\/03\\\/2680.jpg\",\"width\":1800,\"height\":1050,\"caption\":\"Socialna pravi\u010dnost\"},{\"@type\":\"BreadcrumbList\",\"@id\":\"https:\\\/\\\/tv.joycemeyer.org\\\/slovene\\\/devotional\\\/socialna-pravicnost\\\/#breadcrumb\",\"itemListElement\":[{\"@type\":\"ListItem\",\"position\":1,\"name\":\"Home\",\"item\":\"https:\\\/\\\/tv.joycemeyer.org\\\/slovene\\\/\"},{\"@type\":\"ListItem\",\"position\":2,\"name\":\"Devotional\",\"item\":\"https:\\\/\\\/tv.joycemeyer.org\\\/slovene\\\/devotional\\\/\"},{\"@type\":\"ListItem\",\"position\":3,\"name\":\"Socialna pravi\u010dnost\"}]},{\"@type\":\"WebSite\",\"@id\":\"https:\\\/\\\/tv.joycemeyer.org\\\/slovene\\\/#website\",\"url\":\"https:\\\/\\\/tv.joycemeyer.org\\\/slovene\\\/\",\"name\":\"Joyce Meyer Ministries - Slovensko\",\"description\":\"Deliti Kristusa - ljubiti ljudi\",\"potentialAction\":[{\"@type\":\"SearchAction\",\"target\":{\"@type\":\"EntryPoint\",\"urlTemplate\":\"https:\\\/\\\/tv.joycemeyer.org\\\/slovene\\\/?s={search_term_string}\"},\"query-input\":{\"@type\":\"PropertyValueSpecification\",\"valueRequired\":true,\"valueName\":\"search_term_string\"}}],\"inLanguage\":\"en-US\"}]}<\/script>\n<!-- \/ Yoast SEO plugin. -->","yoast_head_json":{"title":"Socialna pravi\u010dnost - Joyce Meyer Ministries - Slovensko","robots":{"index":"index","follow":"follow","max-snippet":"max-snippet:-1","max-image-preview":"max-image-preview:large","max-video-preview":"max-video-preview:-1"},"canonical":"https:\/\/tv.joycemeyer.org\/slovene\/devotional\/socialna-pravicnost\/","og_locale":"en_US","og_type":"article","og_title":"Socialna pravi\u010dnost - Joyce Meyer Ministries - Slovensko","og_description":"Preprosto narobe je, ko vidimo ali sli\u0161imo za nekoga v stiski,\u00a0a ne naredimo popolnoma ni\u010d ...","og_url":"https:\/\/tv.joycemeyer.org\/slovene\/devotional\/socialna-pravicnost\/","og_site_name":"Joyce Meyer Ministries - Slovensko","article_modified_time":"2025-04-28T21:25:53+00:00","og_image":[{"width":1800,"height":1050,"url":"https:\/\/tv.joycemeyer.org\/slovene\/wp-content\/uploads\/sites\/89\/2020\/03\/2680.jpg","type":"image\/jpeg"}],"twitter_card":"summary_large_image","twitter_misc":{"Est. reading time":"2 minutes"},"schema":{"@context":"https:\/\/schema.org","@graph":[{"@type":"WebPage","@id":"https:\/\/tv.joycemeyer.org\/slovene\/devotional\/socialna-pravicnost\/","url":"https:\/\/tv.joycemeyer.org\/slovene\/devotional\/socialna-pravicnost\/","name":"Socialna pravi\u010dnost - Joyce Meyer Ministries - Slovensko","isPartOf":{"@id":"https:\/\/tv.joycemeyer.org\/slovene\/#website"},"primaryImageOfPage":{"@id":"https:\/\/tv.joycemeyer.org\/slovene\/devotional\/socialna-pravicnost\/#primaryimage"},"image":{"@id":"https:\/\/tv.joycemeyer.org\/slovene\/devotional\/socialna-pravicnost\/#primaryimage"},"thumbnailUrl":"https:\/\/tv.joycemeyer.org\/slovene\/wp-content\/uploads\/sites\/89\/2020\/03\/2680.jpg","datePublished":"2025-02-08T00:01:09+00:00","dateModified":"2025-04-28T21:25:53+00:00","breadcrumb":{"@id":"https:\/\/tv.joycemeyer.org\/slovene\/devotional\/socialna-pravicnost\/#breadcrumb"},"inLanguage":"en-US","potentialAction":[{"@type":"ReadAction","target":["https:\/\/tv.joycemeyer.org\/slovene\/devotional\/socialna-pravicnost\/"]}]},{"@type":"ImageObject","inLanguage":"en-US","@id":"https:\/\/tv.joycemeyer.org\/slovene\/devotional\/socialna-pravicnost\/#primaryimage","url":"https:\/\/tv.joycemeyer.org\/slovene\/wp-content\/uploads\/sites\/89\/2020\/03\/2680.jpg","contentUrl":"https:\/\/tv.joycemeyer.org\/slovene\/wp-content\/uploads\/sites\/89\/2020\/03\/2680.jpg","width":1800,"height":1050,"caption":"Socialna pravi\u010dnost"},{"@type":"BreadcrumbList","@id":"https:\/\/tv.joycemeyer.org\/slovene\/devotional\/socialna-pravicnost\/#breadcrumb","itemListElement":[{"@type":"ListItem","position":1,"name":"Home","item":"https:\/\/tv.joycemeyer.org\/slovene\/"},{"@type":"ListItem","position":2,"name":"Devotional","item":"https:\/\/tv.joycemeyer.org\/slovene\/devotional\/"},{"@type":"ListItem","position":3,"name":"Socialna pravi\u010dnost"}]},{"@type":"WebSite","@id":"https:\/\/tv.joycemeyer.org\/slovene\/#website","url":"https:\/\/tv.joycemeyer.org\/slovene\/","name":"Joyce Meyer Ministries - Slovensko","description":"Deliti Kristusa - ljubiti ljudi","potentialAction":[{"@type":"SearchAction","target":{"@type":"EntryPoint","urlTemplate":"https:\/\/tv.joycemeyer.org\/slovene\/?s={search_term_string}"},"query-input":{"@type":"PropertyValueSpecification","valueRequired":true,"valueName":"search_term_string"}}],"inLanguage":"en-US"}]}},"_links":{"self":[{"href":"https:\/\/tv.joycemeyer.org\/slovene\/wp-json\/wp\/v2\/devotional\/293","targetHints":{"allow":["GET"]}}],"collection":[{"href":"https:\/\/tv.joycemeyer.org\/slovene\/wp-json\/wp\/v2\/devotional"}],"about":[{"href":"https:\/\/tv.joycemeyer.org\/slovene\/wp-json\/wp\/v2\/types\/devotional"}],"author":[{"embeddable":true,"href":"https:\/\/tv.joycemeyer.org\/slovene\/wp-json\/wp\/v2\/users\/15"}],"replies":[{"embeddable":true,"href":"https:\/\/tv.joycemeyer.org\/slovene\/wp-json\/wp\/v2\/comments?post=293"}],"wp:featuredmedia":[{"embeddable":true,"href":"https:\/\/tv.joycemeyer.org\/slovene\/wp-json\/wp\/v2\/media\/1990"}],"wp:attachment":[{"href":"https:\/\/tv.joycemeyer.org\/slovene\/wp-json\/wp\/v2\/media?parent=293"}],"curies":[{"name":"wp","href":"https:\/\/api.w.org\/{rel}","templated":true}]}}

Socialna pravičnost

<blockquote><p>… pomaga do pravice siroti in vdovi, ljubi tujca in mu daje kruha in obleke. (5 Mojzesova 10,18)</p></blockquote>
<p>Preprosto narobe je, ko vidimo ali slišimo za nekoga v stiski, a ne naredimo popolnoma nič. Naj razložim …</p>
<p>Pred nekaj časa mi je Gospod razodel, kako močno si želi, da bi delala za pravice zatiranih. To je del Njegovega klica za vse v telesu Jezusa Kristusa.</p>
<p>On išče ljudi, ki bi pomagali sirotam, vdovam, zatiranim, revnim, osamljenim in pozabljenim, odkar je dal postavo v starozaveznem obdobju.</p>
<p>Po Mojzesu je spregovoril On sam: “Ne zatirajte nobene vdove in sirote” (2 Mojzes 22,21). “Bog ni pristranski … pomaga do pravice siroti in vdovi, ljubi tujca in mu daje kruha in obleke” (5 Mojzes 10,17b–18). Bog je ljudem obljubil, da bo blagoslovil delo njihovih rok, če bodo nahranili tujce, vdove in sirote (gl. 5 Mojzes 14,29).</p>
<p>Nekaj najbolj osamljenih in pozabljenih ljudi so danes dekleta, ki so bila prisiljena v prostitucijo zaradi samega preživetja; potem je tu osiroteli fant, čigar starši so umrli zaradi AIDS-a, zapornik, ki dan za dnem preživi v zaporniški celici, brezdomec, ki živi na ulici … Mnogo je ljudi v stiski.</p>
<p>Vse to vas lahko močno prevzame in morda razmišljate, ali bi vi lahko kaj naredili glede tega. Bog me je naučil, da ne morem rešiti vsega in vseh, a če olajšam trpljenje samo enemu, sem nekaj spremenila.</p>
<p>Prosim, nikar ne mislite, da to, kar dajete, ni dovolj. Vsepovsod so ranjeni, strti, lačni in brez strehe nad glavo. Jim boste danes pomagali?</p>
<hr />
<h4><strong>Kratka molitev</strong></h4>
<p>Gospod, jasno si izrazil svojo skrb glede pomoči revnim in osamljenim. Daj mi svoje srce za pravičnost in pokaži mi tiste ranjene in strte, za katere želiš, da jim pomagam.</p>

<p>Preprosto narobe je, ko vidimo ali slišimo za nekoga v stiski, a ne naredimo popolnoma nič &#8230;</p>

<div class="post-featured-wrap"><img width="1024" height="597" src="https://tv.joycemeyer.org/slovene/wp-content/uploads/sites/89/2020/03/2680-1024x597.jpg" class="post-featured wp-post-image" alt="Socialna pravičnost" decoding="async" srcset="https://tv.joycemeyer.org/slovene/wp-content/uploads/sites/89/2020/03/2680-1024x597.jpg 1024w, https://tv.joycemeyer.org/slovene/wp-content/uploads/sites/89/2020/03/2680-300x175.jpg 300w, https://tv.joycemeyer.org/slovene/wp-content/uploads/sites/89/2020/03/2680-768x448.jpg 768w, https://tv.joycemeyer.org/slovene/wp-content/uploads/sites/89/2020/03/2680-1536x896.jpg 1536w, https://tv.joycemeyer.org/slovene/wp-content/uploads/sites/89/2020/03/2680.jpg 1800w" sizes="(max-width: 1024px) 100vw, 1024px" /></div>

<!-- This site is optimized with the Yoast SEO plugin v27.4 - https://yoast.com/product/yoast-seo-wordpress/ -->
<title>Socialna pravičnost - Joyce Meyer Ministries - Slovensko</title>
<meta name="robots" content="index, follow, max-snippet:-1, max-image-preview:large, max-video-preview:-1" />
<link rel="canonical" href="https://tv.joycemeyer.org/slovene/devotional/socialna-pravicnost/" />
<meta property="og:locale" content="en_US" />
<meta property="og:type" content="article" />
<meta property="og:title" content="Socialna pravičnost - Joyce Meyer Ministries - Slovensko" />
<meta property="og:description" content="Preprosto narobe je, ko vidimo ali slišimo za nekoga v stiski, a ne naredimo popolnoma nič ..." />
<meta property="og:url" content="https://tv.joycemeyer.org/slovene/devotional/socialna-pravicnost/" />
<meta property="og:site_name" content="Joyce Meyer Ministries - Slovensko" />
<meta property="article:modified_time" content="2025-04-28T21:25:53+00:00" />
<meta property="og:image" content="https://tv.joycemeyer.org/slovene/wp-content/uploads/sites/89/2020/03/2680.jpg" />
	<meta property="og:image:width" content="1800" />
	<meta property="og:image:height" content="1050" />
	<meta property="og:image:type" content="image/jpeg" />
<meta name="twitter:card" content="summary_large_image" />
<meta name="twitter:label1" content="Est. reading time" />
	<meta name="twitter:data1" content="2 minutes" />
<script type="application/ld+json" class="yoast-schema-graph">{"@context":"https:\/\/schema.org","@graph":[{"@type":"WebPage","@id":"https:\/\/tv.joycemeyer.org\/slovene\/devotional\/socialna-pravicnost\/","url":"https:\/\/tv.joycemeyer.org\/slovene\/devotional\/socialna-pravicnost\/","name":"Socialna pravičnost - Joyce Meyer Ministries - Slovensko","isPartOf":{"@id":"https:\/\/tv.joycemeyer.org\/slovene\/#website"},"primaryImageOfPage":{"@id":"https:\/\/tv.joycemeyer.org\/slovene\/devotional\/socialna-pravicnost\/#primaryimage"},"image":{"@id":"https:\/\/tv.joycemeyer.org\/slovene\/devotional\/socialna-pravicnost\/#primaryimage"},"thumbnailUrl":"https:\/\/tv.joycemeyer.org\/slovene\/wp-content\/uploads\/sites\/89\/2020\/03\/2680.jpg","datePublished":"2025-02-08T00:01:09+00:00","dateModified":"2025-04-28T21:25:53+00:00","breadcrumb":{"@id":"https:\/\/tv.joycemeyer.org\/slovene\/devotional\/socialna-pravicnost\/#breadcrumb"},"inLanguage":"en-US","potentialAction":[{"@type":"ReadAction","target":["https:\/\/tv.joycemeyer.org\/slovene\/devotional\/socialna-pravicnost\/"]}]},{"@type":"ImageObject","inLanguage":"en-US","@id":"https:\/\/tv.joycemeyer.org\/slovene\/devotional\/socialna-pravicnost\/#primaryimage","url":"https:\/\/tv.joycemeyer.org\/slovene\/wp-content\/uploads\/sites\/89\/2020\/03\/2680.jpg","contentUrl":"https:\/\/tv.joycemeyer.org\/slovene\/wp-content\/uploads\/sites\/89\/2020\/03\/2680.jpg","width":1800,"height":1050,"caption":"Socialna pravičnost"},{"@type":"BreadcrumbList","@id":"https:\/\/tv.joycemeyer.org\/slovene\/devotional\/socialna-pravicnost\/#breadcrumb","itemListElement":[{"@type":"ListItem","position":1,"name":"Home","item":"https:\/\/tv.joycemeyer.org\/slovene\/"},{"@type":"ListItem","position":2,"name":"Devotional","item":"https:\/\/tv.joycemeyer.org\/slovene\/devotional\/"},{"@type":"ListItem","position":3,"name":"Socialna pravičnost"}]},{"@type":"WebSite","@id":"https:\/\/tv.joycemeyer.org\/slovene\/#website","url":"https:\/\/tv.joycemeyer.org\/slovene\/","name":"Joyce Meyer Ministries - Slovensko","description":"Deliti Kristusa - ljubiti ljudi","potentialAction":[{"@type":"SearchAction","target":{"@type":"EntryPoint","urlTemplate":"https:\/\/tv.joycemeyer.org\/slovene\/?s={search_term_string}"},"query-input":{"@type":"PropertyValueSpecification","valueRequired":true,"valueName":"search_term_string"}}],"inLanguage":"en-US"}]}</script>
<!-- / Yoast SEO plugin. -->

Socialna pravičnost - Joyce Meyer Ministries - Slovensko

Preprosto narobe je, ko vidimo ali slišimo za nekoga v stiski, a ne naredimo popolnoma nič ...
