{"id":622,"date":"2025-07-02T00:01:17","date_gmt":"2025-07-02T00:01:17","guid":{"rendered":"https:\/\/tv.joycemeyer.org\/slovene\/?post_type=devotional&#038;p=622"},"modified":"2025-05-05T15:07:23","modified_gmt":"2025-05-05T15:07:23","slug":"ste-polni-upanja","status":"publish","type":"devotional","link":"https:\/\/tv.joycemeyer.org\/slovene\/devotional\/ste-polni-upanja\/","title":{"rendered":"Ste polni upanja?"},"content":{"rendered":"<p><strong>Je pa vera trdno prepri\u010danje (potrditev, lastni\u0161ki list) o tem, kar upamo, dokaz o stvareh, ki jih ne vidimo, in prepri\u010danje o njihovi resni\u010dnosti [vera dojema kot resni\u010dno dejstvo, kar \u010dutom ni razodeto]. (Hebrejcem 11,1)<\/strong><\/p>\n<p>Ste polni upanja, ko razmi\u0161ljate o prihodnosti? Ali se borite z ob\u010dutkom groze?<\/p>\n<p>Ljudje, ki so \u017ee videli Bo\u017ejo zvestobo, se nagibajo k upanju glede prihodnosti. Vedo, da se slaba izku\u0161nja lahko v nekaj minutah obrne v \u010dudovito pri\u010devanje.<\/p>\n<p>Po drugi strani pa ljudje, ki so izgubili vsako upanje, gledajo na \u017eivljenje kot na grozo. Groza je bli\u017enja sorodnica strahu. Krade sposobnost obi\u010dajnega \u017eivljenja in povzro\u010da zaskrbljenost glede prihodnosti.<\/p>\n<p>Upanje je nasprotje grozi \u2013 upanje je bli\u017enji sorodnik vere. Ko verujemo v Boga, se bli\u017eamo upanju. Tako je tudi na\u0161 pogled na \u017eivljenje in prihodnost pozitiven.<\/p>\n<p>Upanje nam dovoljuje, da pustimo neodgovorjena vpra\u0161anja v Bo\u017ejih rokah. Daje nam mo\u010d, da ohranimo mir, in nam omogo\u010da, da verjamemo v najbolj\u0161o prihodnost.<\/p>\n<p>Lahko imate upanje, ko zaupate v Bo\u017ejo ljubezen. On ima mo\u010d, da priskrbi in poskrbi za vas in vas vodi skozi vsakr\u0161ne te\u017eave.<\/p>\n<p>Kratka molitev<\/p>\n<p>Gospod, odlo\u010dam se, da verujem Vate. Vem, da bo to vodilo v upanje. Ni mi treba trepetati, ker ima\u0161 sposobnost, da poskrbi\u0161 zame. Zato upam Vate.<\/p>\n","protected":false},"excerpt":{"rendered":"<p>Ste polni upanja, ko razmi\u0161ljate o prihodnosti? Ali se borite z ob\u010dutkom groze?<\/p>\n","protected":false},"author":15,"featured_media":623,"parent":0,"menu_order":0,"comment_status":"closed","ping_status":"closed","template":"","class_list":["post-622","devotional","type-devotional","status-publish","has-post-thumbnail","hentry"],"acf":[],"appp":{"post_detail":{"above_title":"<div class=\"post-featured-wrap\"><img width=\"960\" height=\"540\" src=\"https:\/\/tv.joycemeyer.org\/slovene\/wp-content\/uploads\/sites\/89\/2020\/08\/887.jpg\" class=\"post-featured wp-post-image\" alt=\"\" decoding=\"async\" srcset=\"https:\/\/tv.joycemeyer.org\/slovene\/wp-content\/uploads\/sites\/89\/2020\/08\/887.jpg 960w, https:\/\/tv.joycemeyer.org\/slovene\/wp-content\/uploads\/sites\/89\/2020\/08\/887-300x169.jpg 300w, https:\/\/tv.joycemeyer.org\/slovene\/wp-content\/uploads\/sites\/89\/2020\/08\/887-768x432.jpg 768w, https:\/\/tv.joycemeyer.org\/slovene\/wp-content\/uploads\/sites\/89\/2020\/08\/887-640x360.jpg 640w\" sizes=\"(max-width: 960px) 100vw, 960px\" \/><\/div>","below_content":""}},"yoast_head":"<!-- This site is optimized with the Yoast SEO plugin v27.4 - https:\/\/yoast.com\/product\/yoast-seo-wordpress\/ -->\n<title>Ste polni upanja? - Joyce Meyer Ministries - Slovensko<\/title>\n<meta name=\"robots\" content=\"index, follow, max-snippet:-1, max-image-preview:large, max-video-preview:-1\" \/>\n<link rel=\"canonical\" href=\"https:\/\/tv.joycemeyer.org\/slovene\/devotional\/ste-polni-upanja\/\" \/>\n<meta property=\"og:locale\" content=\"en_US\" \/>\n<meta property=\"og:type\" content=\"article\" \/>\n<meta property=\"og:title\" content=\"Ste polni upanja? - Joyce Meyer Ministries - Slovensko\" \/>\n<meta property=\"og:description\" content=\"Ste polni upanja, ko razmi\u0161ljate o prihodnosti? Ali se borite z ob\u010dutkom groze?\" \/>\n<meta property=\"og:url\" content=\"https:\/\/tv.joycemeyer.org\/slovene\/devotional\/ste-polni-upanja\/\" \/>\n<meta property=\"og:site_name\" content=\"Joyce Meyer Ministries - Slovensko\" \/>\n<meta property=\"og:image\" content=\"https:\/\/tv.joycemeyer.org\/slovene\/wp-content\/uploads\/sites\/89\/2020\/08\/887.jpg\" \/>\n\t<meta property=\"og:image:width\" content=\"960\" \/>\n\t<meta property=\"og:image:height\" content=\"540\" \/>\n\t<meta property=\"og:image:type\" content=\"image\/jpeg\" \/>\n<meta name=\"twitter:card\" content=\"summary_large_image\" \/>\n<meta name=\"twitter:label1\" content=\"Est. reading time\" \/>\n\t<meta name=\"twitter:data1\" content=\"2 minutes\" \/>\n<script type=\"application\/ld+json\" class=\"yoast-schema-graph\">{\"@context\":\"https:\\\/\\\/schema.org\",\"@graph\":[{\"@type\":\"WebPage\",\"@id\":\"https:\\\/\\\/tv.joycemeyer.org\\\/slovene\\\/devotional\\\/ste-polni-upanja\\\/\",\"url\":\"https:\\\/\\\/tv.joycemeyer.org\\\/slovene\\\/devotional\\\/ste-polni-upanja\\\/\",\"name\":\"Ste polni upanja? - Joyce Meyer Ministries - Slovensko\",\"isPartOf\":{\"@id\":\"https:\\\/\\\/tv.joycemeyer.org\\\/slovene\\\/#website\"},\"primaryImageOfPage\":{\"@id\":\"https:\\\/\\\/tv.joycemeyer.org\\\/slovene\\\/devotional\\\/ste-polni-upanja\\\/#primaryimage\"},\"image\":{\"@id\":\"https:\\\/\\\/tv.joycemeyer.org\\\/slovene\\\/devotional\\\/ste-polni-upanja\\\/#primaryimage\"},\"thumbnailUrl\":\"https:\\\/\\\/tv.joycemeyer.org\\\/slovene\\\/wp-content\\\/uploads\\\/sites\\\/89\\\/2020\\\/08\\\/887.jpg\",\"datePublished\":\"2025-07-02T00:01:17+00:00\",\"breadcrumb\":{\"@id\":\"https:\\\/\\\/tv.joycemeyer.org\\\/slovene\\\/devotional\\\/ste-polni-upanja\\\/#breadcrumb\"},\"inLanguage\":\"en-US\",\"potentialAction\":[{\"@type\":\"ReadAction\",\"target\":[\"https:\\\/\\\/tv.joycemeyer.org\\\/slovene\\\/devotional\\\/ste-polni-upanja\\\/\"]}]},{\"@type\":\"ImageObject\",\"inLanguage\":\"en-US\",\"@id\":\"https:\\\/\\\/tv.joycemeyer.org\\\/slovene\\\/devotional\\\/ste-polni-upanja\\\/#primaryimage\",\"url\":\"https:\\\/\\\/tv.joycemeyer.org\\\/slovene\\\/wp-content\\\/uploads\\\/sites\\\/89\\\/2020\\\/08\\\/887.jpg\",\"contentUrl\":\"https:\\\/\\\/tv.joycemeyer.org\\\/slovene\\\/wp-content\\\/uploads\\\/sites\\\/89\\\/2020\\\/08\\\/887.jpg\",\"width\":960,\"height\":540,\"caption\":\"Ste polni upanja?\"},{\"@type\":\"BreadcrumbList\",\"@id\":\"https:\\\/\\\/tv.joycemeyer.org\\\/slovene\\\/devotional\\\/ste-polni-upanja\\\/#breadcrumb\",\"itemListElement\":[{\"@type\":\"ListItem\",\"position\":1,\"name\":\"Home\",\"item\":\"https:\\\/\\\/tv.joycemeyer.org\\\/slovene\\\/\"},{\"@type\":\"ListItem\",\"position\":2,\"name\":\"Devotional\",\"item\":\"https:\\\/\\\/tv.joycemeyer.org\\\/slovene\\\/devotional\\\/\"},{\"@type\":\"ListItem\",\"position\":3,\"name\":\"Ste polni upanja?\"}]},{\"@type\":\"WebSite\",\"@id\":\"https:\\\/\\\/tv.joycemeyer.org\\\/slovene\\\/#website\",\"url\":\"https:\\\/\\\/tv.joycemeyer.org\\\/slovene\\\/\",\"name\":\"Joyce Meyer Ministries - Slovensko\",\"description\":\"Deliti Kristusa - ljubiti ljudi\",\"potentialAction\":[{\"@type\":\"SearchAction\",\"target\":{\"@type\":\"EntryPoint\",\"urlTemplate\":\"https:\\\/\\\/tv.joycemeyer.org\\\/slovene\\\/?s={search_term_string}\"},\"query-input\":{\"@type\":\"PropertyValueSpecification\",\"valueRequired\":true,\"valueName\":\"search_term_string\"}}],\"inLanguage\":\"en-US\"}]}<\/script>\n<!-- \/ Yoast SEO plugin. -->","yoast_head_json":{"title":"Ste polni upanja? - Joyce Meyer Ministries - Slovensko","robots":{"index":"index","follow":"follow","max-snippet":"max-snippet:-1","max-image-preview":"max-image-preview:large","max-video-preview":"max-video-preview:-1"},"canonical":"https:\/\/tv.joycemeyer.org\/slovene\/devotional\/ste-polni-upanja\/","og_locale":"en_US","og_type":"article","og_title":"Ste polni upanja? - Joyce Meyer Ministries - Slovensko","og_description":"Ste polni upanja, ko razmi\u0161ljate o prihodnosti? Ali se borite z ob\u010dutkom groze?","og_url":"https:\/\/tv.joycemeyer.org\/slovene\/devotional\/ste-polni-upanja\/","og_site_name":"Joyce Meyer Ministries - Slovensko","og_image":[{"width":960,"height":540,"url":"https:\/\/tv.joycemeyer.org\/slovene\/wp-content\/uploads\/sites\/89\/2020\/08\/887.jpg","type":"image\/jpeg"}],"twitter_card":"summary_large_image","twitter_misc":{"Est. reading time":"2 minutes"},"schema":{"@context":"https:\/\/schema.org","@graph":[{"@type":"WebPage","@id":"https:\/\/tv.joycemeyer.org\/slovene\/devotional\/ste-polni-upanja\/","url":"https:\/\/tv.joycemeyer.org\/slovene\/devotional\/ste-polni-upanja\/","name":"Ste polni upanja? - Joyce Meyer Ministries - Slovensko","isPartOf":{"@id":"https:\/\/tv.joycemeyer.org\/slovene\/#website"},"primaryImageOfPage":{"@id":"https:\/\/tv.joycemeyer.org\/slovene\/devotional\/ste-polni-upanja\/#primaryimage"},"image":{"@id":"https:\/\/tv.joycemeyer.org\/slovene\/devotional\/ste-polni-upanja\/#primaryimage"},"thumbnailUrl":"https:\/\/tv.joycemeyer.org\/slovene\/wp-content\/uploads\/sites\/89\/2020\/08\/887.jpg","datePublished":"2025-07-02T00:01:17+00:00","breadcrumb":{"@id":"https:\/\/tv.joycemeyer.org\/slovene\/devotional\/ste-polni-upanja\/#breadcrumb"},"inLanguage":"en-US","potentialAction":[{"@type":"ReadAction","target":["https:\/\/tv.joycemeyer.org\/slovene\/devotional\/ste-polni-upanja\/"]}]},{"@type":"ImageObject","inLanguage":"en-US","@id":"https:\/\/tv.joycemeyer.org\/slovene\/devotional\/ste-polni-upanja\/#primaryimage","url":"https:\/\/tv.joycemeyer.org\/slovene\/wp-content\/uploads\/sites\/89\/2020\/08\/887.jpg","contentUrl":"https:\/\/tv.joycemeyer.org\/slovene\/wp-content\/uploads\/sites\/89\/2020\/08\/887.jpg","width":960,"height":540,"caption":"Ste polni upanja?"},{"@type":"BreadcrumbList","@id":"https:\/\/tv.joycemeyer.org\/slovene\/devotional\/ste-polni-upanja\/#breadcrumb","itemListElement":[{"@type":"ListItem","position":1,"name":"Home","item":"https:\/\/tv.joycemeyer.org\/slovene\/"},{"@type":"ListItem","position":2,"name":"Devotional","item":"https:\/\/tv.joycemeyer.org\/slovene\/devotional\/"},{"@type":"ListItem","position":3,"name":"Ste polni upanja?"}]},{"@type":"WebSite","@id":"https:\/\/tv.joycemeyer.org\/slovene\/#website","url":"https:\/\/tv.joycemeyer.org\/slovene\/","name":"Joyce Meyer Ministries - Slovensko","description":"Deliti Kristusa - ljubiti ljudi","potentialAction":[{"@type":"SearchAction","target":{"@type":"EntryPoint","urlTemplate":"https:\/\/tv.joycemeyer.org\/slovene\/?s={search_term_string}"},"query-input":{"@type":"PropertyValueSpecification","valueRequired":true,"valueName":"search_term_string"}}],"inLanguage":"en-US"}]}},"_links":{"self":[{"href":"https:\/\/tv.joycemeyer.org\/slovene\/wp-json\/wp\/v2\/devotional\/622","targetHints":{"allow":["GET"]}}],"collection":[{"href":"https:\/\/tv.joycemeyer.org\/slovene\/wp-json\/wp\/v2\/devotional"}],"about":[{"href":"https:\/\/tv.joycemeyer.org\/slovene\/wp-json\/wp\/v2\/types\/devotional"}],"author":[{"embeddable":true,"href":"https:\/\/tv.joycemeyer.org\/slovene\/wp-json\/wp\/v2\/users\/15"}],"replies":[{"embeddable":true,"href":"https:\/\/tv.joycemeyer.org\/slovene\/wp-json\/wp\/v2\/comments?post=622"}],"wp:featuredmedia":[{"embeddable":true,"href":"https:\/\/tv.joycemeyer.org\/slovene\/wp-json\/wp\/v2\/media\/623"}],"wp:attachment":[{"href":"https:\/\/tv.joycemeyer.org\/slovene\/wp-json\/wp\/v2\/media?parent=622"}],"curies":[{"name":"wp","href":"https:\/\/api.w.org\/{rel}","templated":true}]}}

<p><strong>Je pa vera trdno prepričanje (potrditev, lastniški list) o tem, kar upamo, dokaz o stvareh, ki jih ne vidimo, in prepričanje o njihovi resničnosti [vera dojema kot resnično dejstvo, kar čutom ni razodeto]. (Hebrejcem 11,1)</strong></p>
<p>Ste polni upanja, ko razmišljate o prihodnosti? Ali se borite z občutkom groze?</p>
<p>Ljudje, ki so že videli Božjo zvestobo, se nagibajo k upanju glede prihodnosti. Vedo, da se slaba izkušnja lahko v nekaj minutah obrne v čudovito pričevanje.</p>
<p>Po drugi strani pa ljudje, ki so izgubili vsako upanje, gledajo na življenje kot na grozo. Groza je bližnja sorodnica strahu. Krade sposobnost običajnega življenja in povzroča zaskrbljenost glede prihodnosti.</p>
<p>Upanje je nasprotje grozi – upanje je bližnji sorodnik vere. Ko verujemo v Boga, se bližamo upanju. Tako je tudi naš pogled na življenje in prihodnost pozitiven.</p>
<p>Upanje nam dovoljuje, da pustimo neodgovorjena vprašanja v Božjih rokah. Daje nam moč, da ohranimo mir, in nam omogoča, da verjamemo v najboljšo prihodnost.</p>
<p>Lahko imate upanje, ko zaupate v Božjo ljubezen. On ima moč, da priskrbi in poskrbi za vas in vas vodi skozi vsakršne težave.</p>
<p>Kratka molitev</p>
<p>Gospod, odločam se, da verujem Vate. Vem, da bo to vodilo v upanje. Ni mi treba trepetati, ker imaš sposobnost, da poskrbiš zame. Zato upam Vate.</p>

<p>Ste polni upanja, ko razmišljate o prihodnosti? Ali se borite z občutkom groze?</p>

<!-- This site is optimized with the Yoast SEO plugin v27.4 - https://yoast.com/product/yoast-seo-wordpress/ -->
<title>Ste polni upanja? - Joyce Meyer Ministries - Slovensko</title>
<meta name="robots" content="index, follow, max-snippet:-1, max-image-preview:large, max-video-preview:-1" />
<link rel="canonical" href="https://tv.joycemeyer.org/slovene/devotional/ste-polni-upanja/" />
<meta property="og:locale" content="en_US" />
<meta property="og:type" content="article" />
<meta property="og:title" content="Ste polni upanja? - Joyce Meyer Ministries - Slovensko" />
<meta property="og:description" content="Ste polni upanja, ko razmišljate o prihodnosti? Ali se borite z občutkom groze?" />
<meta property="og:url" content="https://tv.joycemeyer.org/slovene/devotional/ste-polni-upanja/" />
<meta property="og:site_name" content="Joyce Meyer Ministries - Slovensko" />
<meta property="og:image" content="https://tv.joycemeyer.org/slovene/wp-content/uploads/sites/89/2020/08/887.jpg" />
	<meta property="og:image:width" content="960" />
	<meta property="og:image:height" content="540" />
	<meta property="og:image:type" content="image/jpeg" />
<meta name="twitter:card" content="summary_large_image" />
<meta name="twitter:label1" content="Est. reading time" />
	<meta name="twitter:data1" content="2 minutes" />
<script type="application/ld+json" class="yoast-schema-graph">{"@context":"https:\/\/schema.org","@graph":[{"@type":"WebPage","@id":"https:\/\/tv.joycemeyer.org\/slovene\/devotional\/ste-polni-upanja\/","url":"https:\/\/tv.joycemeyer.org\/slovene\/devotional\/ste-polni-upanja\/","name":"Ste polni upanja? - Joyce Meyer Ministries - Slovensko","isPartOf":{"@id":"https:\/\/tv.joycemeyer.org\/slovene\/#website"},"primaryImageOfPage":{"@id":"https:\/\/tv.joycemeyer.org\/slovene\/devotional\/ste-polni-upanja\/#primaryimage"},"image":{"@id":"https:\/\/tv.joycemeyer.org\/slovene\/devotional\/ste-polni-upanja\/#primaryimage"},"thumbnailUrl":"https:\/\/tv.joycemeyer.org\/slovene\/wp-content\/uploads\/sites\/89\/2020\/08\/887.jpg","datePublished":"2025-07-02T00:01:17+00:00","breadcrumb":{"@id":"https:\/\/tv.joycemeyer.org\/slovene\/devotional\/ste-polni-upanja\/#breadcrumb"},"inLanguage":"en-US","potentialAction":[{"@type":"ReadAction","target":["https:\/\/tv.joycemeyer.org\/slovene\/devotional\/ste-polni-upanja\/"]}]},{"@type":"ImageObject","inLanguage":"en-US","@id":"https:\/\/tv.joycemeyer.org\/slovene\/devotional\/ste-polni-upanja\/#primaryimage","url":"https:\/\/tv.joycemeyer.org\/slovene\/wp-content\/uploads\/sites\/89\/2020\/08\/887.jpg","contentUrl":"https:\/\/tv.joycemeyer.org\/slovene\/wp-content\/uploads\/sites\/89\/2020\/08\/887.jpg","width":960,"height":540,"caption":"Ste polni upanja?"},{"@type":"BreadcrumbList","@id":"https:\/\/tv.joycemeyer.org\/slovene\/devotional\/ste-polni-upanja\/#breadcrumb","itemListElement":[{"@type":"ListItem","position":1,"name":"Home","item":"https:\/\/tv.joycemeyer.org\/slovene\/"},{"@type":"ListItem","position":2,"name":"Devotional","item":"https:\/\/tv.joycemeyer.org\/slovene\/devotional\/"},{"@type":"ListItem","position":3,"name":"Ste polni upanja?"}]},{"@type":"WebSite","@id":"https:\/\/tv.joycemeyer.org\/slovene\/#website","url":"https:\/\/tv.joycemeyer.org\/slovene\/","name":"Joyce Meyer Ministries - Slovensko","description":"Deliti Kristusa - ljubiti ljudi","potentialAction":[{"@type":"SearchAction","target":{"@type":"EntryPoint","urlTemplate":"https:\/\/tv.joycemeyer.org\/slovene\/?s={search_term_string}"},"query-input":{"@type":"PropertyValueSpecification","valueRequired":true,"valueName":"search_term_string"}}],"inLanguage":"en-US"}]}</script>
<!-- / Yoast SEO plugin. -->

Ste polni upanja, ko razmišljate o prihodnosti? Ali se borite z občutkom groze?
