{"id":746,"date":"2025-08-22T00:01:56","date_gmt":"2025-08-22T00:01:56","guid":{"rendered":"https:\/\/tv.joycemeyer.org\/slovene\/?post_type=devotional&#038;p=746"},"modified":"2025-05-05T15:59:03","modified_gmt":"2025-05-05T15:59:03","slug":"naj-vas-sveti-duh-povede-od","status":"publish","type":"devotional","link":"https:\/\/tv.joycemeyer.org\/slovene\/devotional\/naj-vas-sveti-duh-povede-od\/","title":{"rendered":"Naj vas Sveti Duh povede od tega, kar \u00bbdelate\u00ab, do tega, kar \u00bbste\u00ab"},"content":{"rendered":"<p><strong>Toda prejeli boste mo\u010d (zmo\u017enost, u\u010dinkovitost in oblast), ko pride na (nad, v) vas Sveti Duh, in boste moje pri\u010de \u2026 do konca (skrajnih mej) sveta.\u00a0 \u00a0(Apostolska dela 1,8)<\/strong><\/p>\n<p>Spominjam se, da sem se kot na novo rojena kristjanka dejavno vklju\u010dila v cerkveno \u017eivljenje, nisem pa premagovala svojih te\u017eav. Mislila sem, da bom sre\u010dna, \u010de bom ravnala kot kristjanka in si bom za to kar najbolj prizadevala. Ampak delati, kar je prav, ni bilo dovolj; morala sem se spremeniti navznoter.<\/p>\n<p>Apostolska dela 1,8 govorijo o sprejemanju Bo\u017eje mo\u010di, da bomo Njegove pri\u010de. Ste opazili, da ne pravi, naj ne le pri\u010dujem, temve\u010d bodimo pri\u010de. Delati je druga\u010de kot biti. Svojo zunanjost sem spolirala, moja notranjost pa je bila razbitina. Precej pogosto je moj notranji nemir eksplodiral in potem so lahko vsi videli, da nisem bila tak\u0161na, kot sem \u017eelela biti.<\/p>\n<p>Tako sem hvale\u017ena, da sem pri\u0161la do to\u010dke, kjer sem obupno potrebovala Bo\u017ejo potezo. Vedela sem, da mora biti ve\u010d kot to, kar sem izkusila v odnosu z Njim. Ko sem v molitvi klicala k Njemu po pomo\u010d, se je mogo\u010dno dotaknil mojega \u017eivljenja; izlil je Svetega Duha in mi dal pravo ljubezen do Boga in do Njegove Besede, kot je nisem imela nikoli prej. Od takrat je nisem ve\u010d hlinila.<\/p>\n<p>Spodbujam vas, da sprejmete isto mo\u010d Svetega Duha. Naj vas On povede od tega, da \u00bbdelate\u00ab, do tega, da \u00bbste\u00ab.<\/p>\n<p><strong>Kratka molitev<\/strong><\/p>\n<p><em>Sveti Duh, daj mi svojo mo\u010d, tako da se lahko premaknem od tega, da \u00bbdelam\u00ab, do tega, da \u00bbsem\u00ab. \u017delim Te ljubiti in Ti slediti z vsem, kar sem v svojem jedru.<\/em><\/p>\n","protected":false},"excerpt":{"rendered":"<p>Spominjam se, da sem se kot na novo rojena kristjanka dejavno vklju\u010dila v cerkveno \u017eivljenje, nisem pa premagovala svojih te\u017eav.<\/p>\n","protected":false},"author":15,"featured_media":747,"parent":0,"menu_order":0,"comment_status":"closed","ping_status":"closed","template":"","class_list":["post-746","devotional","type-devotional","status-publish","has-post-thumbnail","hentry"],"acf":[],"appp":{"post_detail":{"above_title":"<div class=\"post-featured-wrap\"><img width=\"899\" height=\"506\" src=\"https:\/\/tv.joycemeyer.org\/slovene\/wp-content\/uploads\/sites\/89\/2020\/10\/95.jpg\" class=\"post-featured wp-post-image\" alt=\"\" decoding=\"async\" srcset=\"https:\/\/tv.joycemeyer.org\/slovene\/wp-content\/uploads\/sites\/89\/2020\/10\/95.jpg 899w, https:\/\/tv.joycemeyer.org\/slovene\/wp-content\/uploads\/sites\/89\/2020\/10\/95-300x169.jpg 300w, https:\/\/tv.joycemeyer.org\/slovene\/wp-content\/uploads\/sites\/89\/2020\/10\/95-768x432.jpg 768w, https:\/\/tv.joycemeyer.org\/slovene\/wp-content\/uploads\/sites\/89\/2020\/10\/95-640x360.jpg 640w\" sizes=\"(max-width: 899px) 100vw, 899px\" \/><\/div>","below_content":""}},"yoast_head":"<!-- This site is optimized with the Yoast SEO plugin v27.4 - https:\/\/yoast.com\/product\/yoast-seo-wordpress\/ -->\n<title>Naj vas Sveti Duh povede od tega, kar \u00bbdelate\u00ab, do tega, kar \u00bbste\u00ab - Joyce Meyer Ministries - Slovensko<\/title>\n<meta name=\"robots\" content=\"index, follow, max-snippet:-1, max-image-preview:large, max-video-preview:-1\" \/>\n<link rel=\"canonical\" href=\"https:\/\/tv.joycemeyer.org\/slovene\/devotional\/naj-vas-sveti-duh-povede-od\/\" \/>\n<meta property=\"og:locale\" content=\"en_US\" \/>\n<meta property=\"og:type\" content=\"article\" \/>\n<meta property=\"og:title\" content=\"Naj vas Sveti Duh povede od tega, kar \u00bbdelate\u00ab, do tega, kar \u00bbste\u00ab - Joyce Meyer Ministries - Slovensko\" \/>\n<meta property=\"og:description\" content=\"Spominjam se, da sem se kot na novo rojena kristjanka dejavno vklju\u010dila v cerkveno \u017eivljenje, nisem pa premagovala svojih te\u017eav.\" \/>\n<meta property=\"og:url\" content=\"https:\/\/tv.joycemeyer.org\/slovene\/devotional\/naj-vas-sveti-duh-povede-od\/\" \/>\n<meta property=\"og:site_name\" content=\"Joyce Meyer Ministries - Slovensko\" \/>\n<meta property=\"og:image\" content=\"https:\/\/tv.joycemeyer.org\/slovene\/wp-content\/uploads\/sites\/89\/2020\/10\/95.jpg\" \/>\n\t<meta property=\"og:image:width\" content=\"899\" \/>\n\t<meta property=\"og:image:height\" content=\"506\" \/>\n\t<meta property=\"og:image:type\" content=\"image\/jpeg\" \/>\n<meta name=\"twitter:card\" content=\"summary_large_image\" \/>\n<meta name=\"twitter:label1\" content=\"Est. reading time\" \/>\n\t<meta name=\"twitter:data1\" content=\"2 minutes\" \/>\n<script type=\"application\/ld+json\" class=\"yoast-schema-graph\">{\"@context\":\"https:\\\/\\\/schema.org\",\"@graph\":[{\"@type\":\"WebPage\",\"@id\":\"https:\\\/\\\/tv.joycemeyer.org\\\/slovene\\\/devotional\\\/naj-vas-sveti-duh-povede-od\\\/\",\"url\":\"https:\\\/\\\/tv.joycemeyer.org\\\/slovene\\\/devotional\\\/naj-vas-sveti-duh-povede-od\\\/\",\"name\":\"Naj vas Sveti Duh povede od tega, kar \u00bbdelate\u00ab, do tega, kar \u00bbste\u00ab - Joyce Meyer Ministries - Slovensko\",\"isPartOf\":{\"@id\":\"https:\\\/\\\/tv.joycemeyer.org\\\/slovene\\\/#website\"},\"primaryImageOfPage\":{\"@id\":\"https:\\\/\\\/tv.joycemeyer.org\\\/slovene\\\/devotional\\\/naj-vas-sveti-duh-povede-od\\\/#primaryimage\"},\"image\":{\"@id\":\"https:\\\/\\\/tv.joycemeyer.org\\\/slovene\\\/devotional\\\/naj-vas-sveti-duh-povede-od\\\/#primaryimage\"},\"thumbnailUrl\":\"https:\\\/\\\/tv.joycemeyer.org\\\/slovene\\\/wp-content\\\/uploads\\\/sites\\\/89\\\/2020\\\/10\\\/95.jpg\",\"datePublished\":\"2025-08-22T00:01:56+00:00\",\"breadcrumb\":{\"@id\":\"https:\\\/\\\/tv.joycemeyer.org\\\/slovene\\\/devotional\\\/naj-vas-sveti-duh-povede-od\\\/#breadcrumb\"},\"inLanguage\":\"en-US\",\"potentialAction\":[{\"@type\":\"ReadAction\",\"target\":[\"https:\\\/\\\/tv.joycemeyer.org\\\/slovene\\\/devotional\\\/naj-vas-sveti-duh-povede-od\\\/\"]}]},{\"@type\":\"ImageObject\",\"inLanguage\":\"en-US\",\"@id\":\"https:\\\/\\\/tv.joycemeyer.org\\\/slovene\\\/devotional\\\/naj-vas-sveti-duh-povede-od\\\/#primaryimage\",\"url\":\"https:\\\/\\\/tv.joycemeyer.org\\\/slovene\\\/wp-content\\\/uploads\\\/sites\\\/89\\\/2020\\\/10\\\/95.jpg\",\"contentUrl\":\"https:\\\/\\\/tv.joycemeyer.org\\\/slovene\\\/wp-content\\\/uploads\\\/sites\\\/89\\\/2020\\\/10\\\/95.jpg\",\"width\":899,\"height\":506,\"caption\":\"Naj vas Sveti Duh povede od tega, kar \u00bbdelate\u00ab, do tega, kar \u00bbste\u00ab\"},{\"@type\":\"BreadcrumbList\",\"@id\":\"https:\\\/\\\/tv.joycemeyer.org\\\/slovene\\\/devotional\\\/naj-vas-sveti-duh-povede-od\\\/#breadcrumb\",\"itemListElement\":[{\"@type\":\"ListItem\",\"position\":1,\"name\":\"Home\",\"item\":\"https:\\\/\\\/tv.joycemeyer.org\\\/slovene\\\/\"},{\"@type\":\"ListItem\",\"position\":2,\"name\":\"Devotional\",\"item\":\"https:\\\/\\\/tv.joycemeyer.org\\\/slovene\\\/devotional\\\/\"},{\"@type\":\"ListItem\",\"position\":3,\"name\":\"Naj vas Sveti Duh povede od tega, kar \u00bbdelate\u00ab, do tega, kar \u00bbste\u00ab\"}]},{\"@type\":\"WebSite\",\"@id\":\"https:\\\/\\\/tv.joycemeyer.org\\\/slovene\\\/#website\",\"url\":\"https:\\\/\\\/tv.joycemeyer.org\\\/slovene\\\/\",\"name\":\"Joyce Meyer Ministries - Slovensko\",\"description\":\"Deliti Kristusa - ljubiti ljudi\",\"potentialAction\":[{\"@type\":\"SearchAction\",\"target\":{\"@type\":\"EntryPoint\",\"urlTemplate\":\"https:\\\/\\\/tv.joycemeyer.org\\\/slovene\\\/?s={search_term_string}\"},\"query-input\":{\"@type\":\"PropertyValueSpecification\",\"valueRequired\":true,\"valueName\":\"search_term_string\"}}],\"inLanguage\":\"en-US\"}]}<\/script>\n<!-- \/ Yoast SEO plugin. -->","yoast_head_json":{"title":"Naj vas Sveti Duh povede od tega, kar \u00bbdelate\u00ab, do tega, kar \u00bbste\u00ab - Joyce Meyer Ministries - Slovensko","robots":{"index":"index","follow":"follow","max-snippet":"max-snippet:-1","max-image-preview":"max-image-preview:large","max-video-preview":"max-video-preview:-1"},"canonical":"https:\/\/tv.joycemeyer.org\/slovene\/devotional\/naj-vas-sveti-duh-povede-od\/","og_locale":"en_US","og_type":"article","og_title":"Naj vas Sveti Duh povede od tega, kar \u00bbdelate\u00ab, do tega, kar \u00bbste\u00ab - Joyce Meyer Ministries - Slovensko","og_description":"Spominjam se, da sem se kot na novo rojena kristjanka dejavno vklju\u010dila v cerkveno \u017eivljenje, nisem pa premagovala svojih te\u017eav.","og_url":"https:\/\/tv.joycemeyer.org\/slovene\/devotional\/naj-vas-sveti-duh-povede-od\/","og_site_name":"Joyce Meyer Ministries - Slovensko","og_image":[{"width":899,"height":506,"url":"https:\/\/tv.joycemeyer.org\/slovene\/wp-content\/uploads\/sites\/89\/2020\/10\/95.jpg","type":"image\/jpeg"}],"twitter_card":"summary_large_image","twitter_misc":{"Est. reading time":"2 minutes"},"schema":{"@context":"https:\/\/schema.org","@graph":[{"@type":"WebPage","@id":"https:\/\/tv.joycemeyer.org\/slovene\/devotional\/naj-vas-sveti-duh-povede-od\/","url":"https:\/\/tv.joycemeyer.org\/slovene\/devotional\/naj-vas-sveti-duh-povede-od\/","name":"Naj vas Sveti Duh povede od tega, kar \u00bbdelate\u00ab, do tega, kar \u00bbste\u00ab - Joyce Meyer Ministries - Slovensko","isPartOf":{"@id":"https:\/\/tv.joycemeyer.org\/slovene\/#website"},"primaryImageOfPage":{"@id":"https:\/\/tv.joycemeyer.org\/slovene\/devotional\/naj-vas-sveti-duh-povede-od\/#primaryimage"},"image":{"@id":"https:\/\/tv.joycemeyer.org\/slovene\/devotional\/naj-vas-sveti-duh-povede-od\/#primaryimage"},"thumbnailUrl":"https:\/\/tv.joycemeyer.org\/slovene\/wp-content\/uploads\/sites\/89\/2020\/10\/95.jpg","datePublished":"2025-08-22T00:01:56+00:00","breadcrumb":{"@id":"https:\/\/tv.joycemeyer.org\/slovene\/devotional\/naj-vas-sveti-duh-povede-od\/#breadcrumb"},"inLanguage":"en-US","potentialAction":[{"@type":"ReadAction","target":["https:\/\/tv.joycemeyer.org\/slovene\/devotional\/naj-vas-sveti-duh-povede-od\/"]}]},{"@type":"ImageObject","inLanguage":"en-US","@id":"https:\/\/tv.joycemeyer.org\/slovene\/devotional\/naj-vas-sveti-duh-povede-od\/#primaryimage","url":"https:\/\/tv.joycemeyer.org\/slovene\/wp-content\/uploads\/sites\/89\/2020\/10\/95.jpg","contentUrl":"https:\/\/tv.joycemeyer.org\/slovene\/wp-content\/uploads\/sites\/89\/2020\/10\/95.jpg","width":899,"height":506,"caption":"Naj vas Sveti Duh povede od tega, kar \u00bbdelate\u00ab, do tega, kar \u00bbste\u00ab"},{"@type":"BreadcrumbList","@id":"https:\/\/tv.joycemeyer.org\/slovene\/devotional\/naj-vas-sveti-duh-povede-od\/#breadcrumb","itemListElement":[{"@type":"ListItem","position":1,"name":"Home","item":"https:\/\/tv.joycemeyer.org\/slovene\/"},{"@type":"ListItem","position":2,"name":"Devotional","item":"https:\/\/tv.joycemeyer.org\/slovene\/devotional\/"},{"@type":"ListItem","position":3,"name":"Naj vas Sveti Duh povede od tega, kar \u00bbdelate\u00ab, do tega, kar \u00bbste\u00ab"}]},{"@type":"WebSite","@id":"https:\/\/tv.joycemeyer.org\/slovene\/#website","url":"https:\/\/tv.joycemeyer.org\/slovene\/","name":"Joyce Meyer Ministries - Slovensko","description":"Deliti Kristusa - ljubiti ljudi","potentialAction":[{"@type":"SearchAction","target":{"@type":"EntryPoint","urlTemplate":"https:\/\/tv.joycemeyer.org\/slovene\/?s={search_term_string}"},"query-input":{"@type":"PropertyValueSpecification","valueRequired":true,"valueName":"search_term_string"}}],"inLanguage":"en-US"}]}},"_links":{"self":[{"href":"https:\/\/tv.joycemeyer.org\/slovene\/wp-json\/wp\/v2\/devotional\/746","targetHints":{"allow":["GET"]}}],"collection":[{"href":"https:\/\/tv.joycemeyer.org\/slovene\/wp-json\/wp\/v2\/devotional"}],"about":[{"href":"https:\/\/tv.joycemeyer.org\/slovene\/wp-json\/wp\/v2\/types\/devotional"}],"author":[{"embeddable":true,"href":"https:\/\/tv.joycemeyer.org\/slovene\/wp-json\/wp\/v2\/users\/15"}],"replies":[{"embeddable":true,"href":"https:\/\/tv.joycemeyer.org\/slovene\/wp-json\/wp\/v2\/comments?post=746"}],"wp:featuredmedia":[{"embeddable":true,"href":"https:\/\/tv.joycemeyer.org\/slovene\/wp-json\/wp\/v2\/media\/747"}],"wp:attachment":[{"href":"https:\/\/tv.joycemeyer.org\/slovene\/wp-json\/wp\/v2\/media?parent=746"}],"curies":[{"name":"wp","href":"https:\/\/api.w.org\/{rel}","templated":true}]}}

<p><strong>Toda prejeli boste moč (zmožnost, učinkovitost in oblast), ko pride na (nad, v) vas Sveti Duh, in boste moje priče … do konca (skrajnih mej) sveta.   (Apostolska dela 1,8)</strong></p>
<p>Spominjam se, da sem se kot na novo rojena kristjanka dejavno vključila v cerkveno življenje, nisem pa premagovala svojih težav. Mislila sem, da bom srečna, če bom ravnala kot kristjanka in si bom za to kar najbolj prizadevala. Ampak delati, kar je prav, ni bilo dovolj; morala sem se spremeniti navznoter.</p>
<p>Apostolska dela 1,8 govorijo o sprejemanju Božje moči, da bomo Njegove priče. Ste opazili, da ne pravi, naj ne le pričujem, temveč bodimo priče. Delati je drugače kot biti. Svojo zunanjost sem spolirala, moja notranjost pa je bila razbitina. Precej pogosto je moj notranji nemir eksplodiral in potem so lahko vsi videli, da nisem bila takšna, kot sem želela biti.</p>
<p>Tako sem hvaležna, da sem prišla do točke, kjer sem obupno potrebovala Božjo potezo. Vedela sem, da mora biti več kot to, kar sem izkusila v odnosu z Njim. Ko sem v molitvi klicala k Njemu po pomoč, se je mogočno dotaknil mojega življenja; izlil je Svetega Duha in mi dal pravo ljubezen do Boga in do Njegove Besede, kot je nisem imela nikoli prej. Od takrat je nisem več hlinila.</p>
<p>Spodbujam vas, da sprejmete isto moč Svetega Duha. Naj vas On povede od tega, da »delate«, do tega, da »ste«.</p>
<p><strong>Kratka molitev</strong></p>
<p><em>Sveti Duh, daj mi svojo moč, tako da se lahko premaknem od tega, da »delam«, do tega, da »sem«. Želim Te ljubiti in Ti slediti z vsem, kar sem v svojem jedru.</em></p>

<p>Spominjam se, da sem se kot na novo rojena kristjanka dejavno vključila v cerkveno življenje, nisem pa premagovala svojih težav.</p>

<!-- This site is optimized with the Yoast SEO plugin v27.4 - https://yoast.com/product/yoast-seo-wordpress/ -->
<title>Naj vas Sveti Duh povede od tega, kar »delate«, do tega, kar »ste« - Joyce Meyer Ministries - Slovensko</title>
<meta name="robots" content="index, follow, max-snippet:-1, max-image-preview:large, max-video-preview:-1" />
<link rel="canonical" href="https://tv.joycemeyer.org/slovene/devotional/naj-vas-sveti-duh-povede-od/" />
<meta property="og:locale" content="en_US" />
<meta property="og:type" content="article" />
<meta property="og:title" content="Naj vas Sveti Duh povede od tega, kar »delate«, do tega, kar »ste« - Joyce Meyer Ministries - Slovensko" />
<meta property="og:description" content="Spominjam se, da sem se kot na novo rojena kristjanka dejavno vključila v cerkveno življenje, nisem pa premagovala svojih težav." />
<meta property="og:url" content="https://tv.joycemeyer.org/slovene/devotional/naj-vas-sveti-duh-povede-od/" />
<meta property="og:site_name" content="Joyce Meyer Ministries - Slovensko" />
<meta property="og:image" content="https://tv.joycemeyer.org/slovene/wp-content/uploads/sites/89/2020/10/95.jpg" />
	<meta property="og:image:width" content="899" />
	<meta property="og:image:height" content="506" />
	<meta property="og:image:type" content="image/jpeg" />
<meta name="twitter:card" content="summary_large_image" />
<meta name="twitter:label1" content="Est. reading time" />
	<meta name="twitter:data1" content="2 minutes" />
<script type="application/ld+json" class="yoast-schema-graph">{"@context":"https:\/\/schema.org","@graph":[{"@type":"WebPage","@id":"https:\/\/tv.joycemeyer.org\/slovene\/devotional\/naj-vas-sveti-duh-povede-od\/","url":"https:\/\/tv.joycemeyer.org\/slovene\/devotional\/naj-vas-sveti-duh-povede-od\/","name":"Naj vas Sveti Duh povede od tega, kar »delate«, do tega, kar »ste« - Joyce Meyer Ministries - Slovensko","isPartOf":{"@id":"https:\/\/tv.joycemeyer.org\/slovene\/#website"},"primaryImageOfPage":{"@id":"https:\/\/tv.joycemeyer.org\/slovene\/devotional\/naj-vas-sveti-duh-povede-od\/#primaryimage"},"image":{"@id":"https:\/\/tv.joycemeyer.org\/slovene\/devotional\/naj-vas-sveti-duh-povede-od\/#primaryimage"},"thumbnailUrl":"https:\/\/tv.joycemeyer.org\/slovene\/wp-content\/uploads\/sites\/89\/2020\/10\/95.jpg","datePublished":"2025-08-22T00:01:56+00:00","breadcrumb":{"@id":"https:\/\/tv.joycemeyer.org\/slovene\/devotional\/naj-vas-sveti-duh-povede-od\/#breadcrumb"},"inLanguage":"en-US","potentialAction":[{"@type":"ReadAction","target":["https:\/\/tv.joycemeyer.org\/slovene\/devotional\/naj-vas-sveti-duh-povede-od\/"]}]},{"@type":"ImageObject","inLanguage":"en-US","@id":"https:\/\/tv.joycemeyer.org\/slovene\/devotional\/naj-vas-sveti-duh-povede-od\/#primaryimage","url":"https:\/\/tv.joycemeyer.org\/slovene\/wp-content\/uploads\/sites\/89\/2020\/10\/95.jpg","contentUrl":"https:\/\/tv.joycemeyer.org\/slovene\/wp-content\/uploads\/sites\/89\/2020\/10\/95.jpg","width":899,"height":506,"caption":"Naj vas Sveti Duh povede od tega, kar »delate«, do tega, kar »ste«"},{"@type":"BreadcrumbList","@id":"https:\/\/tv.joycemeyer.org\/slovene\/devotional\/naj-vas-sveti-duh-povede-od\/#breadcrumb","itemListElement":[{"@type":"ListItem","position":1,"name":"Home","item":"https:\/\/tv.joycemeyer.org\/slovene\/"},{"@type":"ListItem","position":2,"name":"Devotional","item":"https:\/\/tv.joycemeyer.org\/slovene\/devotional\/"},{"@type":"ListItem","position":3,"name":"Naj vas Sveti Duh povede od tega, kar »delate«, do tega, kar »ste«"}]},{"@type":"WebSite","@id":"https:\/\/tv.joycemeyer.org\/slovene\/#website","url":"https:\/\/tv.joycemeyer.org\/slovene\/","name":"Joyce Meyer Ministries - Slovensko","description":"Deliti Kristusa - ljubiti ljudi","potentialAction":[{"@type":"SearchAction","target":{"@type":"EntryPoint","urlTemplate":"https:\/\/tv.joycemeyer.org\/slovene\/?s={search_term_string}"},"query-input":{"@type":"PropertyValueSpecification","valueRequired":true,"valueName":"search_term_string"}}],"inLanguage":"en-US"}]}</script>
<!-- / Yoast SEO plugin. -->

Spominjam se, da sem se kot na novo rojena kristjanka dejavno vključila v cerkveno življenje, nisem pa premagovala svojih težav.
