{"id":1119,"date":"2025-11-28T00:01:37","date_gmt":"2025-11-28T00:01:37","guid":{"rendered":"https:\/\/tv.joycemeyer.org\/srbija\/?post_type=devotional&#038;p=1119"},"modified":"2025-07-22T13:54:03","modified_gmt":"2025-07-22T13:54:03","slug":"preuzmi-odgovornost-za-svoju","status":"publish","type":"devotional","link":"https:\/\/tv.joycemeyer.org\/srbija\/devotional\/preuzmi-odgovornost-za-svoju\/","title":{"rendered":"Preuzmi odgovornost za svoju ljutnju"},"content":{"rendered":"<blockquote><p>\u2018\u2019Ne \u017euri da se razgnevi\u0161, jer gnev boravi u nedrima bezumnika.\u2019\u2019 Propovednik 7:9<\/p><\/blockquote>\n<p>Sva ljutnja, bez obzira na njen uzrok, ima isti efekat na na\u0161 \u017eivot. Uznemiruje nas i izaziva pritisak. Dr\u017eati ljutnju u sebi i praviti se da je nema, \u010dak mo\u017ee biti opasno po na\u0161e zdravlje. Time najvi\u0161e povre\u0111ujemo sebe, a osoba koja nas je naljutila nije ni svesna na\u0161e ljutnje.<\/p>\n<p>Borila sam se sa stra\u0161nom ljutnjom dok mi Bog nije pokazao kako da se suo\u010dim sa tim i prevazi\u0111em je. Na kraju sam nau\u010dila da na pozitivan na\u010din procesuiram svoj bes. To je bilo mesto novog po\u010detka za mene.<\/p>\n<p>Kada se suo\u010di\u0161 sa svojom ljutnjom i odlu\u010di\u0161 da se nosis sa tim na Bo\u017eiji na\u010din, mo\u017ee\u0161 da je savlada\u0161. Sveti Duh nam daje snagu da budemo stabilni i da hodamo u plodovima Duha. Imamo mo\u0107 da oprostimo onima koji su nas povredili i da volimo ono \u0161to je naizgled nemogu\u0107e voleti.<\/p>\n<p>Zato treba da preuzmemo odgovornost za svoj bes i da nau\u010dimo kako da se nosimi sa njim. Umesto da ga dr\u017eimo u sebi, tra\u017ei od Gospoda da ti pomogne da se oslohodi\u0161 toga.<\/p>\n<hr \/>\n<p>Po\u010detak molitve:<\/p>\n<p>Gospode, ne \u017eelim da dr\u017eim u sebi ljutnju jer je to glupo i nije ugodno Tebi. Tra\u017eim Tvoju pomo\u0107 da savladam greh u svom \u017eivotu.<\/p>\n","protected":false},"excerpt":{"rendered":"<p>Sva ljutnja, bez obzira na njen uzrok, ima isti efekat na na\u0161 \u017eivot &#8230;<\/p>\n","protected":false},"author":15,"featured_media":1120,"parent":0,"menu_order":0,"comment_status":"closed","ping_status":"closed","template":"","class_list":["post-1119","devotional","type-devotional","status-publish","has-post-thumbnail","hentry"],"acf":[],"appp":{"post_detail":{"above_title":"<div class=\"post-featured-wrap\"><img width=\"960\" height=\"540\" src=\"https:\/\/tv.joycemeyer.org\/srbija\/wp-content\/uploads\/sites\/86\/2020\/02\/1032.jpg\" class=\"post-featured wp-post-image\" alt=\"\" decoding=\"async\" srcset=\"https:\/\/tv.joycemeyer.org\/srbija\/wp-content\/uploads\/sites\/86\/2020\/02\/1032.jpg 960w, https:\/\/tv.joycemeyer.org\/srbija\/wp-content\/uploads\/sites\/86\/2020\/02\/1032-300x169.jpg 300w, https:\/\/tv.joycemeyer.org\/srbija\/wp-content\/uploads\/sites\/86\/2020\/02\/1032-768x432.jpg 768w, https:\/\/tv.joycemeyer.org\/srbija\/wp-content\/uploads\/sites\/86\/2020\/02\/1032-640x360.jpg 640w\" sizes=\"(max-width: 960px) 100vw, 960px\" \/><\/div>","below_content":"<div class=\"follow\"><ul class=\"nav nav--social nav--flex\"><\/ul><\/div>"}},"yoast_head":"<!-- This site is optimized with the Yoast SEO plugin v27.4 - https:\/\/yoast.com\/product\/yoast-seo-wordpress\/ -->\n<title>Preuzmi odgovornost za svoju ljutnju - Joyce Meyer Ministries - Srbija<\/title>\n<meta name=\"robots\" content=\"index, follow, max-snippet:-1, max-image-preview:large, max-video-preview:-1\" \/>\n<link rel=\"canonical\" href=\"https:\/\/tv.joycemeyer.org\/srbija\/devotional\/preuzmi-odgovornost-za-svoju\/\" \/>\n<meta property=\"og:locale\" content=\"en_US\" \/>\n<meta property=\"og:type\" content=\"article\" \/>\n<meta property=\"og:title\" content=\"Preuzmi odgovornost za svoju ljutnju - Joyce Meyer Ministries - Srbija\" \/>\n<meta property=\"og:description\" content=\"Sva ljutnja, bez obzira na njen uzrok, ima isti efekat na na\u0161 \u017eivot ...\" \/>\n<meta property=\"og:url\" content=\"https:\/\/tv.joycemeyer.org\/srbija\/devotional\/preuzmi-odgovornost-za-svoju\/\" \/>\n<meta property=\"og:site_name\" content=\"Joyce Meyer Ministries - Srbija\" \/>\n<meta property=\"og:image\" content=\"https:\/\/tv.joycemeyer.org\/srbija\/wp-content\/uploads\/sites\/86\/2020\/02\/1032.jpg\" \/>\n\t<meta property=\"og:image:width\" content=\"960\" \/>\n\t<meta property=\"og:image:height\" content=\"540\" \/>\n\t<meta property=\"og:image:type\" content=\"image\/jpeg\" \/>\n<meta name=\"twitter:card\" content=\"summary_large_image\" \/>\n<meta name=\"twitter:label1\" content=\"Est. reading time\" \/>\n\t<meta name=\"twitter:data1\" content=\"2 minutes\" \/>\n<script type=\"application\/ld+json\" class=\"yoast-schema-graph\">{\"@context\":\"https:\\\/\\\/schema.org\",\"@graph\":[{\"@type\":\"WebPage\",\"@id\":\"https:\\\/\\\/tv.joycemeyer.org\\\/srbija\\\/devotional\\\/preuzmi-odgovornost-za-svoju\\\/\",\"url\":\"https:\\\/\\\/tv.joycemeyer.org\\\/srbija\\\/devotional\\\/preuzmi-odgovornost-za-svoju\\\/\",\"name\":\"Preuzmi odgovornost za svoju ljutnju - Joyce Meyer Ministries - Srbija\",\"isPartOf\":{\"@id\":\"https:\\\/\\\/tv.joycemeyer.org\\\/srbija\\\/#website\"},\"primaryImageOfPage\":{\"@id\":\"https:\\\/\\\/tv.joycemeyer.org\\\/srbija\\\/devotional\\\/preuzmi-odgovornost-za-svoju\\\/#primaryimage\"},\"image\":{\"@id\":\"https:\\\/\\\/tv.joycemeyer.org\\\/srbija\\\/devotional\\\/preuzmi-odgovornost-za-svoju\\\/#primaryimage\"},\"thumbnailUrl\":\"https:\\\/\\\/tv.joycemeyer.org\\\/srbija\\\/wp-content\\\/uploads\\\/sites\\\/86\\\/2020\\\/02\\\/1032.jpg\",\"datePublished\":\"2025-11-28T00:01:37+00:00\",\"breadcrumb\":{\"@id\":\"https:\\\/\\\/tv.joycemeyer.org\\\/srbija\\\/devotional\\\/preuzmi-odgovornost-za-svoju\\\/#breadcrumb\"},\"inLanguage\":\"en-US\",\"potentialAction\":[{\"@type\":\"ReadAction\",\"target\":[\"https:\\\/\\\/tv.joycemeyer.org\\\/srbija\\\/devotional\\\/preuzmi-odgovornost-za-svoju\\\/\"]}]},{\"@type\":\"ImageObject\",\"inLanguage\":\"en-US\",\"@id\":\"https:\\\/\\\/tv.joycemeyer.org\\\/srbija\\\/devotional\\\/preuzmi-odgovornost-za-svoju\\\/#primaryimage\",\"url\":\"https:\\\/\\\/tv.joycemeyer.org\\\/srbija\\\/wp-content\\\/uploads\\\/sites\\\/86\\\/2020\\\/02\\\/1032.jpg\",\"contentUrl\":\"https:\\\/\\\/tv.joycemeyer.org\\\/srbija\\\/wp-content\\\/uploads\\\/sites\\\/86\\\/2020\\\/02\\\/1032.jpg\",\"width\":\"960\",\"height\":\"540\",\"caption\":\"Preuzmi odgovornost za svoju ljutnju\"},{\"@type\":\"BreadcrumbList\",\"@id\":\"https:\\\/\\\/tv.joycemeyer.org\\\/srbija\\\/devotional\\\/preuzmi-odgovornost-za-svoju\\\/#breadcrumb\",\"itemListElement\":[{\"@type\":\"ListItem\",\"position\":1,\"name\":\"Home\",\"item\":\"https:\\\/\\\/tv.joycemeyer.org\\\/srbija\\\/\"},{\"@type\":\"ListItem\",\"position\":2,\"name\":\"Devotional\",\"item\":\"https:\\\/\\\/tv.joycemeyer.org\\\/srbija\\\/devotional\\\/\"},{\"@type\":\"ListItem\",\"position\":3,\"name\":\"Preuzmi odgovornost za svoju ljutnju\"}]},{\"@type\":\"WebSite\",\"@id\":\"https:\\\/\\\/tv.joycemeyer.org\\\/srbija\\\/#website\",\"url\":\"https:\\\/\\\/tv.joycemeyer.org\\\/srbija\\\/\",\"name\":\"Joyce Meyer Ministries - Srbija\",\"description\":\"Deliti Hrista - voleti ljude\",\"potentialAction\":[{\"@type\":\"SearchAction\",\"target\":{\"@type\":\"EntryPoint\",\"urlTemplate\":\"https:\\\/\\\/tv.joycemeyer.org\\\/srbija\\\/?s={search_term_string}\"},\"query-input\":{\"@type\":\"PropertyValueSpecification\",\"valueRequired\":true,\"valueName\":\"search_term_string\"}}],\"inLanguage\":\"en-US\"}]}<\/script>\n<!-- \/ Yoast SEO plugin. -->","yoast_head_json":{"title":"Preuzmi odgovornost za svoju ljutnju - Joyce Meyer Ministries - Srbija","robots":{"index":"index","follow":"follow","max-snippet":"max-snippet:-1","max-image-preview":"max-image-preview:large","max-video-preview":"max-video-preview:-1"},"canonical":"https:\/\/tv.joycemeyer.org\/srbija\/devotional\/preuzmi-odgovornost-za-svoju\/","og_locale":"en_US","og_type":"article","og_title":"Preuzmi odgovornost za svoju ljutnju - Joyce Meyer Ministries - Srbija","og_description":"Sva ljutnja, bez obzira na njen uzrok, ima isti efekat na na\u0161 \u017eivot ...","og_url":"https:\/\/tv.joycemeyer.org\/srbija\/devotional\/preuzmi-odgovornost-za-svoju\/","og_site_name":"Joyce Meyer Ministries - Srbija","og_image":[{"width":960,"height":540,"url":"https:\/\/tv.joycemeyer.org\/srbija\/wp-content\/uploads\/sites\/86\/2020\/02\/1032.jpg","type":"image\/jpeg"}],"twitter_card":"summary_large_image","twitter_misc":{"Est. reading time":"2 minutes"},"schema":{"@context":"https:\/\/schema.org","@graph":[{"@type":"WebPage","@id":"https:\/\/tv.joycemeyer.org\/srbija\/devotional\/preuzmi-odgovornost-za-svoju\/","url":"https:\/\/tv.joycemeyer.org\/srbija\/devotional\/preuzmi-odgovornost-za-svoju\/","name":"Preuzmi odgovornost za svoju ljutnju - Joyce Meyer Ministries - Srbija","isPartOf":{"@id":"https:\/\/tv.joycemeyer.org\/srbija\/#website"},"primaryImageOfPage":{"@id":"https:\/\/tv.joycemeyer.org\/srbija\/devotional\/preuzmi-odgovornost-za-svoju\/#primaryimage"},"image":{"@id":"https:\/\/tv.joycemeyer.org\/srbija\/devotional\/preuzmi-odgovornost-za-svoju\/#primaryimage"},"thumbnailUrl":"https:\/\/tv.joycemeyer.org\/srbija\/wp-content\/uploads\/sites\/86\/2020\/02\/1032.jpg","datePublished":"2025-11-28T00:01:37+00:00","breadcrumb":{"@id":"https:\/\/tv.joycemeyer.org\/srbija\/devotional\/preuzmi-odgovornost-za-svoju\/#breadcrumb"},"inLanguage":"en-US","potentialAction":[{"@type":"ReadAction","target":["https:\/\/tv.joycemeyer.org\/srbija\/devotional\/preuzmi-odgovornost-za-svoju\/"]}]},{"@type":"ImageObject","inLanguage":"en-US","@id":"https:\/\/tv.joycemeyer.org\/srbija\/devotional\/preuzmi-odgovornost-za-svoju\/#primaryimage","url":"https:\/\/tv.joycemeyer.org\/srbija\/wp-content\/uploads\/sites\/86\/2020\/02\/1032.jpg","contentUrl":"https:\/\/tv.joycemeyer.org\/srbija\/wp-content\/uploads\/sites\/86\/2020\/02\/1032.jpg","width":"960","height":"540","caption":"Preuzmi odgovornost za svoju ljutnju"},{"@type":"BreadcrumbList","@id":"https:\/\/tv.joycemeyer.org\/srbija\/devotional\/preuzmi-odgovornost-za-svoju\/#breadcrumb","itemListElement":[{"@type":"ListItem","position":1,"name":"Home","item":"https:\/\/tv.joycemeyer.org\/srbija\/"},{"@type":"ListItem","position":2,"name":"Devotional","item":"https:\/\/tv.joycemeyer.org\/srbija\/devotional\/"},{"@type":"ListItem","position":3,"name":"Preuzmi odgovornost za svoju ljutnju"}]},{"@type":"WebSite","@id":"https:\/\/tv.joycemeyer.org\/srbija\/#website","url":"https:\/\/tv.joycemeyer.org\/srbija\/","name":"Joyce Meyer Ministries - Srbija","description":"Deliti Hrista - voleti ljude","potentialAction":[{"@type":"SearchAction","target":{"@type":"EntryPoint","urlTemplate":"https:\/\/tv.joycemeyer.org\/srbija\/?s={search_term_string}"},"query-input":{"@type":"PropertyValueSpecification","valueRequired":true,"valueName":"search_term_string"}}],"inLanguage":"en-US"}]}},"_links":{"self":[{"href":"https:\/\/tv.joycemeyer.org\/srbija\/wp-json\/wp\/v2\/devotional\/1119","targetHints":{"allow":["GET"]}}],"collection":[{"href":"https:\/\/tv.joycemeyer.org\/srbija\/wp-json\/wp\/v2\/devotional"}],"about":[{"href":"https:\/\/tv.joycemeyer.org\/srbija\/wp-json\/wp\/v2\/types\/devotional"}],"author":[{"embeddable":true,"href":"https:\/\/tv.joycemeyer.org\/srbija\/wp-json\/wp\/v2\/users\/15"}],"replies":[{"embeddable":true,"href":"https:\/\/tv.joycemeyer.org\/srbija\/wp-json\/wp\/v2\/comments?post=1119"}],"wp:featuredmedia":[{"embeddable":true,"href":"https:\/\/tv.joycemeyer.org\/srbija\/wp-json\/wp\/v2\/media\/1120"}],"wp:attachment":[{"href":"https:\/\/tv.joycemeyer.org\/srbija\/wp-json\/wp\/v2\/media?parent=1119"}],"curies":[{"name":"wp","href":"https:\/\/api.w.org\/{rel}","templated":true}]}}

<blockquote><p>‘’Ne žuri da se razgneviš, jer gnev boravi u nedrima bezumnika.’’ Propovednik 7:9</p></blockquote>
<p>Sva ljutnja, bez obzira na njen uzrok, ima isti efekat na naš život. Uznemiruje nas i izaziva pritisak. Držati ljutnju u sebi i praviti se da je nema, čak može biti opasno po naše zdravlje. Time najviše povređujemo sebe, a osoba koja nas je naljutila nije ni svesna naše ljutnje.</p>
<p>Borila sam se sa strašnom ljutnjom dok mi Bog nije pokazao kako da se suočim sa tim i prevaziđem je. Na kraju sam naučila da na pozitivan način procesuiram svoj bes. To je bilo mesto novog početka za mene.</p>
<p>Kada se suočiš sa svojom ljutnjom i odlučiš da se nosis sa tim na Božiji način, možeš da je savladaš. Sveti Duh nam daje snagu da budemo stabilni i da hodamo u plodovima Duha. Imamo moć da oprostimo onima koji su nas povredili i da volimo ono što je naizgled nemoguće voleti.</p>
<p>Zato treba da preuzmemo odgovornost za svoj bes i da naučimo kako da se nosimi sa njim. Umesto da ga držimo u sebi, traži od Gospoda da ti pomogne da se oslohodiš toga.</p>
<hr />
<p>Početak molitve:</p>
<p>Gospode, ne želim da držim u sebi ljutnju jer je to glupo i nije ugodno Tebi. Tražim Tvoju pomoć da savladam greh u svom životu.</p>

<p>Sva ljutnja, bez obzira na njen uzrok, ima isti efekat na naš život &#8230;</p>

<!-- This site is optimized with the Yoast SEO plugin v27.4 - https://yoast.com/product/yoast-seo-wordpress/ -->
<title>Preuzmi odgovornost za svoju ljutnju - Joyce Meyer Ministries - Srbija</title>
<meta name="robots" content="index, follow, max-snippet:-1, max-image-preview:large, max-video-preview:-1" />
<link rel="canonical" href="https://tv.joycemeyer.org/srbija/devotional/preuzmi-odgovornost-za-svoju/" />
<meta property="og:locale" content="en_US" />
<meta property="og:type" content="article" />
<meta property="og:title" content="Preuzmi odgovornost za svoju ljutnju - Joyce Meyer Ministries - Srbija" />
<meta property="og:description" content="Sva ljutnja, bez obzira na njen uzrok, ima isti efekat na naš život ..." />
<meta property="og:url" content="https://tv.joycemeyer.org/srbija/devotional/preuzmi-odgovornost-za-svoju/" />
<meta property="og:site_name" content="Joyce Meyer Ministries - Srbija" />
<meta property="og:image" content="https://tv.joycemeyer.org/srbija/wp-content/uploads/sites/86/2020/02/1032.jpg" />
	<meta property="og:image:width" content="960" />
	<meta property="og:image:height" content="540" />
	<meta property="og:image:type" content="image/jpeg" />
<meta name="twitter:card" content="summary_large_image" />
<meta name="twitter:label1" content="Est. reading time" />
	<meta name="twitter:data1" content="2 minutes" />
<script type="application/ld+json" class="yoast-schema-graph">{"@context":"https:\/\/schema.org","@graph":[{"@type":"WebPage","@id":"https:\/\/tv.joycemeyer.org\/srbija\/devotional\/preuzmi-odgovornost-za-svoju\/","url":"https:\/\/tv.joycemeyer.org\/srbija\/devotional\/preuzmi-odgovornost-za-svoju\/","name":"Preuzmi odgovornost za svoju ljutnju - Joyce Meyer Ministries - Srbija","isPartOf":{"@id":"https:\/\/tv.joycemeyer.org\/srbija\/#website"},"primaryImageOfPage":{"@id":"https:\/\/tv.joycemeyer.org\/srbija\/devotional\/preuzmi-odgovornost-za-svoju\/#primaryimage"},"image":{"@id":"https:\/\/tv.joycemeyer.org\/srbija\/devotional\/preuzmi-odgovornost-za-svoju\/#primaryimage"},"thumbnailUrl":"https:\/\/tv.joycemeyer.org\/srbija\/wp-content\/uploads\/sites\/86\/2020\/02\/1032.jpg","datePublished":"2025-11-28T00:01:37+00:00","breadcrumb":{"@id":"https:\/\/tv.joycemeyer.org\/srbija\/devotional\/preuzmi-odgovornost-za-svoju\/#breadcrumb"},"inLanguage":"en-US","potentialAction":[{"@type":"ReadAction","target":["https:\/\/tv.joycemeyer.org\/srbija\/devotional\/preuzmi-odgovornost-za-svoju\/"]}]},{"@type":"ImageObject","inLanguage":"en-US","@id":"https:\/\/tv.joycemeyer.org\/srbija\/devotional\/preuzmi-odgovornost-za-svoju\/#primaryimage","url":"https:\/\/tv.joycemeyer.org\/srbija\/wp-content\/uploads\/sites\/86\/2020\/02\/1032.jpg","contentUrl":"https:\/\/tv.joycemeyer.org\/srbija\/wp-content\/uploads\/sites\/86\/2020\/02\/1032.jpg","width":"960","height":"540","caption":"Preuzmi odgovornost za svoju ljutnju"},{"@type":"BreadcrumbList","@id":"https:\/\/tv.joycemeyer.org\/srbija\/devotional\/preuzmi-odgovornost-za-svoju\/#breadcrumb","itemListElement":[{"@type":"ListItem","position":1,"name":"Home","item":"https:\/\/tv.joycemeyer.org\/srbija\/"},{"@type":"ListItem","position":2,"name":"Devotional","item":"https:\/\/tv.joycemeyer.org\/srbija\/devotional\/"},{"@type":"ListItem","position":3,"name":"Preuzmi odgovornost za svoju ljutnju"}]},{"@type":"WebSite","@id":"https:\/\/tv.joycemeyer.org\/srbija\/#website","url":"https:\/\/tv.joycemeyer.org\/srbija\/","name":"Joyce Meyer Ministries - Srbija","description":"Deliti Hrista - voleti ljude","potentialAction":[{"@type":"SearchAction","target":{"@type":"EntryPoint","urlTemplate":"https:\/\/tv.joycemeyer.org\/srbija\/?s={search_term_string}"},"query-input":{"@type":"PropertyValueSpecification","valueRequired":true,"valueName":"search_term_string"}}],"inLanguage":"en-US"}]}</script>
<!-- / Yoast SEO plugin. -->

Sva ljutnja, bez obzira na njen uzrok, ima isti efekat na naš život ...
