{"id":1267,"date":"2020-10-24T18:37:14","date_gmt":"2020-10-24T18:37:14","guid":{"rendered":"https:\/\/tv.joycemeyer.org\/srbija\/?post_type=devotional&#038;p=1267"},"modified":"2020-10-27T18:37:55","modified_gmt":"2020-10-27T18:37:55","slug":"svi-smo-mi-usvojeni","status":"publish","type":"devotional","link":"https:\/\/tv.joycemeyer.org\/srbija\/devotional\/svi-smo-mi-usvojeni\/","title":{"rendered":"Svi smo mi usvojeni"},"content":{"rendered":"<p><strong>\u2018\u2019U njemu nas je izabrao pre postanka sveta, da pred njim budemo sveti i bez mane. U ljubavi nas je predodredio, da nas svojom blagonaklono\u0161\u0107u i voljom kroz Isusa Hrista usvoji kao sinove.\u2019\u2019 Efescima 1:4-5<\/strong><\/p>\n<p>Kada sam upoznala svog supruga Dejva, imala sam dvadeset tri godine i devetomese\u010dnu bebu iz prvog braka koji je sklopnjen kada sam imala osamnaest godina, a zavr\u0161io se razvodom zbog napu\u0161tanja i preljube mog tada\u0161njeg supruga.<\/p>\n<p>Kada me je Dejv zaprosio, rekla sam mu: \u2018\u2019Zna\u0161 da imam sina, nas dvoje idemo u paketu, ako ho\u0107e\u0161 mene, dobija\u0161 i njega\u2019\u2019<\/p>\n<p>Tada mi je Dejv rekao ne\u0161to predivno: \u2018\u2019Ne poznajem dobro tvog sina, ali znam da volim tebe, i vole\u0107u sve i svakog ko je deo tebe.\u2019\u2019<\/p>\n<p>Ljudi se iznenade kada saznaju da Dejv nije Dejvidov otac jer ljudi stalno govore kako njih dvojica li\u010de. I istina je, neverovatno li\u010de. Tako\u0111e, jedno od imena im je isto &#8211; Dejvid, ime koje sam izabrala sa svog sina mnogo pre nego \u0161to sam upoznala svog supruga Dejva.<\/p>\n<p>Kada nas je Bog usvojio kao svoju decu, \u017eeli da nam pomogne da li\u010dimo na Njega na neverovatan na\u010din. Pre usvajanja ne li\u010dimo na Njega, ali ba\u0161 kao \u0161to je Dejvid poprimao osobine svog o\u010duha, tako i mi po\u010dinjemo da primamo Bo\u017eije osobine kako rastemo u odnosu sa Njim.<\/p>\n<p>Kada sam ja usvojena u Bo\u017eiju porodicu, nisam se pona\u0161ala poput svog Nebeskog Oca, ali sam se tokom godina menjala i nadam se da sada ljudi mogu da primete Bo\u017eije osobine u meni. Porasla sam u ljubavi, strpljenju, milosti prema drugima, zahvalnosti i mnogim drugim stvarima. Bog \u017eeli da iste ove promene napravi u tom \u017eivotu i \u017eivotu ljudi koje voli\u0161.<\/p>\n<p><strong>BO\u017dIJA RE\u010c ZA TEBE DANAS:<\/strong><\/p>\n<p><em>Svakodnevno se oblikuje\u0161 na Bo\u017eiju sliku.<\/em><\/p>\n","protected":false},"excerpt":{"rendered":"<p>\u2018\u2019U njemu nas je izabrao pre postanka sveta, da pred njim budemo sveti i bez mane. U ljubavi nas je predodredio, da nas svojom blagonaklono\u0161\u0107u i voljom kroz Isusa Hrista usvoji kao sinove.\u2019\u2019 Efescima 1:4-5 Kada sam upoznala svog supruga Dejva, imala sam dvadeset tri godine i devetomese\u010dnu bebu iz prvog braka koji je sklopnjen&#8230;<\/p>\n","protected":false},"author":15,"featured_media":1268,"parent":0,"menu_order":0,"comment_status":"closed","ping_status":"closed","template":"","class_list":["post-1267","devotional","type-devotional","status-publish","has-post-thumbnail","hentry"],"acf":[],"appp":{"post_detail":{"above_title":"<div class=\"post-featured-wrap\"><img width=\"960\" height=\"540\" src=\"https:\/\/tv.joycemeyer.org\/srbija\/wp-content\/uploads\/sites\/86\/2020\/10\/1209.jpg\" class=\"post-featured wp-post-image\" alt=\"\" decoding=\"async\" srcset=\"https:\/\/tv.joycemeyer.org\/srbija\/wp-content\/uploads\/sites\/86\/2020\/10\/1209.jpg 960w, https:\/\/tv.joycemeyer.org\/srbija\/wp-content\/uploads\/sites\/86\/2020\/10\/1209-300x169.jpg 300w, https:\/\/tv.joycemeyer.org\/srbija\/wp-content\/uploads\/sites\/86\/2020\/10\/1209-768x432.jpg 768w, https:\/\/tv.joycemeyer.org\/srbija\/wp-content\/uploads\/sites\/86\/2020\/10\/1209-640x360.jpg 640w\" sizes=\"(max-width: 960px) 100vw, 960px\" \/><\/div>","below_content":""}},"yoast_head":"<!-- This site is optimized with the Yoast SEO plugin v27.4 - https:\/\/yoast.com\/product\/yoast-seo-wordpress\/ -->\n<title>Svi smo mi usvojeni - Joyce Meyer Ministries - Srbija<\/title>\n<meta name=\"robots\" content=\"index, follow, max-snippet:-1, max-image-preview:large, max-video-preview:-1\" \/>\n<link rel=\"canonical\" href=\"https:\/\/tv.joycemeyer.org\/srbija\/devotional\/svi-smo-mi-usvojeni\/\" \/>\n<meta property=\"og:locale\" content=\"en_US\" \/>\n<meta property=\"og:type\" content=\"article\" \/>\n<meta property=\"og:title\" content=\"Svi smo mi usvojeni - Joyce Meyer Ministries - Srbija\" \/>\n<meta property=\"og:description\" content=\"\u2018\u2019U njemu nas je izabrao pre postanka sveta, da pred njim budemo sveti i bez mane. U ljubavi nas je predodredio, da nas svojom blagonaklono\u0161\u0107u i voljom kroz Isusa Hrista usvoji kao sinove.\u2019\u2019 Efescima 1:4-5 Kada sam upoznala svog supruga Dejva, imala sam dvadeset tri godine i devetomese\u010dnu bebu iz prvog braka koji je sklopnjen...\" \/>\n<meta property=\"og:url\" content=\"https:\/\/tv.joycemeyer.org\/srbija\/devotional\/svi-smo-mi-usvojeni\/\" \/>\n<meta property=\"og:site_name\" content=\"Joyce Meyer Ministries - Srbija\" \/>\n<meta property=\"article:modified_time\" content=\"2020-10-27T18:37:55+00:00\" \/>\n<meta property=\"og:image\" content=\"https:\/\/tv.joycemeyer.org\/srbija\/wp-content\/uploads\/sites\/86\/2020\/10\/1209.jpg\" \/>\n\t<meta property=\"og:image:width\" content=\"960\" \/>\n\t<meta property=\"og:image:height\" content=\"540\" \/>\n\t<meta property=\"og:image:type\" content=\"image\/jpeg\" \/>\n<meta name=\"twitter:card\" content=\"summary_large_image\" \/>\n<meta name=\"twitter:label1\" content=\"Est. reading time\" \/>\n\t<meta name=\"twitter:data1\" content=\"2 minutes\" \/>\n<script type=\"application\/ld+json\" class=\"yoast-schema-graph\">{\"@context\":\"https:\\\/\\\/schema.org\",\"@graph\":[{\"@type\":\"WebPage\",\"@id\":\"https:\\\/\\\/tv.joycemeyer.org\\\/srbija\\\/devotional\\\/svi-smo-mi-usvojeni\\\/\",\"url\":\"https:\\\/\\\/tv.joycemeyer.org\\\/srbija\\\/devotional\\\/svi-smo-mi-usvojeni\\\/\",\"name\":\"Svi smo mi usvojeni - Joyce Meyer Ministries - Srbija\",\"isPartOf\":{\"@id\":\"https:\\\/\\\/tv.joycemeyer.org\\\/srbija\\\/#website\"},\"primaryImageOfPage\":{\"@id\":\"https:\\\/\\\/tv.joycemeyer.org\\\/srbija\\\/devotional\\\/svi-smo-mi-usvojeni\\\/#primaryimage\"},\"image\":{\"@id\":\"https:\\\/\\\/tv.joycemeyer.org\\\/srbija\\\/devotional\\\/svi-smo-mi-usvojeni\\\/#primaryimage\"},\"thumbnailUrl\":\"https:\\\/\\\/tv.joycemeyer.org\\\/srbija\\\/wp-content\\\/uploads\\\/sites\\\/86\\\/2020\\\/10\\\/1209.jpg\",\"datePublished\":\"2020-10-24T18:37:14+00:00\",\"dateModified\":\"2020-10-27T18:37:55+00:00\",\"breadcrumb\":{\"@id\":\"https:\\\/\\\/tv.joycemeyer.org\\\/srbija\\\/devotional\\\/svi-smo-mi-usvojeni\\\/#breadcrumb\"},\"inLanguage\":\"en-US\",\"potentialAction\":[{\"@type\":\"ReadAction\",\"target\":[\"https:\\\/\\\/tv.joycemeyer.org\\\/srbija\\\/devotional\\\/svi-smo-mi-usvojeni\\\/\"]}]},{\"@type\":\"ImageObject\",\"inLanguage\":\"en-US\",\"@id\":\"https:\\\/\\\/tv.joycemeyer.org\\\/srbija\\\/devotional\\\/svi-smo-mi-usvojeni\\\/#primaryimage\",\"url\":\"https:\\\/\\\/tv.joycemeyer.org\\\/srbija\\\/wp-content\\\/uploads\\\/sites\\\/86\\\/2020\\\/10\\\/1209.jpg\",\"contentUrl\":\"https:\\\/\\\/tv.joycemeyer.org\\\/srbija\\\/wp-content\\\/uploads\\\/sites\\\/86\\\/2020\\\/10\\\/1209.jpg\",\"width\":960,\"height\":540,\"caption\":\"Svi smo mi usvojeni\"},{\"@type\":\"BreadcrumbList\",\"@id\":\"https:\\\/\\\/tv.joycemeyer.org\\\/srbija\\\/devotional\\\/svi-smo-mi-usvojeni\\\/#breadcrumb\",\"itemListElement\":[{\"@type\":\"ListItem\",\"position\":1,\"name\":\"Home\",\"item\":\"https:\\\/\\\/tv.joycemeyer.org\\\/srbija\\\/\"},{\"@type\":\"ListItem\",\"position\":2,\"name\":\"Devotional\",\"item\":\"https:\\\/\\\/tv.joycemeyer.org\\\/srbija\\\/devotional\\\/\"},{\"@type\":\"ListItem\",\"position\":3,\"name\":\"Svi smo mi usvojeni\"}]},{\"@type\":\"WebSite\",\"@id\":\"https:\\\/\\\/tv.joycemeyer.org\\\/srbija\\\/#website\",\"url\":\"https:\\\/\\\/tv.joycemeyer.org\\\/srbija\\\/\",\"name\":\"Joyce Meyer Ministries - Srbija\",\"description\":\"Deliti Hrista - voleti ljude\",\"potentialAction\":[{\"@type\":\"SearchAction\",\"target\":{\"@type\":\"EntryPoint\",\"urlTemplate\":\"https:\\\/\\\/tv.joycemeyer.org\\\/srbija\\\/?s={search_term_string}\"},\"query-input\":{\"@type\":\"PropertyValueSpecification\",\"valueRequired\":true,\"valueName\":\"search_term_string\"}}],\"inLanguage\":\"en-US\"}]}<\/script>\n<!-- \/ Yoast SEO plugin. -->","yoast_head_json":{"title":"Svi smo mi usvojeni - Joyce Meyer Ministries - Srbija","robots":{"index":"index","follow":"follow","max-snippet":"max-snippet:-1","max-image-preview":"max-image-preview:large","max-video-preview":"max-video-preview:-1"},"canonical":"https:\/\/tv.joycemeyer.org\/srbija\/devotional\/svi-smo-mi-usvojeni\/","og_locale":"en_US","og_type":"article","og_title":"Svi smo mi usvojeni - Joyce Meyer Ministries - Srbija","og_description":"\u2018\u2019U njemu nas je izabrao pre postanka sveta, da pred njim budemo sveti i bez mane. U ljubavi nas je predodredio, da nas svojom blagonaklono\u0161\u0107u i voljom kroz Isusa Hrista usvoji kao sinove.\u2019\u2019 Efescima 1:4-5 Kada sam upoznala svog supruga Dejva, imala sam dvadeset tri godine i devetomese\u010dnu bebu iz prvog braka koji je sklopnjen...","og_url":"https:\/\/tv.joycemeyer.org\/srbija\/devotional\/svi-smo-mi-usvojeni\/","og_site_name":"Joyce Meyer Ministries - Srbija","article_modified_time":"2020-10-27T18:37:55+00:00","og_image":[{"width":960,"height":540,"url":"https:\/\/tv.joycemeyer.org\/srbija\/wp-content\/uploads\/sites\/86\/2020\/10\/1209.jpg","type":"image\/jpeg"}],"twitter_card":"summary_large_image","twitter_misc":{"Est. reading time":"2 minutes"},"schema":{"@context":"https:\/\/schema.org","@graph":[{"@type":"WebPage","@id":"https:\/\/tv.joycemeyer.org\/srbija\/devotional\/svi-smo-mi-usvojeni\/","url":"https:\/\/tv.joycemeyer.org\/srbija\/devotional\/svi-smo-mi-usvojeni\/","name":"Svi smo mi usvojeni - Joyce Meyer Ministries - Srbija","isPartOf":{"@id":"https:\/\/tv.joycemeyer.org\/srbija\/#website"},"primaryImageOfPage":{"@id":"https:\/\/tv.joycemeyer.org\/srbija\/devotional\/svi-smo-mi-usvojeni\/#primaryimage"},"image":{"@id":"https:\/\/tv.joycemeyer.org\/srbija\/devotional\/svi-smo-mi-usvojeni\/#primaryimage"},"thumbnailUrl":"https:\/\/tv.joycemeyer.org\/srbija\/wp-content\/uploads\/sites\/86\/2020\/10\/1209.jpg","datePublished":"2020-10-24T18:37:14+00:00","dateModified":"2020-10-27T18:37:55+00:00","breadcrumb":{"@id":"https:\/\/tv.joycemeyer.org\/srbija\/devotional\/svi-smo-mi-usvojeni\/#breadcrumb"},"inLanguage":"en-US","potentialAction":[{"@type":"ReadAction","target":["https:\/\/tv.joycemeyer.org\/srbija\/devotional\/svi-smo-mi-usvojeni\/"]}]},{"@type":"ImageObject","inLanguage":"en-US","@id":"https:\/\/tv.joycemeyer.org\/srbija\/devotional\/svi-smo-mi-usvojeni\/#primaryimage","url":"https:\/\/tv.joycemeyer.org\/srbija\/wp-content\/uploads\/sites\/86\/2020\/10\/1209.jpg","contentUrl":"https:\/\/tv.joycemeyer.org\/srbija\/wp-content\/uploads\/sites\/86\/2020\/10\/1209.jpg","width":960,"height":540,"caption":"Svi smo mi usvojeni"},{"@type":"BreadcrumbList","@id":"https:\/\/tv.joycemeyer.org\/srbija\/devotional\/svi-smo-mi-usvojeni\/#breadcrumb","itemListElement":[{"@type":"ListItem","position":1,"name":"Home","item":"https:\/\/tv.joycemeyer.org\/srbija\/"},{"@type":"ListItem","position":2,"name":"Devotional","item":"https:\/\/tv.joycemeyer.org\/srbija\/devotional\/"},{"@type":"ListItem","position":3,"name":"Svi smo mi usvojeni"}]},{"@type":"WebSite","@id":"https:\/\/tv.joycemeyer.org\/srbija\/#website","url":"https:\/\/tv.joycemeyer.org\/srbija\/","name":"Joyce Meyer Ministries - Srbija","description":"Deliti Hrista - voleti ljude","potentialAction":[{"@type":"SearchAction","target":{"@type":"EntryPoint","urlTemplate":"https:\/\/tv.joycemeyer.org\/srbija\/?s={search_term_string}"},"query-input":{"@type":"PropertyValueSpecification","valueRequired":true,"valueName":"search_term_string"}}],"inLanguage":"en-US"}]}},"_links":{"self":[{"href":"https:\/\/tv.joycemeyer.org\/srbija\/wp-json\/wp\/v2\/devotional\/1267","targetHints":{"allow":["GET"]}}],"collection":[{"href":"https:\/\/tv.joycemeyer.org\/srbija\/wp-json\/wp\/v2\/devotional"}],"about":[{"href":"https:\/\/tv.joycemeyer.org\/srbija\/wp-json\/wp\/v2\/types\/devotional"}],"author":[{"embeddable":true,"href":"https:\/\/tv.joycemeyer.org\/srbija\/wp-json\/wp\/v2\/users\/15"}],"replies":[{"embeddable":true,"href":"https:\/\/tv.joycemeyer.org\/srbija\/wp-json\/wp\/v2\/comments?post=1267"}],"wp:featuredmedia":[{"embeddable":true,"href":"https:\/\/tv.joycemeyer.org\/srbija\/wp-json\/wp\/v2\/media\/1268"}],"wp:attachment":[{"href":"https:\/\/tv.joycemeyer.org\/srbija\/wp-json\/wp\/v2\/media?parent=1267"}],"curies":[{"name":"wp","href":"https:\/\/api.w.org\/{rel}","templated":true}]}}

<p><strong>‘’U njemu nas je izabrao pre postanka sveta, da pred njim budemo sveti i bez mane. U ljubavi nas je predodredio, da nas svojom blagonaklonošću i voljom kroz Isusa Hrista usvoji kao sinove.’’ Efescima 1:4-5</strong></p>
<p>Kada sam upoznala svog supruga Dejva, imala sam dvadeset tri godine i devetomesečnu bebu iz prvog braka koji je sklopnjen kada sam imala osamnaest godina, a završio se razvodom zbog napuštanja i preljube mog tadašnjeg supruga.</p>
<p>Kada me je Dejv zaprosio, rekla sam mu: ‘’Znaš da imam sina, nas dvoje idemo u paketu, ako hoćeš mene, dobijaš i njega’’</p>
<p>Tada mi je Dejv rekao nešto predivno: ‘’Ne poznajem dobro tvog sina, ali znam da volim tebe, i voleću sve i svakog ko je deo tebe.’’</p>
<p>Ljudi se iznenade kada saznaju da Dejv nije Dejvidov otac jer ljudi stalno govore kako njih dvojica liče. I istina je, neverovatno liče. Takođe, jedno od imena im je isto &#8211; Dejvid, ime koje sam izabrala sa svog sina mnogo pre nego što sam upoznala svog supruga Dejva.</p>
<p>Kada nas je Bog usvojio kao svoju decu, želi da nam pomogne da ličimo na Njega na neverovatan način. Pre usvajanja ne ličimo na Njega, ali baš kao što je Dejvid poprimao osobine svog očuha, tako i mi počinjemo da primamo Božije osobine kako rastemo u odnosu sa Njim.</p>
<p>Kada sam ja usvojena u Božiju porodicu, nisam se ponašala poput svog Nebeskog Oca, ali sam se tokom godina menjala i nadam se da sada ljudi mogu da primete Božije osobine u meni. Porasla sam u ljubavi, strpljenju, milosti prema drugima, zahvalnosti i mnogim drugim stvarima. Bog želi da iste ove promene napravi u tom životu i životu ljudi koje voliš.</p>
<p><strong>BOŽIJA REČ ZA TEBE DANAS:</strong></p>
<p><em>Svakodnevno se oblikuješ na Božiju sliku.</em></p>

<p>‘’U njemu nas je izabrao pre postanka sveta, da pred njim budemo sveti i bez mane. U ljubavi nas je predodredio, da nas svojom blagonaklonošću i voljom kroz Isusa Hrista usvoji kao sinove.’’ Efescima 1:4-5 Kada sam upoznala svog supruga Dejva, imala sam dvadeset tri godine i devetomesečnu bebu iz prvog braka koji je sklopnjen&#8230;</p>

<!-- This site is optimized with the Yoast SEO plugin v27.4 - https://yoast.com/product/yoast-seo-wordpress/ -->
<title>Svi smo mi usvojeni - Joyce Meyer Ministries - Srbija</title>
<meta name="robots" content="index, follow, max-snippet:-1, max-image-preview:large, max-video-preview:-1" />
<link rel="canonical" href="https://tv.joycemeyer.org/srbija/devotional/svi-smo-mi-usvojeni/" />
<meta property="og:locale" content="en_US" />
<meta property="og:type" content="article" />
<meta property="og:title" content="Svi smo mi usvojeni - Joyce Meyer Ministries - Srbija" />
<meta property="og:description" content="‘’U njemu nas je izabrao pre postanka sveta, da pred njim budemo sveti i bez mane. U ljubavi nas je predodredio, da nas svojom blagonaklonošću i voljom kroz Isusa Hrista usvoji kao sinove.’’ Efescima 1:4-5 Kada sam upoznala svog supruga Dejva, imala sam dvadeset tri godine i devetomesečnu bebu iz prvog braka koji je sklopnjen..." />
<meta property="og:url" content="https://tv.joycemeyer.org/srbija/devotional/svi-smo-mi-usvojeni/" />
<meta property="og:site_name" content="Joyce Meyer Ministries - Srbija" />
<meta property="article:modified_time" content="2020-10-27T18:37:55+00:00" />
<meta property="og:image" content="https://tv.joycemeyer.org/srbija/wp-content/uploads/sites/86/2020/10/1209.jpg" />
	<meta property="og:image:width" content="960" />
	<meta property="og:image:height" content="540" />
	<meta property="og:image:type" content="image/jpeg" />
<meta name="twitter:card" content="summary_large_image" />
<meta name="twitter:label1" content="Est. reading time" />
	<meta name="twitter:data1" content="2 minutes" />
<script type="application/ld+json" class="yoast-schema-graph">{"@context":"https:\/\/schema.org","@graph":[{"@type":"WebPage","@id":"https:\/\/tv.joycemeyer.org\/srbija\/devotional\/svi-smo-mi-usvojeni\/","url":"https:\/\/tv.joycemeyer.org\/srbija\/devotional\/svi-smo-mi-usvojeni\/","name":"Svi smo mi usvojeni - Joyce Meyer Ministries - Srbija","isPartOf":{"@id":"https:\/\/tv.joycemeyer.org\/srbija\/#website"},"primaryImageOfPage":{"@id":"https:\/\/tv.joycemeyer.org\/srbija\/devotional\/svi-smo-mi-usvojeni\/#primaryimage"},"image":{"@id":"https:\/\/tv.joycemeyer.org\/srbija\/devotional\/svi-smo-mi-usvojeni\/#primaryimage"},"thumbnailUrl":"https:\/\/tv.joycemeyer.org\/srbija\/wp-content\/uploads\/sites\/86\/2020\/10\/1209.jpg","datePublished":"2020-10-24T18:37:14+00:00","dateModified":"2020-10-27T18:37:55+00:00","breadcrumb":{"@id":"https:\/\/tv.joycemeyer.org\/srbija\/devotional\/svi-smo-mi-usvojeni\/#breadcrumb"},"inLanguage":"en-US","potentialAction":[{"@type":"ReadAction","target":["https:\/\/tv.joycemeyer.org\/srbija\/devotional\/svi-smo-mi-usvojeni\/"]}]},{"@type":"ImageObject","inLanguage":"en-US","@id":"https:\/\/tv.joycemeyer.org\/srbija\/devotional\/svi-smo-mi-usvojeni\/#primaryimage","url":"https:\/\/tv.joycemeyer.org\/srbija\/wp-content\/uploads\/sites\/86\/2020\/10\/1209.jpg","contentUrl":"https:\/\/tv.joycemeyer.org\/srbija\/wp-content\/uploads\/sites\/86\/2020\/10\/1209.jpg","width":960,"height":540,"caption":"Svi smo mi usvojeni"},{"@type":"BreadcrumbList","@id":"https:\/\/tv.joycemeyer.org\/srbija\/devotional\/svi-smo-mi-usvojeni\/#breadcrumb","itemListElement":[{"@type":"ListItem","position":1,"name":"Home","item":"https:\/\/tv.joycemeyer.org\/srbija\/"},{"@type":"ListItem","position":2,"name":"Devotional","item":"https:\/\/tv.joycemeyer.org\/srbija\/devotional\/"},{"@type":"ListItem","position":3,"name":"Svi smo mi usvojeni"}]},{"@type":"WebSite","@id":"https:\/\/tv.joycemeyer.org\/srbija\/#website","url":"https:\/\/tv.joycemeyer.org\/srbija\/","name":"Joyce Meyer Ministries - Srbija","description":"Deliti Hrista - voleti ljude","potentialAction":[{"@type":"SearchAction","target":{"@type":"EntryPoint","urlTemplate":"https:\/\/tv.joycemeyer.org\/srbija\/?s={search_term_string}"},"query-input":{"@type":"PropertyValueSpecification","valueRequired":true,"valueName":"search_term_string"}}],"inLanguage":"en-US"}]}</script>
<!-- / Yoast SEO plugin. -->

‘’U njemu nas je izabrao pre postanka sveta, da pred njim budemo sveti i bez mane. U ljubavi nas je predodredio, da nas svojom blagonaklonošću i voljom kroz Isusa Hrista usvoji kao sinove.’’ Efescima 1:4-5 Kada sam upoznala svog supruga Dejva, imala sam dvadeset tri godine i devetomesečnu bebu iz prvog braka koji je sklopnjen...
