{"id":1667,"date":"2026-04-21T00:01:46","date_gmt":"2026-04-21T00:01:46","guid":{"rendered":"https:\/\/tv.joycemeyer.org\/srbija\/?post_type=devotional&#038;p=1667"},"modified":"2025-08-07T19:20:55","modified_gmt":"2025-08-07T19:20:55","slug":"povrh-svega","status":"publish","type":"devotional","link":"https:\/\/tv.joycemeyer.org\/srbija\/devotional\/povrh-svega\/","title":{"rendered":"Povrh svega"},"content":{"rendered":"<p><strong>\u2018\u2019Bog dade Danilu da evnuh bude milostiv i blagonaklon prema njemu.\u2019\u2019 \u2014Danilo 1:9<\/strong><\/p>\n<p>Pri\u010da o Danilu i jevrejskoj deci koja su na\u0161la milost kod kralja Vavilona ti je mo\u017eda poznata, ali ne smemo propustiti lekciju o tome kako ih je Bo\u017eija nadnaravna naklonost pratila nakon \u0161to su bili odvedeni daleko od svojih porodica i domova. Zbog svih grehova koje su po\u010dinili protiv Gospoda, Judin narod je odveden u ropstvo u Vavilon. Neki od njih koji su najvi\u0161e obe\u0107avali, uklju\u010duju\u0107i Danila i njegova tri prijatelja, odabrani su da budu posluga vavilonskom kralju. Za vreme trogodi\u0161nje obuke, svi mladi\u0107i su morali da se pridr\u017eavaju ishrane bogate mesom i vinom sa kraljevskog stola. Me\u0111utim, Danilo i njegovi prijatelji nisu \u017eeleli da se okaljaju ovom hranom, te su tra\u017eili da im se dozvoli da slede sopstvenu jevrejsku ishranu. Nisu \u017eeleli da naprave kompromis; Gospodnja naklonost, saose\u0107anje i milost su bili nad Danilom. Dozvoljeno im je da prate sopstvenu ishranu sve dok ne po\u010dne da im \u0161kodi. Naravno, ne samo da im nije na\u0161kodila ve\u0107 ih je u\u010dinila ja\u010dim i zdravijim i doprinela da budu izabrani za savetnike od poverenja.<\/p>\n<p><strong>Uvek budi \u010dvrst u svojim uverenjima i ne pravi kompromise. Na kraju \u0107e\u0161 biti nagra\u0111en!<\/strong><\/p>\n","protected":false},"excerpt":{"rendered":"<p>Pri\u010da o Danilu i jevrejskoj deci koja su na\u0161la milost kod kralja Vavilona ti je mo\u017eda poznata, ali ne smemo propustiti lekciju o tome kako ih je Bo\u017eija nadnaravna naklonost pratila nakon \u0161to su bili odvedeni daleko od svojih porodica i domova&#8230;<\/p>\n","protected":false},"author":19,"featured_media":1668,"parent":0,"menu_order":0,"comment_status":"closed","ping_status":"closed","template":"","class_list":["post-1667","devotional","type-devotional","status-publish","has-post-thumbnail","hentry"],"acf":[],"appp":{"post_detail":{"above_title":"<div class=\"post-featured-wrap\"><img width=\"1024\" height=\"597\" src=\"https:\/\/tv.joycemeyer.org\/srbija\/wp-content\/uploads\/sites\/86\/2022\/01\/2205-1024x597.jpg\" class=\"post-featured wp-post-image\" alt=\"Povrh svega\" decoding=\"async\" srcset=\"https:\/\/tv.joycemeyer.org\/srbija\/wp-content\/uploads\/sites\/86\/2022\/01\/2205-1024x597.jpg 1024w, https:\/\/tv.joycemeyer.org\/srbija\/wp-content\/uploads\/sites\/86\/2022\/01\/2205-300x175.jpg 300w, https:\/\/tv.joycemeyer.org\/srbija\/wp-content\/uploads\/sites\/86\/2022\/01\/2205-768x448.jpg 768w, https:\/\/tv.joycemeyer.org\/srbija\/wp-content\/uploads\/sites\/86\/2022\/01\/2205-1536x896.jpg 1536w, https:\/\/tv.joycemeyer.org\/srbija\/wp-content\/uploads\/sites\/86\/2022\/01\/2205.jpg 1800w\" sizes=\"(max-width: 1024px) 100vw, 1024px\" \/><\/div>","below_content":"<div class=\"follow\"><ul class=\"nav nav--social nav--flex\"><\/ul><\/div>"}},"yoast_head":"<!-- This site is optimized with the Yoast SEO plugin v27.4 - https:\/\/yoast.com\/product\/yoast-seo-wordpress\/ -->\n<title>Povrh svega - Joyce Meyer Ministries - Srbija<\/title>\n<meta name=\"robots\" content=\"index, follow, max-snippet:-1, max-image-preview:large, max-video-preview:-1\" \/>\n<link rel=\"canonical\" href=\"https:\/\/tv.joycemeyer.org\/srbija\/devotional\/povrh-svega\/\" \/>\n<meta property=\"og:locale\" content=\"en_US\" \/>\n<meta property=\"og:type\" content=\"article\" \/>\n<meta property=\"og:title\" content=\"Povrh svega - Joyce Meyer Ministries - Srbija\" \/>\n<meta property=\"og:description\" content=\"Pri\u010da o Danilu i jevrejskoj deci koja su na\u0161la milost kod kralja Vavilona ti je mo\u017eda poznata, ali ne smemo propustiti lekciju o tome kako ih je Bo\u017eija nadnaravna naklonost pratila nakon \u0161to su bili odvedeni daleko od svojih porodica i domova...\" \/>\n<meta property=\"og:url\" content=\"https:\/\/tv.joycemeyer.org\/srbija\/devotional\/povrh-svega\/\" \/>\n<meta property=\"og:site_name\" content=\"Joyce Meyer Ministries - Srbija\" \/>\n<meta property=\"og:image\" content=\"https:\/\/tv.joycemeyer.org\/srbija\/wp-content\/uploads\/sites\/86\/2022\/01\/2205.jpg\" \/>\n\t<meta property=\"og:image:width\" content=\"1800\" \/>\n\t<meta property=\"og:image:height\" content=\"1050\" \/>\n\t<meta property=\"og:image:type\" content=\"image\/jpeg\" \/>\n<meta name=\"twitter:card\" content=\"summary_large_image\" \/>\n<meta name=\"twitter:label1\" content=\"Est. reading time\" \/>\n\t<meta name=\"twitter:data1\" content=\"2 minutes\" \/>\n<script type=\"application\/ld+json\" class=\"yoast-schema-graph\">{\"@context\":\"https:\\\/\\\/schema.org\",\"@graph\":[{\"@type\":\"WebPage\",\"@id\":\"https:\\\/\\\/tv.joycemeyer.org\\\/srbija\\\/devotional\\\/povrh-svega\\\/\",\"url\":\"https:\\\/\\\/tv.joycemeyer.org\\\/srbija\\\/devotional\\\/povrh-svega\\\/\",\"name\":\"Povrh svega - Joyce Meyer Ministries - Srbija\",\"isPartOf\":{\"@id\":\"https:\\\/\\\/tv.joycemeyer.org\\\/srbija\\\/#website\"},\"primaryImageOfPage\":{\"@id\":\"https:\\\/\\\/tv.joycemeyer.org\\\/srbija\\\/devotional\\\/povrh-svega\\\/#primaryimage\"},\"image\":{\"@id\":\"https:\\\/\\\/tv.joycemeyer.org\\\/srbija\\\/devotional\\\/povrh-svega\\\/#primaryimage\"},\"thumbnailUrl\":\"https:\\\/\\\/tv.joycemeyer.org\\\/srbija\\\/wp-content\\\/uploads\\\/sites\\\/86\\\/2022\\\/01\\\/2205.jpg\",\"datePublished\":\"2026-04-21T00:01:46+00:00\",\"breadcrumb\":{\"@id\":\"https:\\\/\\\/tv.joycemeyer.org\\\/srbija\\\/devotional\\\/povrh-svega\\\/#breadcrumb\"},\"inLanguage\":\"en-US\",\"potentialAction\":[{\"@type\":\"ReadAction\",\"target\":[\"https:\\\/\\\/tv.joycemeyer.org\\\/srbija\\\/devotional\\\/povrh-svega\\\/\"]}]},{\"@type\":\"ImageObject\",\"inLanguage\":\"en-US\",\"@id\":\"https:\\\/\\\/tv.joycemeyer.org\\\/srbija\\\/devotional\\\/povrh-svega\\\/#primaryimage\",\"url\":\"https:\\\/\\\/tv.joycemeyer.org\\\/srbija\\\/wp-content\\\/uploads\\\/sites\\\/86\\\/2022\\\/01\\\/2205.jpg\",\"contentUrl\":\"https:\\\/\\\/tv.joycemeyer.org\\\/srbija\\\/wp-content\\\/uploads\\\/sites\\\/86\\\/2022\\\/01\\\/2205.jpg\",\"width\":1800,\"height\":1050,\"caption\":\"Povrh svega\"},{\"@type\":\"BreadcrumbList\",\"@id\":\"https:\\\/\\\/tv.joycemeyer.org\\\/srbija\\\/devotional\\\/povrh-svega\\\/#breadcrumb\",\"itemListElement\":[{\"@type\":\"ListItem\",\"position\":1,\"name\":\"Home\",\"item\":\"https:\\\/\\\/tv.joycemeyer.org\\\/srbija\\\/\"},{\"@type\":\"ListItem\",\"position\":2,\"name\":\"Devotional\",\"item\":\"https:\\\/\\\/tv.joycemeyer.org\\\/srbija\\\/devotional\\\/\"},{\"@type\":\"ListItem\",\"position\":3,\"name\":\"Povrh svega\"}]},{\"@type\":\"WebSite\",\"@id\":\"https:\\\/\\\/tv.joycemeyer.org\\\/srbija\\\/#website\",\"url\":\"https:\\\/\\\/tv.joycemeyer.org\\\/srbija\\\/\",\"name\":\"Joyce Meyer Ministries - Srbija\",\"description\":\"Deliti Hrista - voleti ljude\",\"potentialAction\":[{\"@type\":\"SearchAction\",\"target\":{\"@type\":\"EntryPoint\",\"urlTemplate\":\"https:\\\/\\\/tv.joycemeyer.org\\\/srbija\\\/?s={search_term_string}\"},\"query-input\":{\"@type\":\"PropertyValueSpecification\",\"valueRequired\":true,\"valueName\":\"search_term_string\"}}],\"inLanguage\":\"en-US\"}]}<\/script>\n<!-- \/ Yoast SEO plugin. -->","yoast_head_json":{"title":"Povrh svega - Joyce Meyer Ministries - Srbija","robots":{"index":"index","follow":"follow","max-snippet":"max-snippet:-1","max-image-preview":"max-image-preview:large","max-video-preview":"max-video-preview:-1"},"canonical":"https:\/\/tv.joycemeyer.org\/srbija\/devotional\/povrh-svega\/","og_locale":"en_US","og_type":"article","og_title":"Povrh svega - Joyce Meyer Ministries - Srbija","og_description":"Pri\u010da o Danilu i jevrejskoj deci koja su na\u0161la milost kod kralja Vavilona ti je mo\u017eda poznata, ali ne smemo propustiti lekciju o tome kako ih je Bo\u017eija nadnaravna naklonost pratila nakon \u0161to su bili odvedeni daleko od svojih porodica i domova...","og_url":"https:\/\/tv.joycemeyer.org\/srbija\/devotional\/povrh-svega\/","og_site_name":"Joyce Meyer Ministries - Srbija","og_image":[{"width":1800,"height":1050,"url":"https:\/\/tv.joycemeyer.org\/srbija\/wp-content\/uploads\/sites\/86\/2022\/01\/2205.jpg","type":"image\/jpeg"}],"twitter_card":"summary_large_image","twitter_misc":{"Est. reading time":"2 minutes"},"schema":{"@context":"https:\/\/schema.org","@graph":[{"@type":"WebPage","@id":"https:\/\/tv.joycemeyer.org\/srbija\/devotional\/povrh-svega\/","url":"https:\/\/tv.joycemeyer.org\/srbija\/devotional\/povrh-svega\/","name":"Povrh svega - Joyce Meyer Ministries - Srbija","isPartOf":{"@id":"https:\/\/tv.joycemeyer.org\/srbija\/#website"},"primaryImageOfPage":{"@id":"https:\/\/tv.joycemeyer.org\/srbija\/devotional\/povrh-svega\/#primaryimage"},"image":{"@id":"https:\/\/tv.joycemeyer.org\/srbija\/devotional\/povrh-svega\/#primaryimage"},"thumbnailUrl":"https:\/\/tv.joycemeyer.org\/srbija\/wp-content\/uploads\/sites\/86\/2022\/01\/2205.jpg","datePublished":"2026-04-21T00:01:46+00:00","breadcrumb":{"@id":"https:\/\/tv.joycemeyer.org\/srbija\/devotional\/povrh-svega\/#breadcrumb"},"inLanguage":"en-US","potentialAction":[{"@type":"ReadAction","target":["https:\/\/tv.joycemeyer.org\/srbija\/devotional\/povrh-svega\/"]}]},{"@type":"ImageObject","inLanguage":"en-US","@id":"https:\/\/tv.joycemeyer.org\/srbija\/devotional\/povrh-svega\/#primaryimage","url":"https:\/\/tv.joycemeyer.org\/srbija\/wp-content\/uploads\/sites\/86\/2022\/01\/2205.jpg","contentUrl":"https:\/\/tv.joycemeyer.org\/srbija\/wp-content\/uploads\/sites\/86\/2022\/01\/2205.jpg","width":1800,"height":1050,"caption":"Povrh svega"},{"@type":"BreadcrumbList","@id":"https:\/\/tv.joycemeyer.org\/srbija\/devotional\/povrh-svega\/#breadcrumb","itemListElement":[{"@type":"ListItem","position":1,"name":"Home","item":"https:\/\/tv.joycemeyer.org\/srbija\/"},{"@type":"ListItem","position":2,"name":"Devotional","item":"https:\/\/tv.joycemeyer.org\/srbija\/devotional\/"},{"@type":"ListItem","position":3,"name":"Povrh svega"}]},{"@type":"WebSite","@id":"https:\/\/tv.joycemeyer.org\/srbija\/#website","url":"https:\/\/tv.joycemeyer.org\/srbija\/","name":"Joyce Meyer Ministries - Srbija","description":"Deliti Hrista - voleti ljude","potentialAction":[{"@type":"SearchAction","target":{"@type":"EntryPoint","urlTemplate":"https:\/\/tv.joycemeyer.org\/srbija\/?s={search_term_string}"},"query-input":{"@type":"PropertyValueSpecification","valueRequired":true,"valueName":"search_term_string"}}],"inLanguage":"en-US"}]}},"_links":{"self":[{"href":"https:\/\/tv.joycemeyer.org\/srbija\/wp-json\/wp\/v2\/devotional\/1667","targetHints":{"allow":["GET"]}}],"collection":[{"href":"https:\/\/tv.joycemeyer.org\/srbija\/wp-json\/wp\/v2\/devotional"}],"about":[{"href":"https:\/\/tv.joycemeyer.org\/srbija\/wp-json\/wp\/v2\/types\/devotional"}],"author":[{"embeddable":true,"href":"https:\/\/tv.joycemeyer.org\/srbija\/wp-json\/wp\/v2\/users\/19"}],"replies":[{"embeddable":true,"href":"https:\/\/tv.joycemeyer.org\/srbija\/wp-json\/wp\/v2\/comments?post=1667"}],"wp:featuredmedia":[{"embeddable":true,"href":"https:\/\/tv.joycemeyer.org\/srbija\/wp-json\/wp\/v2\/media\/1668"}],"wp:attachment":[{"href":"https:\/\/tv.joycemeyer.org\/srbija\/wp-json\/wp\/v2\/media?parent=1667"}],"curies":[{"name":"wp","href":"https:\/\/api.w.org\/{rel}","templated":true}]}}

<p><strong>‘’Bog dade Danilu da evnuh bude milostiv i blagonaklon prema njemu.’’ —Danilo 1:9</strong></p>
<p>Priča o Danilu i jevrejskoj deci koja su našla milost kod kralja Vavilona ti je možda poznata, ali ne smemo propustiti lekciju o tome kako ih je Božija nadnaravna naklonost pratila nakon što su bili odvedeni daleko od svojih porodica i domova. Zbog svih grehova koje su počinili protiv Gospoda, Judin narod je odveden u ropstvo u Vavilon. Neki od njih koji su najviše obećavali, uključujući Danila i njegova tri prijatelja, odabrani su da budu posluga vavilonskom kralju. Za vreme trogodišnje obuke, svi mladići su morali da se pridržavaju ishrane bogate mesom i vinom sa kraljevskog stola. Međutim, Danilo i njegovi prijatelji nisu želeli da se okaljaju ovom hranom, te su tražili da im se dozvoli da slede sopstvenu jevrejsku ishranu. Nisu želeli da naprave kompromis; Gospodnja naklonost, saosećanje i milost su bili nad Danilom. Dozvoljeno im je da prate sopstvenu ishranu sve dok ne počne da im škodi. Naravno, ne samo da im nije naškodila već ih je učinila jačim i zdravijim i doprinela da budu izabrani za savetnike od poverenja.</p>
<p><strong>Uvek budi čvrst u svojim uverenjima i ne pravi kompromise. Na kraju ćeš biti nagrađen!</strong></p>

<p>Priča o Danilu i jevrejskoj deci koja su našla milost kod kralja Vavilona ti je možda poznata, ali ne smemo propustiti lekciju o tome kako ih je Božija nadnaravna naklonost pratila nakon što su bili odvedeni daleko od svojih porodica i domova&#8230;</p>

<!-- This site is optimized with the Yoast SEO plugin v27.4 - https://yoast.com/product/yoast-seo-wordpress/ -->
<title>Povrh svega - Joyce Meyer Ministries - Srbija</title>
<meta name="robots" content="index, follow, max-snippet:-1, max-image-preview:large, max-video-preview:-1" />
<link rel="canonical" href="https://tv.joycemeyer.org/srbija/devotional/povrh-svega/" />
<meta property="og:locale" content="en_US" />
<meta property="og:type" content="article" />
<meta property="og:title" content="Povrh svega - Joyce Meyer Ministries - Srbija" />
<meta property="og:description" content="Priča o Danilu i jevrejskoj deci koja su našla milost kod kralja Vavilona ti je možda poznata, ali ne smemo propustiti lekciju o tome kako ih je Božija nadnaravna naklonost pratila nakon što su bili odvedeni daleko od svojih porodica i domova..." />
<meta property="og:url" content="https://tv.joycemeyer.org/srbija/devotional/povrh-svega/" />
<meta property="og:site_name" content="Joyce Meyer Ministries - Srbija" />
<meta property="og:image" content="https://tv.joycemeyer.org/srbija/wp-content/uploads/sites/86/2022/01/2205.jpg" />
	<meta property="og:image:width" content="1800" />
	<meta property="og:image:height" content="1050" />
	<meta property="og:image:type" content="image/jpeg" />
<meta name="twitter:card" content="summary_large_image" />
<meta name="twitter:label1" content="Est. reading time" />
	<meta name="twitter:data1" content="2 minutes" />
<script type="application/ld+json" class="yoast-schema-graph">{"@context":"https:\/\/schema.org","@graph":[{"@type":"WebPage","@id":"https:\/\/tv.joycemeyer.org\/srbija\/devotional\/povrh-svega\/","url":"https:\/\/tv.joycemeyer.org\/srbija\/devotional\/povrh-svega\/","name":"Povrh svega - Joyce Meyer Ministries - Srbija","isPartOf":{"@id":"https:\/\/tv.joycemeyer.org\/srbija\/#website"},"primaryImageOfPage":{"@id":"https:\/\/tv.joycemeyer.org\/srbija\/devotional\/povrh-svega\/#primaryimage"},"image":{"@id":"https:\/\/tv.joycemeyer.org\/srbija\/devotional\/povrh-svega\/#primaryimage"},"thumbnailUrl":"https:\/\/tv.joycemeyer.org\/srbija\/wp-content\/uploads\/sites\/86\/2022\/01\/2205.jpg","datePublished":"2026-04-21T00:01:46+00:00","breadcrumb":{"@id":"https:\/\/tv.joycemeyer.org\/srbija\/devotional\/povrh-svega\/#breadcrumb"},"inLanguage":"en-US","potentialAction":[{"@type":"ReadAction","target":["https:\/\/tv.joycemeyer.org\/srbija\/devotional\/povrh-svega\/"]}]},{"@type":"ImageObject","inLanguage":"en-US","@id":"https:\/\/tv.joycemeyer.org\/srbija\/devotional\/povrh-svega\/#primaryimage","url":"https:\/\/tv.joycemeyer.org\/srbija\/wp-content\/uploads\/sites\/86\/2022\/01\/2205.jpg","contentUrl":"https:\/\/tv.joycemeyer.org\/srbija\/wp-content\/uploads\/sites\/86\/2022\/01\/2205.jpg","width":1800,"height":1050,"caption":"Povrh svega"},{"@type":"BreadcrumbList","@id":"https:\/\/tv.joycemeyer.org\/srbija\/devotional\/povrh-svega\/#breadcrumb","itemListElement":[{"@type":"ListItem","position":1,"name":"Home","item":"https:\/\/tv.joycemeyer.org\/srbija\/"},{"@type":"ListItem","position":2,"name":"Devotional","item":"https:\/\/tv.joycemeyer.org\/srbija\/devotional\/"},{"@type":"ListItem","position":3,"name":"Povrh svega"}]},{"@type":"WebSite","@id":"https:\/\/tv.joycemeyer.org\/srbija\/#website","url":"https:\/\/tv.joycemeyer.org\/srbija\/","name":"Joyce Meyer Ministries - Srbija","description":"Deliti Hrista - voleti ljude","potentialAction":[{"@type":"SearchAction","target":{"@type":"EntryPoint","urlTemplate":"https:\/\/tv.joycemeyer.org\/srbija\/?s={search_term_string}"},"query-input":{"@type":"PropertyValueSpecification","valueRequired":true,"valueName":"search_term_string"}}],"inLanguage":"en-US"}]}</script>
<!-- / Yoast SEO plugin. -->

Priča o Danilu i jevrejskoj deci koja su našla milost kod kralja Vavilona ti je možda poznata, ali ne smemo propustiti lekciju o tome kako ih je Božija nadnaravna naklonost pratila nakon što su bili odvedeni daleko od svojih porodica i domova...
