{"id":1671,"date":"2026-04-23T00:01:54","date_gmt":"2026-04-23T00:01:54","guid":{"rendered":"https:\/\/tv.joycemeyer.org\/srbija\/?post_type=devotional&#038;p=1671"},"modified":"2025-08-07T19:21:54","modified_gmt":"2025-08-07T19:21:54","slug":"samo-veruj","status":"publish","type":"devotional","link":"https:\/\/tv.joycemeyer.org\/srbija\/devotional\/samo-veruj\/","title":{"rendered":"Samo veruj"},"content":{"rendered":"<p><strong>\u2018\u2019Tada ih on upita: \u2018A \u0161ta vi ka\u017eete, ko sam ja?\u2019 Simon Petar mu odgovori: \u2018Ti si Hristos, Sin Boga \u017eivoga.\u2019\u2019 \u2014Matej 16:15-16<\/strong><\/p>\n<p>Kada je Petar rekao da je Isus Hristos, Sin Boga \u017eivoga, to je bila izjava vere. Izgovaraju\u0107i ovo, Petar je pokazao veru. Ne mislim da je to izjavio slu\u010dajno, mislim da je to u\u010dinio sa sigurnos\u0161\u0107u koja je zadivila Isusa jer mu se odmah obratio rekav\u0161i mu da je blagosloven. Zatim je rekao da \u0107e na tim \u010dvrstim temeljima sagraditi svoju crkvu. Isus je rekao Petru: &#8221;Ako zadr\u017ei\u0161 ovu veru, to \u0107e biti poput stene u tvom \u017eivotu na kojoj \u0107u mo\u0107i da izgradim svoje kraljevstvo u tebi i kroz tebe. Tvoja vera \u0107e se razviti do mesta na kome ni vrata pakla ne\u0107e mo\u0107i da te nadvladaju. De\u0161avalo se mnogo puta u mom \u017eivotu da budem obeshrabrena i da ne znam \u0161ta da radim, ose\u0107ala sam se kao da ne\u0161to nije u redu i da su se svi urotili protiv mene. Re\u010di koje sam iznova \u010dula su: &#8221;Samo veruj.&#8221;<\/p>\n<p><strong>Ovo obe\u0107anije ne va\u017ei samo za Petra. Isus istu stvar govori tebi i meni. Samo veruj!<\/strong><\/p>\n","protected":false},"excerpt":{"rendered":"<p>Kada je Petar rekao da je Isus Hristos, Sin Boga \u017eivoga, to je bila izjava vere. Izgovaraju\u0107i ovo, Petar je pokazao veru&#8230;<\/p>\n","protected":false},"author":19,"featured_media":1672,"parent":0,"menu_order":0,"comment_status":"closed","ping_status":"closed","template":"","class_list":["post-1671","devotional","type-devotional","status-publish","has-post-thumbnail","hentry"],"acf":[],"appp":{"post_detail":{"above_title":"<div class=\"post-featured-wrap\"><img width=\"1024\" height=\"597\" src=\"https:\/\/tv.joycemeyer.org\/srbija\/wp-content\/uploads\/sites\/86\/2022\/01\/2216-1024x597.jpg\" class=\"post-featured wp-post-image\" alt=\"Samo veruj\" decoding=\"async\" srcset=\"https:\/\/tv.joycemeyer.org\/srbija\/wp-content\/uploads\/sites\/86\/2022\/01\/2216-1024x597.jpg 1024w, https:\/\/tv.joycemeyer.org\/srbija\/wp-content\/uploads\/sites\/86\/2022\/01\/2216-300x175.jpg 300w, https:\/\/tv.joycemeyer.org\/srbija\/wp-content\/uploads\/sites\/86\/2022\/01\/2216-768x448.jpg 768w, https:\/\/tv.joycemeyer.org\/srbija\/wp-content\/uploads\/sites\/86\/2022\/01\/2216-1536x896.jpg 1536w, https:\/\/tv.joycemeyer.org\/srbija\/wp-content\/uploads\/sites\/86\/2022\/01\/2216.jpg 1800w\" sizes=\"(max-width: 1024px) 100vw, 1024px\" \/><\/div>","below_content":"<div class=\"follow\"><ul class=\"nav nav--social nav--flex\"><\/ul><\/div>"}},"yoast_head":"<!-- This site is optimized with the Yoast SEO plugin v27.4 - https:\/\/yoast.com\/product\/yoast-seo-wordpress\/ -->\n<title>Samo veruj - Joyce Meyer Ministries - Srbija<\/title>\n<meta name=\"robots\" content=\"index, follow, max-snippet:-1, max-image-preview:large, max-video-preview:-1\" \/>\n<link rel=\"canonical\" href=\"https:\/\/tv.joycemeyer.org\/srbija\/devotional\/samo-veruj\/\" \/>\n<meta property=\"og:locale\" content=\"en_US\" \/>\n<meta property=\"og:type\" content=\"article\" \/>\n<meta property=\"og:title\" content=\"Samo veruj - Joyce Meyer Ministries - Srbija\" \/>\n<meta property=\"og:description\" content=\"Kada je Petar rekao da je Isus Hristos, Sin Boga \u017eivoga, to je bila izjava vere. Izgovaraju\u0107i ovo, Petar je pokazao veru...\" \/>\n<meta property=\"og:url\" content=\"https:\/\/tv.joycemeyer.org\/srbija\/devotional\/samo-veruj\/\" \/>\n<meta property=\"og:site_name\" content=\"Joyce Meyer Ministries - Srbija\" \/>\n<meta property=\"og:image\" content=\"https:\/\/tv.joycemeyer.org\/srbija\/wp-content\/uploads\/sites\/86\/2022\/01\/2216.jpg\" \/>\n\t<meta property=\"og:image:width\" content=\"1800\" \/>\n\t<meta property=\"og:image:height\" content=\"1050\" \/>\n\t<meta property=\"og:image:type\" content=\"image\/jpeg\" \/>\n<meta name=\"twitter:card\" content=\"summary_large_image\" \/>\n<meta name=\"twitter:label1\" content=\"Est. reading time\" \/>\n\t<meta name=\"twitter:data1\" content=\"2 minutes\" \/>\n<script type=\"application\/ld+json\" class=\"yoast-schema-graph\">{\"@context\":\"https:\\\/\\\/schema.org\",\"@graph\":[{\"@type\":\"WebPage\",\"@id\":\"https:\\\/\\\/tv.joycemeyer.org\\\/srbija\\\/devotional\\\/samo-veruj\\\/\",\"url\":\"https:\\\/\\\/tv.joycemeyer.org\\\/srbija\\\/devotional\\\/samo-veruj\\\/\",\"name\":\"Samo veruj - Joyce Meyer Ministries - Srbija\",\"isPartOf\":{\"@id\":\"https:\\\/\\\/tv.joycemeyer.org\\\/srbija\\\/#website\"},\"primaryImageOfPage\":{\"@id\":\"https:\\\/\\\/tv.joycemeyer.org\\\/srbija\\\/devotional\\\/samo-veruj\\\/#primaryimage\"},\"image\":{\"@id\":\"https:\\\/\\\/tv.joycemeyer.org\\\/srbija\\\/devotional\\\/samo-veruj\\\/#primaryimage\"},\"thumbnailUrl\":\"https:\\\/\\\/tv.joycemeyer.org\\\/srbija\\\/wp-content\\\/uploads\\\/sites\\\/86\\\/2022\\\/01\\\/2216.jpg\",\"datePublished\":\"2026-04-23T00:01:54+00:00\",\"breadcrumb\":{\"@id\":\"https:\\\/\\\/tv.joycemeyer.org\\\/srbija\\\/devotional\\\/samo-veruj\\\/#breadcrumb\"},\"inLanguage\":\"en-US\",\"potentialAction\":[{\"@type\":\"ReadAction\",\"target\":[\"https:\\\/\\\/tv.joycemeyer.org\\\/srbija\\\/devotional\\\/samo-veruj\\\/\"]}]},{\"@type\":\"ImageObject\",\"inLanguage\":\"en-US\",\"@id\":\"https:\\\/\\\/tv.joycemeyer.org\\\/srbija\\\/devotional\\\/samo-veruj\\\/#primaryimage\",\"url\":\"https:\\\/\\\/tv.joycemeyer.org\\\/srbija\\\/wp-content\\\/uploads\\\/sites\\\/86\\\/2022\\\/01\\\/2216.jpg\",\"contentUrl\":\"https:\\\/\\\/tv.joycemeyer.org\\\/srbija\\\/wp-content\\\/uploads\\\/sites\\\/86\\\/2022\\\/01\\\/2216.jpg\",\"width\":1800,\"height\":1050,\"caption\":\"Samo veruj\"},{\"@type\":\"BreadcrumbList\",\"@id\":\"https:\\\/\\\/tv.joycemeyer.org\\\/srbija\\\/devotional\\\/samo-veruj\\\/#breadcrumb\",\"itemListElement\":[{\"@type\":\"ListItem\",\"position\":1,\"name\":\"Home\",\"item\":\"https:\\\/\\\/tv.joycemeyer.org\\\/srbija\\\/\"},{\"@type\":\"ListItem\",\"position\":2,\"name\":\"Devotional\",\"item\":\"https:\\\/\\\/tv.joycemeyer.org\\\/srbija\\\/devotional\\\/\"},{\"@type\":\"ListItem\",\"position\":3,\"name\":\"Samo veruj\"}]},{\"@type\":\"WebSite\",\"@id\":\"https:\\\/\\\/tv.joycemeyer.org\\\/srbija\\\/#website\",\"url\":\"https:\\\/\\\/tv.joycemeyer.org\\\/srbija\\\/\",\"name\":\"Joyce Meyer Ministries - Srbija\",\"description\":\"Deliti Hrista - voleti ljude\",\"potentialAction\":[{\"@type\":\"SearchAction\",\"target\":{\"@type\":\"EntryPoint\",\"urlTemplate\":\"https:\\\/\\\/tv.joycemeyer.org\\\/srbija\\\/?s={search_term_string}\"},\"query-input\":{\"@type\":\"PropertyValueSpecification\",\"valueRequired\":true,\"valueName\":\"search_term_string\"}}],\"inLanguage\":\"en-US\"}]}<\/script>\n<!-- \/ Yoast SEO plugin. -->","yoast_head_json":{"title":"Samo veruj - Joyce Meyer Ministries - Srbija","robots":{"index":"index","follow":"follow","max-snippet":"max-snippet:-1","max-image-preview":"max-image-preview:large","max-video-preview":"max-video-preview:-1"},"canonical":"https:\/\/tv.joycemeyer.org\/srbija\/devotional\/samo-veruj\/","og_locale":"en_US","og_type":"article","og_title":"Samo veruj - Joyce Meyer Ministries - Srbija","og_description":"Kada je Petar rekao da je Isus Hristos, Sin Boga \u017eivoga, to je bila izjava vere. Izgovaraju\u0107i ovo, Petar je pokazao veru...","og_url":"https:\/\/tv.joycemeyer.org\/srbija\/devotional\/samo-veruj\/","og_site_name":"Joyce Meyer Ministries - Srbija","og_image":[{"width":1800,"height":1050,"url":"https:\/\/tv.joycemeyer.org\/srbija\/wp-content\/uploads\/sites\/86\/2022\/01\/2216.jpg","type":"image\/jpeg"}],"twitter_card":"summary_large_image","twitter_misc":{"Est. reading time":"2 minutes"},"schema":{"@context":"https:\/\/schema.org","@graph":[{"@type":"WebPage","@id":"https:\/\/tv.joycemeyer.org\/srbija\/devotional\/samo-veruj\/","url":"https:\/\/tv.joycemeyer.org\/srbija\/devotional\/samo-veruj\/","name":"Samo veruj - Joyce Meyer Ministries - Srbija","isPartOf":{"@id":"https:\/\/tv.joycemeyer.org\/srbija\/#website"},"primaryImageOfPage":{"@id":"https:\/\/tv.joycemeyer.org\/srbija\/devotional\/samo-veruj\/#primaryimage"},"image":{"@id":"https:\/\/tv.joycemeyer.org\/srbija\/devotional\/samo-veruj\/#primaryimage"},"thumbnailUrl":"https:\/\/tv.joycemeyer.org\/srbija\/wp-content\/uploads\/sites\/86\/2022\/01\/2216.jpg","datePublished":"2026-04-23T00:01:54+00:00","breadcrumb":{"@id":"https:\/\/tv.joycemeyer.org\/srbija\/devotional\/samo-veruj\/#breadcrumb"},"inLanguage":"en-US","potentialAction":[{"@type":"ReadAction","target":["https:\/\/tv.joycemeyer.org\/srbija\/devotional\/samo-veruj\/"]}]},{"@type":"ImageObject","inLanguage":"en-US","@id":"https:\/\/tv.joycemeyer.org\/srbija\/devotional\/samo-veruj\/#primaryimage","url":"https:\/\/tv.joycemeyer.org\/srbija\/wp-content\/uploads\/sites\/86\/2022\/01\/2216.jpg","contentUrl":"https:\/\/tv.joycemeyer.org\/srbija\/wp-content\/uploads\/sites\/86\/2022\/01\/2216.jpg","width":1800,"height":1050,"caption":"Samo veruj"},{"@type":"BreadcrumbList","@id":"https:\/\/tv.joycemeyer.org\/srbija\/devotional\/samo-veruj\/#breadcrumb","itemListElement":[{"@type":"ListItem","position":1,"name":"Home","item":"https:\/\/tv.joycemeyer.org\/srbija\/"},{"@type":"ListItem","position":2,"name":"Devotional","item":"https:\/\/tv.joycemeyer.org\/srbija\/devotional\/"},{"@type":"ListItem","position":3,"name":"Samo veruj"}]},{"@type":"WebSite","@id":"https:\/\/tv.joycemeyer.org\/srbija\/#website","url":"https:\/\/tv.joycemeyer.org\/srbija\/","name":"Joyce Meyer Ministries - Srbija","description":"Deliti Hrista - voleti ljude","potentialAction":[{"@type":"SearchAction","target":{"@type":"EntryPoint","urlTemplate":"https:\/\/tv.joycemeyer.org\/srbija\/?s={search_term_string}"},"query-input":{"@type":"PropertyValueSpecification","valueRequired":true,"valueName":"search_term_string"}}],"inLanguage":"en-US"}]}},"_links":{"self":[{"href":"https:\/\/tv.joycemeyer.org\/srbija\/wp-json\/wp\/v2\/devotional\/1671","targetHints":{"allow":["GET"]}}],"collection":[{"href":"https:\/\/tv.joycemeyer.org\/srbija\/wp-json\/wp\/v2\/devotional"}],"about":[{"href":"https:\/\/tv.joycemeyer.org\/srbija\/wp-json\/wp\/v2\/types\/devotional"}],"author":[{"embeddable":true,"href":"https:\/\/tv.joycemeyer.org\/srbija\/wp-json\/wp\/v2\/users\/19"}],"replies":[{"embeddable":true,"href":"https:\/\/tv.joycemeyer.org\/srbija\/wp-json\/wp\/v2\/comments?post=1671"}],"wp:featuredmedia":[{"embeddable":true,"href":"https:\/\/tv.joycemeyer.org\/srbija\/wp-json\/wp\/v2\/media\/1672"}],"wp:attachment":[{"href":"https:\/\/tv.joycemeyer.org\/srbija\/wp-json\/wp\/v2\/media?parent=1671"}],"curies":[{"name":"wp","href":"https:\/\/api.w.org\/{rel}","templated":true}]}}

<p><strong>‘’Tada ih on upita: ‘A šta vi kažete, ko sam ja?’ Simon Petar mu odgovori: ‘Ti si Hristos, Sin Boga živoga.’’ —Matej 16:15-16</strong></p>
<p>Kada je Petar rekao da je Isus Hristos, Sin Boga živoga, to je bila izjava vere. Izgovarajući ovo, Petar je pokazao veru. Ne mislim da je to izjavio slučajno, mislim da je to učinio sa sigurnosšću koja je zadivila Isusa jer mu se odmah obratio rekavši mu da je blagosloven. Zatim je rekao da će na tim čvrstim temeljima sagraditi svoju crkvu. Isus je rekao Petru: &#8221;Ako zadržiš ovu veru, to će biti poput stene u tvom životu na kojoj ću moći da izgradim svoje kraljevstvo u tebi i kroz tebe. Tvoja vera će se razviti do mesta na kome ni vrata pakla neće moći da te nadvladaju. Dešavalo se mnogo puta u mom životu da budem obeshrabrena i da ne znam šta da radim, osećala sam se kao da nešto nije u redu i da su se svi urotili protiv mene. Reči koje sam iznova čula su: &#8221;Samo veruj.&#8221;</p>
<p><strong>Ovo obećanije ne važi samo za Petra. Isus istu stvar govori tebi i meni. Samo veruj!</strong></p>

<p>Kada je Petar rekao da je Isus Hristos, Sin Boga živoga, to je bila izjava vere. Izgovarajući ovo, Petar je pokazao veru&#8230;</p>

<!-- This site is optimized with the Yoast SEO plugin v27.4 - https://yoast.com/product/yoast-seo-wordpress/ -->
<title>Samo veruj - Joyce Meyer Ministries - Srbija</title>
<meta name="robots" content="index, follow, max-snippet:-1, max-image-preview:large, max-video-preview:-1" />
<link rel="canonical" href="https://tv.joycemeyer.org/srbija/devotional/samo-veruj/" />
<meta property="og:locale" content="en_US" />
<meta property="og:type" content="article" />
<meta property="og:title" content="Samo veruj - Joyce Meyer Ministries - Srbija" />
<meta property="og:description" content="Kada je Petar rekao da je Isus Hristos, Sin Boga živoga, to je bila izjava vere. Izgovarajući ovo, Petar je pokazao veru..." />
<meta property="og:url" content="https://tv.joycemeyer.org/srbija/devotional/samo-veruj/" />
<meta property="og:site_name" content="Joyce Meyer Ministries - Srbija" />
<meta property="og:image" content="https://tv.joycemeyer.org/srbija/wp-content/uploads/sites/86/2022/01/2216.jpg" />
	<meta property="og:image:width" content="1800" />
	<meta property="og:image:height" content="1050" />
	<meta property="og:image:type" content="image/jpeg" />
<meta name="twitter:card" content="summary_large_image" />
<meta name="twitter:label1" content="Est. reading time" />
	<meta name="twitter:data1" content="2 minutes" />
<script type="application/ld+json" class="yoast-schema-graph">{"@context":"https:\/\/schema.org","@graph":[{"@type":"WebPage","@id":"https:\/\/tv.joycemeyer.org\/srbija\/devotional\/samo-veruj\/","url":"https:\/\/tv.joycemeyer.org\/srbija\/devotional\/samo-veruj\/","name":"Samo veruj - Joyce Meyer Ministries - Srbija","isPartOf":{"@id":"https:\/\/tv.joycemeyer.org\/srbija\/#website"},"primaryImageOfPage":{"@id":"https:\/\/tv.joycemeyer.org\/srbija\/devotional\/samo-veruj\/#primaryimage"},"image":{"@id":"https:\/\/tv.joycemeyer.org\/srbija\/devotional\/samo-veruj\/#primaryimage"},"thumbnailUrl":"https:\/\/tv.joycemeyer.org\/srbija\/wp-content\/uploads\/sites\/86\/2022\/01\/2216.jpg","datePublished":"2026-04-23T00:01:54+00:00","breadcrumb":{"@id":"https:\/\/tv.joycemeyer.org\/srbija\/devotional\/samo-veruj\/#breadcrumb"},"inLanguage":"en-US","potentialAction":[{"@type":"ReadAction","target":["https:\/\/tv.joycemeyer.org\/srbija\/devotional\/samo-veruj\/"]}]},{"@type":"ImageObject","inLanguage":"en-US","@id":"https:\/\/tv.joycemeyer.org\/srbija\/devotional\/samo-veruj\/#primaryimage","url":"https:\/\/tv.joycemeyer.org\/srbija\/wp-content\/uploads\/sites\/86\/2022\/01\/2216.jpg","contentUrl":"https:\/\/tv.joycemeyer.org\/srbija\/wp-content\/uploads\/sites\/86\/2022\/01\/2216.jpg","width":1800,"height":1050,"caption":"Samo veruj"},{"@type":"BreadcrumbList","@id":"https:\/\/tv.joycemeyer.org\/srbija\/devotional\/samo-veruj\/#breadcrumb","itemListElement":[{"@type":"ListItem","position":1,"name":"Home","item":"https:\/\/tv.joycemeyer.org\/srbija\/"},{"@type":"ListItem","position":2,"name":"Devotional","item":"https:\/\/tv.joycemeyer.org\/srbija\/devotional\/"},{"@type":"ListItem","position":3,"name":"Samo veruj"}]},{"@type":"WebSite","@id":"https:\/\/tv.joycemeyer.org\/srbija\/#website","url":"https:\/\/tv.joycemeyer.org\/srbija\/","name":"Joyce Meyer Ministries - Srbija","description":"Deliti Hrista - voleti ljude","potentialAction":[{"@type":"SearchAction","target":{"@type":"EntryPoint","urlTemplate":"https:\/\/tv.joycemeyer.org\/srbija\/?s={search_term_string}"},"query-input":{"@type":"PropertyValueSpecification","valueRequired":true,"valueName":"search_term_string"}}],"inLanguage":"en-US"}]}</script>
<!-- / Yoast SEO plugin. -->

Kada je Petar rekao da je Isus Hristos, Sin Boga živoga, to je bila izjava vere. Izgovarajući ovo, Petar je pokazao veru...
