{"id":1675,"date":"2026-04-25T00:01:24","date_gmt":"2026-04-25T00:01:24","guid":{"rendered":"https:\/\/tv.joycemeyer.org\/srbija\/?post_type=devotional&#038;p=1675"},"modified":"2025-08-07T19:22:16","modified_gmt":"2025-08-07T19:22:16","slug":"odluci-da-nastavis","status":"publish","type":"devotional","link":"https:\/\/tv.joycemeyer.org\/srbija\/devotional\/odluci-da-nastavis\/","title":{"rendered":"Odlu\u010di da nastavi\u0161"},"content":{"rendered":"<p><strong>\u2018\u2019A \u0161to se vas ti\u010de, bra\u0107o, neka vam ne dojadi da \u010dinite dobro.\u2019\u2019 \u20142. Solunjanima 3:13<\/strong><\/p>\n<p>Svi se kad tad suo\u010dimo sa razo\u010darenjem. Ne postoji \u010dovek kome se sve u \u017eivotu dogodilo onako kako je \u017eeleo, na na\u010din na koji je o\u010dekivao. Kada stvari ne idu prema planu, prva emocija koju osetimo je razo\u010darenje. To je normalno. Nema ni\u0161ta lo\u0161eg u tome da budemo razo\u010darani, ali je va\u017eno da znamo \u0161ta da radimo sa tim ose\u0107anjem ina\u010de \u0107e se ono pretvoriti u ne\u0161to ozbiljnije. Ne mo\u017eemo da \u017eivimo a da se ne razo\u010daramo, ali u Isusu uvek mo\u017eemo dobiti utehu. Apostol Pavle je rekao da je jedna jako va\u017ena lekcija koju je nau\u010dio bila da pusti sve ono \u0161to se dogodilo i da te\u017ei stvarima koje su pred njim (Filipljanima 3:13-14). Pu\u0161tamo ono \u0161to nas je razo\u010daralo i te\u017eimo onome \u0161to Bog ima za nas. Dobijamo novu viziju, plan, ideju, dobijamo nov na\u010din razmi\u0161ljanja i menjamo fokus. Odlu\u010dujemo da nastavimo!<\/p>\n<p><strong>Svaki dan je novi po\u010detak! Mo\u017eemo da se oslobodimo razo\u010darenja iz pro\u0161losti i da damo Bogu priliku da u\u010dini ne\u0161to divno za nas danas!<\/strong><\/p>\n","protected":false},"excerpt":{"rendered":"<p>Svi se kad tad suo\u010dimo sa razo\u010darenjem. Ne postoji \u010dovek kome se sve u \u017eivotu dogodilo onako kako je \u017eeleo, na na\u010din na koji je o\u010dekivao&#8230;<\/p>\n","protected":false},"author":19,"featured_media":1676,"parent":0,"menu_order":0,"comment_status":"closed","ping_status":"closed","template":"","class_list":["post-1675","devotional","type-devotional","status-publish","has-post-thumbnail","hentry"],"acf":[],"appp":{"post_detail":{"above_title":"<div class=\"post-featured-wrap\"><img width=\"1024\" height=\"597\" src=\"https:\/\/tv.joycemeyer.org\/srbija\/wp-content\/uploads\/sites\/86\/2022\/01\/2200-1024x597.jpg\" class=\"post-featured wp-post-image\" alt=\"Odlu\u010di da nastavi\u0161\" decoding=\"async\" srcset=\"https:\/\/tv.joycemeyer.org\/srbija\/wp-content\/uploads\/sites\/86\/2022\/01\/2200-1024x597.jpg 1024w, https:\/\/tv.joycemeyer.org\/srbija\/wp-content\/uploads\/sites\/86\/2022\/01\/2200-300x175.jpg 300w, https:\/\/tv.joycemeyer.org\/srbija\/wp-content\/uploads\/sites\/86\/2022\/01\/2200-768x448.jpg 768w, https:\/\/tv.joycemeyer.org\/srbija\/wp-content\/uploads\/sites\/86\/2022\/01\/2200-1536x896.jpg 1536w, https:\/\/tv.joycemeyer.org\/srbija\/wp-content\/uploads\/sites\/86\/2022\/01\/2200.jpg 1800w\" sizes=\"(max-width: 1024px) 100vw, 1024px\" \/><\/div>","below_content":"<div class=\"follow\"><ul class=\"nav nav--social nav--flex\"><\/ul><\/div>"}},"yoast_head":"<!-- This site is optimized with the Yoast SEO plugin v27.4 - https:\/\/yoast.com\/product\/yoast-seo-wordpress\/ -->\n<title>Odlu\u010di da nastavi\u0161 - Joyce Meyer Ministries - Srbija<\/title>\n<meta name=\"robots\" content=\"index, follow, max-snippet:-1, max-image-preview:large, max-video-preview:-1\" \/>\n<link rel=\"canonical\" href=\"https:\/\/tv.joycemeyer.org\/srbija\/devotional\/odluci-da-nastavis\/\" \/>\n<meta property=\"og:locale\" content=\"en_US\" \/>\n<meta property=\"og:type\" content=\"article\" \/>\n<meta property=\"og:title\" content=\"Odlu\u010di da nastavi\u0161 - Joyce Meyer Ministries - Srbija\" \/>\n<meta property=\"og:description\" content=\"Svi se kad tad suo\u010dimo sa razo\u010darenjem. Ne postoji \u010dovek kome se sve u \u017eivotu dogodilo onako kako je \u017eeleo, na na\u010din na koji je o\u010dekivao...\" \/>\n<meta property=\"og:url\" content=\"https:\/\/tv.joycemeyer.org\/srbija\/devotional\/odluci-da-nastavis\/\" \/>\n<meta property=\"og:site_name\" content=\"Joyce Meyer Ministries - Srbija\" \/>\n<meta property=\"og:image\" content=\"https:\/\/tv.joycemeyer.org\/srbija\/wp-content\/uploads\/sites\/86\/2022\/01\/2200.jpg\" \/>\n\t<meta property=\"og:image:width\" content=\"1800\" \/>\n\t<meta property=\"og:image:height\" content=\"1050\" \/>\n\t<meta property=\"og:image:type\" content=\"image\/jpeg\" \/>\n<meta name=\"twitter:card\" content=\"summary_large_image\" \/>\n<meta name=\"twitter:label1\" content=\"Est. reading time\" \/>\n\t<meta name=\"twitter:data1\" content=\"2 minutes\" \/>\n<script type=\"application\/ld+json\" class=\"yoast-schema-graph\">{\"@context\":\"https:\\\/\\\/schema.org\",\"@graph\":[{\"@type\":\"WebPage\",\"@id\":\"https:\\\/\\\/tv.joycemeyer.org\\\/srbija\\\/devotional\\\/odluci-da-nastavis\\\/\",\"url\":\"https:\\\/\\\/tv.joycemeyer.org\\\/srbija\\\/devotional\\\/odluci-da-nastavis\\\/\",\"name\":\"Odlu\u010di da nastavi\u0161 - Joyce Meyer Ministries - Srbija\",\"isPartOf\":{\"@id\":\"https:\\\/\\\/tv.joycemeyer.org\\\/srbija\\\/#website\"},\"primaryImageOfPage\":{\"@id\":\"https:\\\/\\\/tv.joycemeyer.org\\\/srbija\\\/devotional\\\/odluci-da-nastavis\\\/#primaryimage\"},\"image\":{\"@id\":\"https:\\\/\\\/tv.joycemeyer.org\\\/srbija\\\/devotional\\\/odluci-da-nastavis\\\/#primaryimage\"},\"thumbnailUrl\":\"https:\\\/\\\/tv.joycemeyer.org\\\/srbija\\\/wp-content\\\/uploads\\\/sites\\\/86\\\/2022\\\/01\\\/2200.jpg\",\"datePublished\":\"2026-04-25T00:01:24+00:00\",\"breadcrumb\":{\"@id\":\"https:\\\/\\\/tv.joycemeyer.org\\\/srbija\\\/devotional\\\/odluci-da-nastavis\\\/#breadcrumb\"},\"inLanguage\":\"en-US\",\"potentialAction\":[{\"@type\":\"ReadAction\",\"target\":[\"https:\\\/\\\/tv.joycemeyer.org\\\/srbija\\\/devotional\\\/odluci-da-nastavis\\\/\"]}]},{\"@type\":\"ImageObject\",\"inLanguage\":\"en-US\",\"@id\":\"https:\\\/\\\/tv.joycemeyer.org\\\/srbija\\\/devotional\\\/odluci-da-nastavis\\\/#primaryimage\",\"url\":\"https:\\\/\\\/tv.joycemeyer.org\\\/srbija\\\/wp-content\\\/uploads\\\/sites\\\/86\\\/2022\\\/01\\\/2200.jpg\",\"contentUrl\":\"https:\\\/\\\/tv.joycemeyer.org\\\/srbija\\\/wp-content\\\/uploads\\\/sites\\\/86\\\/2022\\\/01\\\/2200.jpg\",\"width\":1800,\"height\":1050,\"caption\":\"Odlu\u010di da nastavi\u0161\"},{\"@type\":\"BreadcrumbList\",\"@id\":\"https:\\\/\\\/tv.joycemeyer.org\\\/srbija\\\/devotional\\\/odluci-da-nastavis\\\/#breadcrumb\",\"itemListElement\":[{\"@type\":\"ListItem\",\"position\":1,\"name\":\"Home\",\"item\":\"https:\\\/\\\/tv.joycemeyer.org\\\/srbija\\\/\"},{\"@type\":\"ListItem\",\"position\":2,\"name\":\"Devotional\",\"item\":\"https:\\\/\\\/tv.joycemeyer.org\\\/srbija\\\/devotional\\\/\"},{\"@type\":\"ListItem\",\"position\":3,\"name\":\"Odlu\u010di da nastavi\u0161\"}]},{\"@type\":\"WebSite\",\"@id\":\"https:\\\/\\\/tv.joycemeyer.org\\\/srbija\\\/#website\",\"url\":\"https:\\\/\\\/tv.joycemeyer.org\\\/srbija\\\/\",\"name\":\"Joyce Meyer Ministries - Srbija\",\"description\":\"Deliti Hrista - voleti ljude\",\"potentialAction\":[{\"@type\":\"SearchAction\",\"target\":{\"@type\":\"EntryPoint\",\"urlTemplate\":\"https:\\\/\\\/tv.joycemeyer.org\\\/srbija\\\/?s={search_term_string}\"},\"query-input\":{\"@type\":\"PropertyValueSpecification\",\"valueRequired\":true,\"valueName\":\"search_term_string\"}}],\"inLanguage\":\"en-US\"}]}<\/script>\n<!-- \/ Yoast SEO plugin. -->","yoast_head_json":{"title":"Odlu\u010di da nastavi\u0161 - Joyce Meyer Ministries - Srbija","robots":{"index":"index","follow":"follow","max-snippet":"max-snippet:-1","max-image-preview":"max-image-preview:large","max-video-preview":"max-video-preview:-1"},"canonical":"https:\/\/tv.joycemeyer.org\/srbija\/devotional\/odluci-da-nastavis\/","og_locale":"en_US","og_type":"article","og_title":"Odlu\u010di da nastavi\u0161 - Joyce Meyer Ministries - Srbija","og_description":"Svi se kad tad suo\u010dimo sa razo\u010darenjem. Ne postoji \u010dovek kome se sve u \u017eivotu dogodilo onako kako je \u017eeleo, na na\u010din na koji je o\u010dekivao...","og_url":"https:\/\/tv.joycemeyer.org\/srbija\/devotional\/odluci-da-nastavis\/","og_site_name":"Joyce Meyer Ministries - Srbija","og_image":[{"width":1800,"height":1050,"url":"https:\/\/tv.joycemeyer.org\/srbija\/wp-content\/uploads\/sites\/86\/2022\/01\/2200.jpg","type":"image\/jpeg"}],"twitter_card":"summary_large_image","twitter_misc":{"Est. reading time":"2 minutes"},"schema":{"@context":"https:\/\/schema.org","@graph":[{"@type":"WebPage","@id":"https:\/\/tv.joycemeyer.org\/srbija\/devotional\/odluci-da-nastavis\/","url":"https:\/\/tv.joycemeyer.org\/srbija\/devotional\/odluci-da-nastavis\/","name":"Odlu\u010di da nastavi\u0161 - Joyce Meyer Ministries - Srbija","isPartOf":{"@id":"https:\/\/tv.joycemeyer.org\/srbija\/#website"},"primaryImageOfPage":{"@id":"https:\/\/tv.joycemeyer.org\/srbija\/devotional\/odluci-da-nastavis\/#primaryimage"},"image":{"@id":"https:\/\/tv.joycemeyer.org\/srbija\/devotional\/odluci-da-nastavis\/#primaryimage"},"thumbnailUrl":"https:\/\/tv.joycemeyer.org\/srbija\/wp-content\/uploads\/sites\/86\/2022\/01\/2200.jpg","datePublished":"2026-04-25T00:01:24+00:00","breadcrumb":{"@id":"https:\/\/tv.joycemeyer.org\/srbija\/devotional\/odluci-da-nastavis\/#breadcrumb"},"inLanguage":"en-US","potentialAction":[{"@type":"ReadAction","target":["https:\/\/tv.joycemeyer.org\/srbija\/devotional\/odluci-da-nastavis\/"]}]},{"@type":"ImageObject","inLanguage":"en-US","@id":"https:\/\/tv.joycemeyer.org\/srbija\/devotional\/odluci-da-nastavis\/#primaryimage","url":"https:\/\/tv.joycemeyer.org\/srbija\/wp-content\/uploads\/sites\/86\/2022\/01\/2200.jpg","contentUrl":"https:\/\/tv.joycemeyer.org\/srbija\/wp-content\/uploads\/sites\/86\/2022\/01\/2200.jpg","width":1800,"height":1050,"caption":"Odlu\u010di da nastavi\u0161"},{"@type":"BreadcrumbList","@id":"https:\/\/tv.joycemeyer.org\/srbija\/devotional\/odluci-da-nastavis\/#breadcrumb","itemListElement":[{"@type":"ListItem","position":1,"name":"Home","item":"https:\/\/tv.joycemeyer.org\/srbija\/"},{"@type":"ListItem","position":2,"name":"Devotional","item":"https:\/\/tv.joycemeyer.org\/srbija\/devotional\/"},{"@type":"ListItem","position":3,"name":"Odlu\u010di da nastavi\u0161"}]},{"@type":"WebSite","@id":"https:\/\/tv.joycemeyer.org\/srbija\/#website","url":"https:\/\/tv.joycemeyer.org\/srbija\/","name":"Joyce Meyer Ministries - Srbija","description":"Deliti Hrista - voleti ljude","potentialAction":[{"@type":"SearchAction","target":{"@type":"EntryPoint","urlTemplate":"https:\/\/tv.joycemeyer.org\/srbija\/?s={search_term_string}"},"query-input":{"@type":"PropertyValueSpecification","valueRequired":true,"valueName":"search_term_string"}}],"inLanguage":"en-US"}]}},"_links":{"self":[{"href":"https:\/\/tv.joycemeyer.org\/srbija\/wp-json\/wp\/v2\/devotional\/1675","targetHints":{"allow":["GET"]}}],"collection":[{"href":"https:\/\/tv.joycemeyer.org\/srbija\/wp-json\/wp\/v2\/devotional"}],"about":[{"href":"https:\/\/tv.joycemeyer.org\/srbija\/wp-json\/wp\/v2\/types\/devotional"}],"author":[{"embeddable":true,"href":"https:\/\/tv.joycemeyer.org\/srbija\/wp-json\/wp\/v2\/users\/19"}],"replies":[{"embeddable":true,"href":"https:\/\/tv.joycemeyer.org\/srbija\/wp-json\/wp\/v2\/comments?post=1675"}],"wp:featuredmedia":[{"embeddable":true,"href":"https:\/\/tv.joycemeyer.org\/srbija\/wp-json\/wp\/v2\/media\/1676"}],"wp:attachment":[{"href":"https:\/\/tv.joycemeyer.org\/srbija\/wp-json\/wp\/v2\/media?parent=1675"}],"curies":[{"name":"wp","href":"https:\/\/api.w.org\/{rel}","templated":true}]}}

Odluči da nastaviš

<p><strong>‘’A što se vas tiče, braćo, neka vam ne dojadi da činite dobro.’’ —2. Solunjanima 3:13</strong></p>
<p>Svi se kad tad suočimo sa razočarenjem. Ne postoji čovek kome se sve u životu dogodilo onako kako je želeo, na način na koji je očekivao. Kada stvari ne idu prema planu, prva emocija koju osetimo je razočarenje. To je normalno. Nema ništa lošeg u tome da budemo razočarani, ali je važno da znamo šta da radimo sa tim osećanjem inače će se ono pretvoriti u nešto ozbiljnije. Ne možemo da živimo a da se ne razočaramo, ali u Isusu uvek možemo dobiti utehu. Apostol Pavle je rekao da je jedna jako važna lekcija koju je naučio bila da pusti sve ono što se dogodilo i da teži stvarima koje su pred njim (Filipljanima 3:13-14). Puštamo ono što nas je razočaralo i težimo onome što Bog ima za nas. Dobijamo novu viziju, plan, ideju, dobijamo nov način razmišljanja i menjamo fokus. Odlučujemo da nastavimo!</p>
<p><strong>Svaki dan je novi početak! Možemo da se oslobodimo razočarenja iz prošlosti i da damo Bogu priliku da učini nešto divno za nas danas!</strong></p>

<p>Svi se kad tad suočimo sa razočarenjem. Ne postoji čovek kome se sve u životu dogodilo onako kako je želeo, na način na koji je očekivao&#8230;</p>

<div class="post-featured-wrap"><img width="1024" height="597" src="https://tv.joycemeyer.org/srbija/wp-content/uploads/sites/86/2022/01/2200-1024x597.jpg" class="post-featured wp-post-image" alt="Odluči da nastaviš" decoding="async" srcset="https://tv.joycemeyer.org/srbija/wp-content/uploads/sites/86/2022/01/2200-1024x597.jpg 1024w, https://tv.joycemeyer.org/srbija/wp-content/uploads/sites/86/2022/01/2200-300x175.jpg 300w, https://tv.joycemeyer.org/srbija/wp-content/uploads/sites/86/2022/01/2200-768x448.jpg 768w, https://tv.joycemeyer.org/srbija/wp-content/uploads/sites/86/2022/01/2200-1536x896.jpg 1536w, https://tv.joycemeyer.org/srbija/wp-content/uploads/sites/86/2022/01/2200.jpg 1800w" sizes="(max-width: 1024px) 100vw, 1024px" /></div>

<!-- This site is optimized with the Yoast SEO plugin v27.4 - https://yoast.com/product/yoast-seo-wordpress/ -->
<title>Odluči da nastaviš - Joyce Meyer Ministries - Srbija</title>
<meta name="robots" content="index, follow, max-snippet:-1, max-image-preview:large, max-video-preview:-1" />
<link rel="canonical" href="https://tv.joycemeyer.org/srbija/devotional/odluci-da-nastavis/" />
<meta property="og:locale" content="en_US" />
<meta property="og:type" content="article" />
<meta property="og:title" content="Odluči da nastaviš - Joyce Meyer Ministries - Srbija" />
<meta property="og:description" content="Svi se kad tad suočimo sa razočarenjem. Ne postoji čovek kome se sve u životu dogodilo onako kako je želeo, na način na koji je očekivao..." />
<meta property="og:url" content="https://tv.joycemeyer.org/srbija/devotional/odluci-da-nastavis/" />
<meta property="og:site_name" content="Joyce Meyer Ministries - Srbija" />
<meta property="og:image" content="https://tv.joycemeyer.org/srbija/wp-content/uploads/sites/86/2022/01/2200.jpg" />
	<meta property="og:image:width" content="1800" />
	<meta property="og:image:height" content="1050" />
	<meta property="og:image:type" content="image/jpeg" />
<meta name="twitter:card" content="summary_large_image" />
<meta name="twitter:label1" content="Est. reading time" />
	<meta name="twitter:data1" content="2 minutes" />
<script type="application/ld+json" class="yoast-schema-graph">{"@context":"https:\/\/schema.org","@graph":[{"@type":"WebPage","@id":"https:\/\/tv.joycemeyer.org\/srbija\/devotional\/odluci-da-nastavis\/","url":"https:\/\/tv.joycemeyer.org\/srbija\/devotional\/odluci-da-nastavis\/","name":"Odluči da nastaviš - Joyce Meyer Ministries - Srbija","isPartOf":{"@id":"https:\/\/tv.joycemeyer.org\/srbija\/#website"},"primaryImageOfPage":{"@id":"https:\/\/tv.joycemeyer.org\/srbija\/devotional\/odluci-da-nastavis\/#primaryimage"},"image":{"@id":"https:\/\/tv.joycemeyer.org\/srbija\/devotional\/odluci-da-nastavis\/#primaryimage"},"thumbnailUrl":"https:\/\/tv.joycemeyer.org\/srbija\/wp-content\/uploads\/sites\/86\/2022\/01\/2200.jpg","datePublished":"2026-04-25T00:01:24+00:00","breadcrumb":{"@id":"https:\/\/tv.joycemeyer.org\/srbija\/devotional\/odluci-da-nastavis\/#breadcrumb"},"inLanguage":"en-US","potentialAction":[{"@type":"ReadAction","target":["https:\/\/tv.joycemeyer.org\/srbija\/devotional\/odluci-da-nastavis\/"]}]},{"@type":"ImageObject","inLanguage":"en-US","@id":"https:\/\/tv.joycemeyer.org\/srbija\/devotional\/odluci-da-nastavis\/#primaryimage","url":"https:\/\/tv.joycemeyer.org\/srbija\/wp-content\/uploads\/sites\/86\/2022\/01\/2200.jpg","contentUrl":"https:\/\/tv.joycemeyer.org\/srbija\/wp-content\/uploads\/sites\/86\/2022\/01\/2200.jpg","width":1800,"height":1050,"caption":"Odluči da nastaviš"},{"@type":"BreadcrumbList","@id":"https:\/\/tv.joycemeyer.org\/srbija\/devotional\/odluci-da-nastavis\/#breadcrumb","itemListElement":[{"@type":"ListItem","position":1,"name":"Home","item":"https:\/\/tv.joycemeyer.org\/srbija\/"},{"@type":"ListItem","position":2,"name":"Devotional","item":"https:\/\/tv.joycemeyer.org\/srbija\/devotional\/"},{"@type":"ListItem","position":3,"name":"Odluči da nastaviš"}]},{"@type":"WebSite","@id":"https:\/\/tv.joycemeyer.org\/srbija\/#website","url":"https:\/\/tv.joycemeyer.org\/srbija\/","name":"Joyce Meyer Ministries - Srbija","description":"Deliti Hrista - voleti ljude","potentialAction":[{"@type":"SearchAction","target":{"@type":"EntryPoint","urlTemplate":"https:\/\/tv.joycemeyer.org\/srbija\/?s={search_term_string}"},"query-input":{"@type":"PropertyValueSpecification","valueRequired":true,"valueName":"search_term_string"}}],"inLanguage":"en-US"}]}</script>
<!-- / Yoast SEO plugin. -->

Odluči da nastaviš - Joyce Meyer Ministries - Srbija

Svi se kad tad suočimo sa razočarenjem. Ne postoji čovek kome se sve u životu dogodilo onako kako je želeo, na način na koji je očekivao...
