{"id":1679,"date":"2026-04-27T00:01:15","date_gmt":"2026-04-27T00:01:15","guid":{"rendered":"https:\/\/tv.joycemeyer.org\/srbija\/?post_type=devotional&#038;p=1679"},"modified":"2025-08-07T19:22:31","modified_gmt":"2025-08-07T19:22:31","slug":"u-procesu","status":"publish","type":"devotional","link":"https:\/\/tv.joycemeyer.org\/srbija\/devotional\/u-procesu\/","title":{"rendered":"U procesu&#8230;"},"content":{"rendered":"<p><strong>\u2018\u2019Neprestano zahvaljujemo Bogu i zato \u0161to ste Bo\u017eiju re\u010d, kada ste je primili po\u0161to ste je od nas \u010duli, onakvu kakva ona zaista jeste: kao Bo\u017eiju re\u010d, koja deluje u vama koji verujete.\u2019\u2019 \u20141. Solunjanima 2:13<\/strong><\/p>\n<p>Ohrabrujem te da svakog dana ka\u017ee\u0161: &#8221;Bog radi u meni &#8211; menja me!&#8221; Izgovaraj ono \u0161to ka\u017ee Bo\u017eija Re\u010d, a ne ono \u0161to ose\u0107a\u0161. Kada pri\u010damo samo o tome kako se ose\u0107amo, te\u0161ko je da Bo\u017eija Re\u010d efikasno radi u nama. Dok te\u017eimo da ostvarimo svoj potencijal u Hristu, napravi\u0107emo neke gre\u0161ke &#8211; svi to \u010dine. Ali pritisak nestaje kada shvatimo da Bog od nas samo o\u010dekuje da damo najbolje od sebe, ne o\u010dekuje da budemo savr\u0161eni. Da smo savr\u0161eni ne bi nam trebao Spasitelj. Verujem da \u0107e Bog uvek ostaviti odre\u0111ene nedostatke u nama, samo da bismo znali koliko nam je Isus potreban svaki dan. Nisam savr\u0161eni propovednik. Ponekad stvari ka\u017eem na pogre\u0161an na\u010din ili mislim da sam ne\u0161to \u010dula od Boga a ustvari sam to bila ja. Mnogo puta sam bila daleko od savr\u0161enstva. Nemam savr\u0161enu veru, savr\u0161en stav, misli i na\u010dine. Isus je znao da \u0107emo biti takvi, zato je stao izme\u0111u Bo\u017eije savr\u0161enosti i na\u0161e nesavr\u0161enosti. On neprestano posreduje izme\u0111u nas jer nam je to potrebno (Jevrejima 7:25).<\/p>\n<p><strong>Bog nas ne prihvata samo kada se pona\u0161amo savr\u0161eno. Mo\u017eemo da verujemo da nas prihvata &#8221;u Voljenome&#8221; (Efescima 1:6).<\/strong><\/p>\n","protected":false},"excerpt":{"rendered":"<p>Ohrabrujem te da svakog dana ka\u017ee\u0161: &#8221;Bog radi u meni &#8211; menja me!&#8221; Izgovaraj ono \u0161to ka\u017ee Bo\u017eija Re\u010d, a ne ono \u0161to ose\u0107a\u0161&#8230;<\/p>\n","protected":false},"author":19,"featured_media":1680,"parent":0,"menu_order":0,"comment_status":"closed","ping_status":"closed","template":"","class_list":["post-1679","devotional","type-devotional","status-publish","has-post-thumbnail","hentry"],"acf":[],"appp":{"post_detail":{"above_title":"<div class=\"post-featured-wrap\"><img width=\"1024\" height=\"597\" src=\"https:\/\/tv.joycemeyer.org\/srbija\/wp-content\/uploads\/sites\/86\/2022\/01\/2162-1024x597.jpg\" class=\"post-featured wp-post-image\" alt=\"U procesu...\" decoding=\"async\" srcset=\"https:\/\/tv.joycemeyer.org\/srbija\/wp-content\/uploads\/sites\/86\/2022\/01\/2162-1024x597.jpg 1024w, https:\/\/tv.joycemeyer.org\/srbija\/wp-content\/uploads\/sites\/86\/2022\/01\/2162-300x175.jpg 300w, https:\/\/tv.joycemeyer.org\/srbija\/wp-content\/uploads\/sites\/86\/2022\/01\/2162-768x448.jpg 768w, https:\/\/tv.joycemeyer.org\/srbija\/wp-content\/uploads\/sites\/86\/2022\/01\/2162-1536x896.jpg 1536w, https:\/\/tv.joycemeyer.org\/srbija\/wp-content\/uploads\/sites\/86\/2022\/01\/2162.jpg 1800w\" sizes=\"(max-width: 1024px) 100vw, 1024px\" \/><\/div>","below_content":"<div class=\"follow\"><ul class=\"nav nav--social nav--flex\"><\/ul><\/div>"}},"yoast_head":"<!-- This site is optimized with the Yoast SEO plugin v27.4 - https:\/\/yoast.com\/product\/yoast-seo-wordpress\/ -->\n<title>U procesu... - Joyce Meyer Ministries - Srbija<\/title>\n<meta name=\"robots\" content=\"index, follow, max-snippet:-1, max-image-preview:large, max-video-preview:-1\" \/>\n<link rel=\"canonical\" href=\"https:\/\/tv.joycemeyer.org\/srbija\/devotional\/u-procesu\/\" \/>\n<meta property=\"og:locale\" content=\"en_US\" \/>\n<meta property=\"og:type\" content=\"article\" \/>\n<meta property=\"og:title\" content=\"U procesu... - Joyce Meyer Ministries - Srbija\" \/>\n<meta property=\"og:description\" content=\"Ohrabrujem te da svakog dana ka\u017ee\u0161: &#039;&#039;Bog radi u meni - menja me!&#039;&#039; Izgovaraj ono \u0161to ka\u017ee Bo\u017eija Re\u010d, a ne ono \u0161to ose\u0107a\u0161...\" \/>\n<meta property=\"og:url\" content=\"https:\/\/tv.joycemeyer.org\/srbija\/devotional\/u-procesu\/\" \/>\n<meta property=\"og:site_name\" content=\"Joyce Meyer Ministries - Srbija\" \/>\n<meta property=\"og:image\" content=\"https:\/\/tv.joycemeyer.org\/srbija\/wp-content\/uploads\/sites\/86\/2022\/01\/2162.jpg\" \/>\n\t<meta property=\"og:image:width\" content=\"1800\" \/>\n\t<meta property=\"og:image:height\" content=\"1050\" \/>\n\t<meta property=\"og:image:type\" content=\"image\/jpeg\" \/>\n<meta name=\"twitter:card\" content=\"summary_large_image\" \/>\n<meta name=\"twitter:label1\" content=\"Est. reading time\" \/>\n\t<meta name=\"twitter:data1\" content=\"2 minutes\" \/>\n<script type=\"application\/ld+json\" class=\"yoast-schema-graph\">{\"@context\":\"https:\\\/\\\/schema.org\",\"@graph\":[{\"@type\":\"WebPage\",\"@id\":\"https:\\\/\\\/tv.joycemeyer.org\\\/srbija\\\/devotional\\\/u-procesu\\\/\",\"url\":\"https:\\\/\\\/tv.joycemeyer.org\\\/srbija\\\/devotional\\\/u-procesu\\\/\",\"name\":\"U procesu... - Joyce Meyer Ministries - Srbija\",\"isPartOf\":{\"@id\":\"https:\\\/\\\/tv.joycemeyer.org\\\/srbija\\\/#website\"},\"primaryImageOfPage\":{\"@id\":\"https:\\\/\\\/tv.joycemeyer.org\\\/srbija\\\/devotional\\\/u-procesu\\\/#primaryimage\"},\"image\":{\"@id\":\"https:\\\/\\\/tv.joycemeyer.org\\\/srbija\\\/devotional\\\/u-procesu\\\/#primaryimage\"},\"thumbnailUrl\":\"https:\\\/\\\/tv.joycemeyer.org\\\/srbija\\\/wp-content\\\/uploads\\\/sites\\\/86\\\/2022\\\/01\\\/2162.jpg\",\"datePublished\":\"2026-04-27T00:01:15+00:00\",\"breadcrumb\":{\"@id\":\"https:\\\/\\\/tv.joycemeyer.org\\\/srbija\\\/devotional\\\/u-procesu\\\/#breadcrumb\"},\"inLanguage\":\"en-US\",\"potentialAction\":[{\"@type\":\"ReadAction\",\"target\":[\"https:\\\/\\\/tv.joycemeyer.org\\\/srbija\\\/devotional\\\/u-procesu\\\/\"]}]},{\"@type\":\"ImageObject\",\"inLanguage\":\"en-US\",\"@id\":\"https:\\\/\\\/tv.joycemeyer.org\\\/srbija\\\/devotional\\\/u-procesu\\\/#primaryimage\",\"url\":\"https:\\\/\\\/tv.joycemeyer.org\\\/srbija\\\/wp-content\\\/uploads\\\/sites\\\/86\\\/2022\\\/01\\\/2162.jpg\",\"contentUrl\":\"https:\\\/\\\/tv.joycemeyer.org\\\/srbija\\\/wp-content\\\/uploads\\\/sites\\\/86\\\/2022\\\/01\\\/2162.jpg\",\"width\":1800,\"height\":1050,\"caption\":\"U procesu...\"},{\"@type\":\"BreadcrumbList\",\"@id\":\"https:\\\/\\\/tv.joycemeyer.org\\\/srbija\\\/devotional\\\/u-procesu\\\/#breadcrumb\",\"itemListElement\":[{\"@type\":\"ListItem\",\"position\":1,\"name\":\"Home\",\"item\":\"https:\\\/\\\/tv.joycemeyer.org\\\/srbija\\\/\"},{\"@type\":\"ListItem\",\"position\":2,\"name\":\"Devotional\",\"item\":\"https:\\\/\\\/tv.joycemeyer.org\\\/srbija\\\/devotional\\\/\"},{\"@type\":\"ListItem\",\"position\":3,\"name\":\"U procesu&#8230;\"}]},{\"@type\":\"WebSite\",\"@id\":\"https:\\\/\\\/tv.joycemeyer.org\\\/srbija\\\/#website\",\"url\":\"https:\\\/\\\/tv.joycemeyer.org\\\/srbija\\\/\",\"name\":\"Joyce Meyer Ministries - Srbija\",\"description\":\"Deliti Hrista - voleti ljude\",\"potentialAction\":[{\"@type\":\"SearchAction\",\"target\":{\"@type\":\"EntryPoint\",\"urlTemplate\":\"https:\\\/\\\/tv.joycemeyer.org\\\/srbija\\\/?s={search_term_string}\"},\"query-input\":{\"@type\":\"PropertyValueSpecification\",\"valueRequired\":true,\"valueName\":\"search_term_string\"}}],\"inLanguage\":\"en-US\"}]}<\/script>\n<!-- \/ Yoast SEO plugin. -->","yoast_head_json":{"title":"U procesu... - Joyce Meyer Ministries - Srbija","robots":{"index":"index","follow":"follow","max-snippet":"max-snippet:-1","max-image-preview":"max-image-preview:large","max-video-preview":"max-video-preview:-1"},"canonical":"https:\/\/tv.joycemeyer.org\/srbija\/devotional\/u-procesu\/","og_locale":"en_US","og_type":"article","og_title":"U procesu... - Joyce Meyer Ministries - Srbija","og_description":"Ohrabrujem te da svakog dana ka\u017ee\u0161: ''Bog radi u meni - menja me!'' Izgovaraj ono \u0161to ka\u017ee Bo\u017eija Re\u010d, a ne ono \u0161to ose\u0107a\u0161...","og_url":"https:\/\/tv.joycemeyer.org\/srbija\/devotional\/u-procesu\/","og_site_name":"Joyce Meyer Ministries - Srbija","og_image":[{"width":1800,"height":1050,"url":"https:\/\/tv.joycemeyer.org\/srbija\/wp-content\/uploads\/sites\/86\/2022\/01\/2162.jpg","type":"image\/jpeg"}],"twitter_card":"summary_large_image","twitter_misc":{"Est. reading time":"2 minutes"},"schema":{"@context":"https:\/\/schema.org","@graph":[{"@type":"WebPage","@id":"https:\/\/tv.joycemeyer.org\/srbija\/devotional\/u-procesu\/","url":"https:\/\/tv.joycemeyer.org\/srbija\/devotional\/u-procesu\/","name":"U procesu... - Joyce Meyer Ministries - Srbija","isPartOf":{"@id":"https:\/\/tv.joycemeyer.org\/srbija\/#website"},"primaryImageOfPage":{"@id":"https:\/\/tv.joycemeyer.org\/srbija\/devotional\/u-procesu\/#primaryimage"},"image":{"@id":"https:\/\/tv.joycemeyer.org\/srbija\/devotional\/u-procesu\/#primaryimage"},"thumbnailUrl":"https:\/\/tv.joycemeyer.org\/srbija\/wp-content\/uploads\/sites\/86\/2022\/01\/2162.jpg","datePublished":"2026-04-27T00:01:15+00:00","breadcrumb":{"@id":"https:\/\/tv.joycemeyer.org\/srbija\/devotional\/u-procesu\/#breadcrumb"},"inLanguage":"en-US","potentialAction":[{"@type":"ReadAction","target":["https:\/\/tv.joycemeyer.org\/srbija\/devotional\/u-procesu\/"]}]},{"@type":"ImageObject","inLanguage":"en-US","@id":"https:\/\/tv.joycemeyer.org\/srbija\/devotional\/u-procesu\/#primaryimage","url":"https:\/\/tv.joycemeyer.org\/srbija\/wp-content\/uploads\/sites\/86\/2022\/01\/2162.jpg","contentUrl":"https:\/\/tv.joycemeyer.org\/srbija\/wp-content\/uploads\/sites\/86\/2022\/01\/2162.jpg","width":1800,"height":1050,"caption":"U procesu..."},{"@type":"BreadcrumbList","@id":"https:\/\/tv.joycemeyer.org\/srbija\/devotional\/u-procesu\/#breadcrumb","itemListElement":[{"@type":"ListItem","position":1,"name":"Home","item":"https:\/\/tv.joycemeyer.org\/srbija\/"},{"@type":"ListItem","position":2,"name":"Devotional","item":"https:\/\/tv.joycemeyer.org\/srbija\/devotional\/"},{"@type":"ListItem","position":3,"name":"U procesu&#8230;"}]},{"@type":"WebSite","@id":"https:\/\/tv.joycemeyer.org\/srbija\/#website","url":"https:\/\/tv.joycemeyer.org\/srbija\/","name":"Joyce Meyer Ministries - Srbija","description":"Deliti Hrista - voleti ljude","potentialAction":[{"@type":"SearchAction","target":{"@type":"EntryPoint","urlTemplate":"https:\/\/tv.joycemeyer.org\/srbija\/?s={search_term_string}"},"query-input":{"@type":"PropertyValueSpecification","valueRequired":true,"valueName":"search_term_string"}}],"inLanguage":"en-US"}]}},"_links":{"self":[{"href":"https:\/\/tv.joycemeyer.org\/srbija\/wp-json\/wp\/v2\/devotional\/1679","targetHints":{"allow":["GET"]}}],"collection":[{"href":"https:\/\/tv.joycemeyer.org\/srbija\/wp-json\/wp\/v2\/devotional"}],"about":[{"href":"https:\/\/tv.joycemeyer.org\/srbija\/wp-json\/wp\/v2\/types\/devotional"}],"author":[{"embeddable":true,"href":"https:\/\/tv.joycemeyer.org\/srbija\/wp-json\/wp\/v2\/users\/19"}],"replies":[{"embeddable":true,"href":"https:\/\/tv.joycemeyer.org\/srbija\/wp-json\/wp\/v2\/comments?post=1679"}],"wp:featuredmedia":[{"embeddable":true,"href":"https:\/\/tv.joycemeyer.org\/srbija\/wp-json\/wp\/v2\/media\/1680"}],"wp:attachment":[{"href":"https:\/\/tv.joycemeyer.org\/srbija\/wp-json\/wp\/v2\/media?parent=1679"}],"curies":[{"name":"wp","href":"https:\/\/api.w.org\/{rel}","templated":true}]}}

<p><strong>‘’Neprestano zahvaljujemo Bogu i zato što ste Božiju reč, kada ste je primili pošto ste je od nas čuli, onakvu kakva ona zaista jeste: kao Božiju reč, koja deluje u vama koji verujete.’’ —1. Solunjanima 2:13</strong></p>
<p>Ohrabrujem te da svakog dana kažeš: &#8221;Bog radi u meni &#8211; menja me!&#8221; Izgovaraj ono što kaže Božija Reč, a ne ono što osećaš. Kada pričamo samo o tome kako se osećamo, teško je da Božija Reč efikasno radi u nama. Dok težimo da ostvarimo svoj potencijal u Hristu, napravićemo neke greške &#8211; svi to čine. Ali pritisak nestaje kada shvatimo da Bog od nas samo očekuje da damo najbolje od sebe, ne očekuje da budemo savršeni. Da smo savršeni ne bi nam trebao Spasitelj. Verujem da će Bog uvek ostaviti određene nedostatke u nama, samo da bismo znali koliko nam je Isus potreban svaki dan. Nisam savršeni propovednik. Ponekad stvari kažem na pogrešan način ili mislim da sam nešto čula od Boga a ustvari sam to bila ja. Mnogo puta sam bila daleko od savršenstva. Nemam savršenu veru, savršen stav, misli i načine. Isus je znao da ćemo biti takvi, zato je stao između Božije savršenosti i naše nesavršenosti. On neprestano posreduje između nas jer nam je to potrebno (Jevrejima 7:25).</p>
<p><strong>Bog nas ne prihvata samo kada se ponašamo savršeno. Možemo da verujemo da nas prihvata &#8221;u Voljenome&#8221; (Efescima 1:6).</strong></p>

<p>Ohrabrujem te da svakog dana kažeš: &#8221;Bog radi u meni &#8211; menja me!&#8221; Izgovaraj ono što kaže Božija Reč, a ne ono što osećaš&#8230;</p>

<!-- This site is optimized with the Yoast SEO plugin v27.4 - https://yoast.com/product/yoast-seo-wordpress/ -->
<title>U procesu... - Joyce Meyer Ministries - Srbija</title>
<meta name="robots" content="index, follow, max-snippet:-1, max-image-preview:large, max-video-preview:-1" />
<link rel="canonical" href="https://tv.joycemeyer.org/srbija/devotional/u-procesu/" />
<meta property="og:locale" content="en_US" />
<meta property="og:type" content="article" />
<meta property="og:title" content="U procesu... - Joyce Meyer Ministries - Srbija" />
<meta property="og:description" content="Ohrabrujem te da svakog dana kažeš: &#039;&#039;Bog radi u meni - menja me!&#039;&#039; Izgovaraj ono što kaže Božija Reč, a ne ono što osećaš..." />
<meta property="og:url" content="https://tv.joycemeyer.org/srbija/devotional/u-procesu/" />
<meta property="og:site_name" content="Joyce Meyer Ministries - Srbija" />
<meta property="og:image" content="https://tv.joycemeyer.org/srbija/wp-content/uploads/sites/86/2022/01/2162.jpg" />
	<meta property="og:image:width" content="1800" />
	<meta property="og:image:height" content="1050" />
	<meta property="og:image:type" content="image/jpeg" />
<meta name="twitter:card" content="summary_large_image" />
<meta name="twitter:label1" content="Est. reading time" />
	<meta name="twitter:data1" content="2 minutes" />
<script type="application/ld+json" class="yoast-schema-graph">{"@context":"https:\/\/schema.org","@graph":[{"@type":"WebPage","@id":"https:\/\/tv.joycemeyer.org\/srbija\/devotional\/u-procesu\/","url":"https:\/\/tv.joycemeyer.org\/srbija\/devotional\/u-procesu\/","name":"U procesu... - Joyce Meyer Ministries - Srbija","isPartOf":{"@id":"https:\/\/tv.joycemeyer.org\/srbija\/#website"},"primaryImageOfPage":{"@id":"https:\/\/tv.joycemeyer.org\/srbija\/devotional\/u-procesu\/#primaryimage"},"image":{"@id":"https:\/\/tv.joycemeyer.org\/srbija\/devotional\/u-procesu\/#primaryimage"},"thumbnailUrl":"https:\/\/tv.joycemeyer.org\/srbija\/wp-content\/uploads\/sites\/86\/2022\/01\/2162.jpg","datePublished":"2026-04-27T00:01:15+00:00","breadcrumb":{"@id":"https:\/\/tv.joycemeyer.org\/srbija\/devotional\/u-procesu\/#breadcrumb"},"inLanguage":"en-US","potentialAction":[{"@type":"ReadAction","target":["https:\/\/tv.joycemeyer.org\/srbija\/devotional\/u-procesu\/"]}]},{"@type":"ImageObject","inLanguage":"en-US","@id":"https:\/\/tv.joycemeyer.org\/srbija\/devotional\/u-procesu\/#primaryimage","url":"https:\/\/tv.joycemeyer.org\/srbija\/wp-content\/uploads\/sites\/86\/2022\/01\/2162.jpg","contentUrl":"https:\/\/tv.joycemeyer.org\/srbija\/wp-content\/uploads\/sites\/86\/2022\/01\/2162.jpg","width":1800,"height":1050,"caption":"U procesu..."},{"@type":"BreadcrumbList","@id":"https:\/\/tv.joycemeyer.org\/srbija\/devotional\/u-procesu\/#breadcrumb","itemListElement":[{"@type":"ListItem","position":1,"name":"Home","item":"https:\/\/tv.joycemeyer.org\/srbija\/"},{"@type":"ListItem","position":2,"name":"Devotional","item":"https:\/\/tv.joycemeyer.org\/srbija\/devotional\/"},{"@type":"ListItem","position":3,"name":"U procesu&#8230;"}]},{"@type":"WebSite","@id":"https:\/\/tv.joycemeyer.org\/srbija\/#website","url":"https:\/\/tv.joycemeyer.org\/srbija\/","name":"Joyce Meyer Ministries - Srbija","description":"Deliti Hrista - voleti ljude","potentialAction":[{"@type":"SearchAction","target":{"@type":"EntryPoint","urlTemplate":"https:\/\/tv.joycemeyer.org\/srbija\/?s={search_term_string}"},"query-input":{"@type":"PropertyValueSpecification","valueRequired":true,"valueName":"search_term_string"}}],"inLanguage":"en-US"}]}</script>
<!-- / Yoast SEO plugin. -->

Ohrabrujem te da svakog dana kažeš: ''Bog radi u meni - menja me!'' Izgovaraj ono što kaže Božija Reč, a ne ono što osećaš...
