{"id":1977,"date":"2026-08-29T00:01:32","date_gmt":"2026-08-29T00:01:32","guid":{"rendered":"https:\/\/tv.joycemeyer.org\/srbija\/?post_type=devotional&#038;p=1977"},"modified":"2025-08-07T23:33:08","modified_gmt":"2025-08-07T23:33:08","slug":"hrabri-se-u-gospodu","status":"publish","type":"devotional","link":"https:\/\/tv.joycemeyer.org\/srbija\/devotional\/hrabri-se-u-gospodu\/","title":{"rendered":"Hrabri se u Gospodu"},"content":{"rendered":"<blockquote><p>\u2018\u2019Za\u0161to si poti\u0161tena, du\u0161o moja? Za\u0161to si tako uznemirena u meni? U Boga se uzdaj, jer opet \u0107u mu zahvaljivati, Spasitelju mom i mom Bogu.\u2019\u2019 \u2014Psalam 42:5<\/p><\/blockquote>\n<p>Ako se ikada oseti\u0161 obeshrabreno, znaj da nisi sam. I David se isto ose\u0107ao, ali nije dopustio da ga to obuzme. Kada se tako ose\u0107ao, svoju nadu je stavio u Boga i \u010dekao na Njega. Istu stvari mi mo\u017eemo da u\u010dinimo. Da bi prevazi\u0161ao ta ose\u0107anja, David se usresredio na Boga slave\u0107i ga za sva Njegova dela koja je u\u010dinio; usresredio se na Boga, ne na svoje probleme. Znao je da ako se fokusira na negativno, lako mo\u017ee da izgubi nadu i padne u depresiju. Zato se odabrao da se redovno hrabri u Gospodu (1. Samuilova 30:6). Kada se na\u0111emo u sli\u010dnoj situaciji mo\u017eemo da sledimo Davidov primer i \u010dekamo na Gospoda slave\u0107i ga bez obzira kakve su okolnosti. \u0160to smo bli\u017ei Bogu, lak\u0161e nam je da prona\u0111emo uto\u010di\u0161te u Njemu. Umesto da se prepustimo obeshrabrenju mo\u017eemo da se pouzdamo u Gospoda i verujmeo da \u0107e nas On izbaviti.<\/p>\n<hr \/>\n<p><strong>Gospod nas pokriva i brani. On vodi na\u0161e bitke umesto nas kada ga slavimo. (2. Dnevnika 20:17, 20-21).<\/strong><\/p>\n","protected":false},"excerpt":{"rendered":"<p>Ako se ikada oseti\u0161 obeshrabreno, znaj da nisi sam. I David se isto ose\u0107ao, ali nije dopustio da ga to obuzme. Kada se tako ose\u0107ao, svoju nadu je stavio u Boga i \u010dekao na Njega&#8230;<\/p>\n","protected":false},"author":19,"featured_media":1978,"parent":0,"menu_order":0,"comment_status":"closed","ping_status":"closed","template":"","class_list":["post-1977","devotional","type-devotional","status-publish","has-post-thumbnail","hentry"],"acf":[],"appp":{"post_detail":{"above_title":"<div class=\"post-featured-wrap\"><img width=\"1024\" height=\"597\" src=\"https:\/\/tv.joycemeyer.org\/srbija\/wp-content\/uploads\/sites\/86\/2022\/05\/2538-1024x597.jpg\" class=\"post-featured wp-post-image\" alt=\"Hrabri se u Gospodu\" decoding=\"async\" srcset=\"https:\/\/tv.joycemeyer.org\/srbija\/wp-content\/uploads\/sites\/86\/2022\/05\/2538-1024x597.jpg 1024w, https:\/\/tv.joycemeyer.org\/srbija\/wp-content\/uploads\/sites\/86\/2022\/05\/2538-300x175.jpg 300w, https:\/\/tv.joycemeyer.org\/srbija\/wp-content\/uploads\/sites\/86\/2022\/05\/2538-768x448.jpg 768w, https:\/\/tv.joycemeyer.org\/srbija\/wp-content\/uploads\/sites\/86\/2022\/05\/2538-1536x896.jpg 1536w, https:\/\/tv.joycemeyer.org\/srbija\/wp-content\/uploads\/sites\/86\/2022\/05\/2538.jpg 1800w\" sizes=\"(max-width: 1024px) 100vw, 1024px\" \/><\/div>","below_content":"<div class=\"follow\"><ul class=\"nav nav--social nav--flex\"><\/ul><\/div><div class=\"list-item list-item--full list-item--footer-ad clearfix \"><img width=\"1024\" height=\"597\" src=\"https:\/\/tv.joycemeyer.org\/srbija\/wp-content\/uploads\/sites\/86\/2022\/06\/Serbian-Book-Devo-Footer-1024x597.jpg\" class=\"list-item__image\" alt=\"Kada Boze Kada\" decoding=\"async\" srcset=\"https:\/\/tv.joycemeyer.org\/srbija\/wp-content\/uploads\/sites\/86\/2022\/06\/Serbian-Book-Devo-Footer-1024x597.jpg 1024w, https:\/\/tv.joycemeyer.org\/srbija\/wp-content\/uploads\/sites\/86\/2022\/06\/Serbian-Book-Devo-Footer-300x175.jpg 300w, https:\/\/tv.joycemeyer.org\/srbija\/wp-content\/uploads\/sites\/86\/2022\/06\/Serbian-Book-Devo-Footer-768x448.jpg 768w, https:\/\/tv.joycemeyer.org\/srbija\/wp-content\/uploads\/sites\/86\/2022\/06\/Serbian-Book-Devo-Footer-1536x896.jpg 1536w, https:\/\/tv.joycemeyer.org\/srbija\/wp-content\/uploads\/sites\/86\/2022\/06\/Serbian-Book-Devo-Footer.jpg 1800w\" sizes=\"(max-width: 1024px) 100vw, 1024px\" \/><div class=\"list-item__content\">Mi slu\u017eimo Bogu koji sve zna i \u010diji je pogled stalno na nama. Bog nikad nije iznena\u0111en. Ve\u0107ina od nas treba da raste u podru\u010dju poverenja i poku\u0161aja da se uti\u0161a veliko pitanje - KADA?\r\n\r\n<a class=\"button\" href=\"https:\/\/tv.joycemeyer.org\/srbija\/ebooks\/kada-boze-kada\/\" target=\"_blank\" rel=\"noopener\">Pro\u010ditajte vi\u0161e o<\/a><\/div><\/div>"}},"yoast_head":"<!-- This site is optimized with the Yoast SEO plugin v28.2 - https:\/\/yoast.com\/product\/yoast-seo-wordpress\/ -->\n<title>Hrabri se u Gospodu - Joyce Meyer Ministries - Srbija<\/title>\n<meta name=\"robots\" content=\"index, follow, max-snippet:-1, max-image-preview:large, max-video-preview:-1\" \/>\n<link rel=\"canonical\" href=\"https:\/\/tv.joycemeyer.org\/srbija\/devotional\/hrabri-se-u-gospodu\/\" \/>\n<meta property=\"og:locale\" content=\"en_US\" \/>\n<meta property=\"og:type\" content=\"article\" \/>\n<meta property=\"og:title\" content=\"Hrabri se u Gospodu - Joyce Meyer Ministries - Srbija\" \/>\n<meta property=\"og:description\" content=\"Ako se ikada oseti\u0161 obeshrabreno, znaj da nisi sam. I David se isto ose\u0107ao, ali nije dopustio da ga to obuzme. Kada se tako ose\u0107ao, svoju nadu je stavio u Boga i \u010dekao na Njega...\" \/>\n<meta property=\"og:url\" content=\"https:\/\/tv.joycemeyer.org\/srbija\/devotional\/hrabri-se-u-gospodu\/\" \/>\n<meta property=\"og:site_name\" content=\"Joyce Meyer Ministries - Srbija\" \/>\n<meta property=\"og:image\" content=\"https:\/\/tv.joycemeyer.org\/srbija\/wp-content\/uploads\/sites\/86\/2022\/05\/2538.jpg\" \/>\n\t<meta property=\"og:image:width\" content=\"1800\" \/>\n\t<meta property=\"og:image:height\" content=\"1050\" \/>\n\t<meta property=\"og:image:type\" content=\"image\/jpeg\" \/>\n<meta name=\"twitter:card\" content=\"summary_large_image\" \/>\n<meta name=\"twitter:label1\" content=\"Est. reading time\" \/>\n\t<meta name=\"twitter:data1\" content=\"1 minute\" \/>\n<script type=\"application\/ld+json\" class=\"yoast-schema-graph\">{\"@context\":\"https:\\\/\\\/schema.org\",\"@graph\":[{\"@type\":\"WebPage\",\"@id\":\"https:\\\/\\\/tv.joycemeyer.org\\\/srbija\\\/devotional\\\/hrabri-se-u-gospodu\\\/\",\"url\":\"https:\\\/\\\/tv.joycemeyer.org\\\/srbija\\\/devotional\\\/hrabri-se-u-gospodu\\\/\",\"name\":\"Hrabri se u Gospodu - Joyce Meyer Ministries - Srbija\",\"isPartOf\":{\"@id\":\"https:\\\/\\\/tv.joycemeyer.org\\\/srbija\\\/#website\"},\"primaryImageOfPage\":{\"@id\":\"https:\\\/\\\/tv.joycemeyer.org\\\/srbija\\\/devotional\\\/hrabri-se-u-gospodu\\\/#primaryimage\"},\"image\":{\"@id\":\"https:\\\/\\\/tv.joycemeyer.org\\\/srbija\\\/devotional\\\/hrabri-se-u-gospodu\\\/#primaryimage\"},\"thumbnailUrl\":\"https:\\\/\\\/tv.joycemeyer.org\\\/srbija\\\/wp-content\\\/uploads\\\/sites\\\/86\\\/2022\\\/05\\\/2538.jpg\",\"datePublished\":\"2026-08-29T00:01:32+00:00\",\"breadcrumb\":{\"@id\":\"https:\\\/\\\/tv.joycemeyer.org\\\/srbija\\\/devotional\\\/hrabri-se-u-gospodu\\\/#breadcrumb\"},\"inLanguage\":\"en-US\",\"potentialAction\":[{\"@type\":\"ReadAction\",\"target\":[\"https:\\\/\\\/tv.joycemeyer.org\\\/srbija\\\/devotional\\\/hrabri-se-u-gospodu\\\/\"]}]},{\"@type\":\"ImageObject\",\"inLanguage\":\"en-US\",\"@id\":\"https:\\\/\\\/tv.joycemeyer.org\\\/srbija\\\/devotional\\\/hrabri-se-u-gospodu\\\/#primaryimage\",\"url\":\"https:\\\/\\\/tv.joycemeyer.org\\\/srbija\\\/wp-content\\\/uploads\\\/sites\\\/86\\\/2022\\\/05\\\/2538.jpg\",\"contentUrl\":\"https:\\\/\\\/tv.joycemeyer.org\\\/srbija\\\/wp-content\\\/uploads\\\/sites\\\/86\\\/2022\\\/05\\\/2538.jpg\",\"width\":1800,\"height\":1050,\"caption\":\"Hrabri se u Gospodu\"},{\"@type\":\"BreadcrumbList\",\"@id\":\"https:\\\/\\\/tv.joycemeyer.org\\\/srbija\\\/devotional\\\/hrabri-se-u-gospodu\\\/#breadcrumb\",\"itemListElement\":[{\"@type\":\"ListItem\",\"position\":1,\"name\":\"Home\",\"item\":\"https:\\\/\\\/tv.joycemeyer.org\\\/srbija\\\/\"},{\"@type\":\"ListItem\",\"position\":2,\"name\":\"Devotional\",\"item\":\"https:\\\/\\\/tv.joycemeyer.org\\\/srbija\\\/devotional\\\/\"},{\"@type\":\"ListItem\",\"position\":3,\"name\":\"Hrabri se u Gospodu\"}]},{\"@type\":\"WebSite\",\"@id\":\"https:\\\/\\\/tv.joycemeyer.org\\\/srbija\\\/#website\",\"url\":\"https:\\\/\\\/tv.joycemeyer.org\\\/srbija\\\/\",\"name\":\"Joyce Meyer Ministries - Srbija\",\"description\":\"Deliti Hrista - voleti ljude\",\"potentialAction\":[{\"@type\":\"SearchAction\",\"target\":{\"@type\":\"EntryPoint\",\"urlTemplate\":\"https:\\\/\\\/tv.joycemeyer.org\\\/srbija\\\/?s={search_term_string}\"},\"query-input\":{\"@type\":\"PropertyValueSpecification\",\"valueRequired\":true,\"valueName\":\"search_term_string\"}}],\"inLanguage\":\"en-US\"}]}<\/script>\n<!-- \/ Yoast SEO plugin. -->","yoast_head_json":{"title":"Hrabri se u Gospodu - Joyce Meyer Ministries - Srbija","robots":{"index":"index","follow":"follow","max-snippet":"max-snippet:-1","max-image-preview":"max-image-preview:large","max-video-preview":"max-video-preview:-1"},"canonical":"https:\/\/tv.joycemeyer.org\/srbija\/devotional\/hrabri-se-u-gospodu\/","og_locale":"en_US","og_type":"article","og_title":"Hrabri se u Gospodu - Joyce Meyer Ministries - Srbija","og_description":"Ako se ikada oseti\u0161 obeshrabreno, znaj da nisi sam. I David se isto ose\u0107ao, ali nije dopustio da ga to obuzme. Kada se tako ose\u0107ao, svoju nadu je stavio u Boga i \u010dekao na Njega...","og_url":"https:\/\/tv.joycemeyer.org\/srbija\/devotional\/hrabri-se-u-gospodu\/","og_site_name":"Joyce Meyer Ministries - Srbija","og_image":[{"width":1800,"height":1050,"url":"https:\/\/tv.joycemeyer.org\/srbija\/wp-content\/uploads\/sites\/86\/2022\/05\/2538.jpg","type":"image\/jpeg"}],"twitter_card":"summary_large_image","twitter_misc":{"Est. reading time":"1 minute"},"schema":{"@context":"https:\/\/schema.org","@graph":[{"@type":"WebPage","@id":"https:\/\/tv.joycemeyer.org\/srbija\/devotional\/hrabri-se-u-gospodu\/","url":"https:\/\/tv.joycemeyer.org\/srbija\/devotional\/hrabri-se-u-gospodu\/","name":"Hrabri se u Gospodu - Joyce Meyer Ministries - Srbija","isPartOf":{"@id":"https:\/\/tv.joycemeyer.org\/srbija\/#website"},"primaryImageOfPage":{"@id":"https:\/\/tv.joycemeyer.org\/srbija\/devotional\/hrabri-se-u-gospodu\/#primaryimage"},"image":{"@id":"https:\/\/tv.joycemeyer.org\/srbija\/devotional\/hrabri-se-u-gospodu\/#primaryimage"},"thumbnailUrl":"https:\/\/tv.joycemeyer.org\/srbija\/wp-content\/uploads\/sites\/86\/2022\/05\/2538.jpg","datePublished":"2026-08-29T00:01:32+00:00","breadcrumb":{"@id":"https:\/\/tv.joycemeyer.org\/srbija\/devotional\/hrabri-se-u-gospodu\/#breadcrumb"},"inLanguage":"en-US","potentialAction":[{"@type":"ReadAction","target":["https:\/\/tv.joycemeyer.org\/srbija\/devotional\/hrabri-se-u-gospodu\/"]}]},{"@type":"ImageObject","inLanguage":"en-US","@id":"https:\/\/tv.joycemeyer.org\/srbija\/devotional\/hrabri-se-u-gospodu\/#primaryimage","url":"https:\/\/tv.joycemeyer.org\/srbija\/wp-content\/uploads\/sites\/86\/2022\/05\/2538.jpg","contentUrl":"https:\/\/tv.joycemeyer.org\/srbija\/wp-content\/uploads\/sites\/86\/2022\/05\/2538.jpg","width":1800,"height":1050,"caption":"Hrabri se u Gospodu"},{"@type":"BreadcrumbList","@id":"https:\/\/tv.joycemeyer.org\/srbija\/devotional\/hrabri-se-u-gospodu\/#breadcrumb","itemListElement":[{"@type":"ListItem","position":1,"name":"Home","item":"https:\/\/tv.joycemeyer.org\/srbija\/"},{"@type":"ListItem","position":2,"name":"Devotional","item":"https:\/\/tv.joycemeyer.org\/srbija\/devotional\/"},{"@type":"ListItem","position":3,"name":"Hrabri se u Gospodu"}]},{"@type":"WebSite","@id":"https:\/\/tv.joycemeyer.org\/srbija\/#website","url":"https:\/\/tv.joycemeyer.org\/srbija\/","name":"Joyce Meyer Ministries - Srbija","description":"Deliti Hrista - voleti ljude","potentialAction":[{"@type":"SearchAction","target":{"@type":"EntryPoint","urlTemplate":"https:\/\/tv.joycemeyer.org\/srbija\/?s={search_term_string}"},"query-input":{"@type":"PropertyValueSpecification","valueRequired":true,"valueName":"search_term_string"}}],"inLanguage":"en-US"}]}},"_links":{"self":[{"href":"https:\/\/tv.joycemeyer.org\/srbija\/wp-json\/wp\/v2\/devotional\/1977","targetHints":{"allow":["GET"]}}],"collection":[{"href":"https:\/\/tv.joycemeyer.org\/srbija\/wp-json\/wp\/v2\/devotional"}],"about":[{"href":"https:\/\/tv.joycemeyer.org\/srbija\/wp-json\/wp\/v2\/types\/devotional"}],"author":[{"embeddable":true,"href":"https:\/\/tv.joycemeyer.org\/srbija\/wp-json\/wp\/v2\/users\/19"}],"replies":[{"embeddable":true,"href":"https:\/\/tv.joycemeyer.org\/srbija\/wp-json\/wp\/v2\/comments?post=1977"}],"wp:featuredmedia":[{"embeddable":true,"href":"https:\/\/tv.joycemeyer.org\/srbija\/wp-json\/wp\/v2\/media\/1978"}],"wp:attachment":[{"href":"https:\/\/tv.joycemeyer.org\/srbija\/wp-json\/wp\/v2\/media?parent=1977"}],"curies":[{"name":"wp","href":"https:\/\/api.w.org\/{rel}","templated":true}]}}

<blockquote><p>‘’Zašto si potištena, dušo moja? Zašto si tako uznemirena u meni? U Boga se uzdaj, jer opet ću mu zahvaljivati, Spasitelju mom i mom Bogu.’’ —Psalam 42:5</p></blockquote>
<p>Ako se ikada osetiš obeshrabreno, znaj da nisi sam. I David se isto osećao, ali nije dopustio da ga to obuzme. Kada se tako osećao, svoju nadu je stavio u Boga i čekao na Njega. Istu stvari mi možemo da učinimo. Da bi prevazišao ta osećanja, David se usresredio na Boga slaveći ga za sva Njegova dela koja je učinio; usresredio se na Boga, ne na svoje probleme. Znao je da ako se fokusira na negativno, lako može da izgubi nadu i padne u depresiju. Zato se odabrao da se redovno hrabri u Gospodu (1. Samuilova 30:6). Kada se nađemo u sličnoj situaciji možemo da sledimo Davidov primer i čekamo na Gospoda slaveći ga bez obzira kakve su okolnosti. Što smo bliži Bogu, lakše nam je da pronađemo utočište u Njemu. Umesto da se prepustimo obeshrabrenju možemo da se pouzdamo u Gospoda i verujmeo da će nas On izbaviti.</p>
<hr />
<p><strong>Gospod nas pokriva i brani. On vodi naše bitke umesto nas kada ga slavimo. (2. Dnevnika 20:17, 20-21).</strong></p>

<p>Ako se ikada osetiš obeshrabreno, znaj da nisi sam. I David se isto osećao, ali nije dopustio da ga to obuzme. Kada se tako osećao, svoju nadu je stavio u Boga i čekao na Njega&#8230;</p>

<div class="follow"><ul class="nav nav--social nav--flex"></ul></div><div class="list-item list-item--full list-item--footer-ad clearfix "><img width="1024" height="597" src="https://tv.joycemeyer.org/srbija/wp-content/uploads/sites/86/2022/06/Serbian-Book-Devo-Footer-1024x597.jpg" class="list-item__image" alt="Kada Boze Kada" decoding="async" srcset="https://tv.joycemeyer.org/srbija/wp-content/uploads/sites/86/2022/06/Serbian-Book-Devo-Footer-1024x597.jpg 1024w, https://tv.joycemeyer.org/srbija/wp-content/uploads/sites/86/2022/06/Serbian-Book-Devo-Footer-300x175.jpg 300w, https://tv.joycemeyer.org/srbija/wp-content/uploads/sites/86/2022/06/Serbian-Book-Devo-Footer-768x448.jpg 768w, https://tv.joycemeyer.org/srbija/wp-content/uploads/sites/86/2022/06/Serbian-Book-Devo-Footer-1536x896.jpg 1536w, https://tv.joycemeyer.org/srbija/wp-content/uploads/sites/86/2022/06/Serbian-Book-Devo-Footer.jpg 1800w" sizes="(max-width: 1024px) 100vw, 1024px" /><div class="list-item__content">Mi služimo Bogu koji sve zna i čiji je pogled stalno na nama. Bog nikad nije iznenađen. Većina od nas treba da raste u području poverenja i pokušaja da se utiša veliko pitanje - KADA?

<a class="button" href="https://tv.joycemeyer.org/srbija/ebooks/kada-boze-kada/" target="_blank" rel="noopener">Pročitajte više o</a></div></div>

<!-- This site is optimized with the Yoast SEO plugin v28.2 - https://yoast.com/product/yoast-seo-wordpress/ -->
<title>Hrabri se u Gospodu - Joyce Meyer Ministries - Srbija</title>
<meta name="robots" content="index, follow, max-snippet:-1, max-image-preview:large, max-video-preview:-1" />
<link rel="canonical" href="https://tv.joycemeyer.org/srbija/devotional/hrabri-se-u-gospodu/" />
<meta property="og:locale" content="en_US" />
<meta property="og:type" content="article" />
<meta property="og:title" content="Hrabri se u Gospodu - Joyce Meyer Ministries - Srbija" />
<meta property="og:description" content="Ako se ikada osetiš obeshrabreno, znaj da nisi sam. I David se isto osećao, ali nije dopustio da ga to obuzme. Kada se tako osećao, svoju nadu je stavio u Boga i čekao na Njega..." />
<meta property="og:url" content="https://tv.joycemeyer.org/srbija/devotional/hrabri-se-u-gospodu/" />
<meta property="og:site_name" content="Joyce Meyer Ministries - Srbija" />
<meta property="og:image" content="https://tv.joycemeyer.org/srbija/wp-content/uploads/sites/86/2022/05/2538.jpg" />
	<meta property="og:image:width" content="1800" />
	<meta property="og:image:height" content="1050" />
	<meta property="og:image:type" content="image/jpeg" />
<meta name="twitter:card" content="summary_large_image" />
<meta name="twitter:label1" content="Est. reading time" />
	<meta name="twitter:data1" content="1 minute" />
<script type="application/ld+json" class="yoast-schema-graph">{"@context":"https:\/\/schema.org","@graph":[{"@type":"WebPage","@id":"https:\/\/tv.joycemeyer.org\/srbija\/devotional\/hrabri-se-u-gospodu\/","url":"https:\/\/tv.joycemeyer.org\/srbija\/devotional\/hrabri-se-u-gospodu\/","name":"Hrabri se u Gospodu - Joyce Meyer Ministries - Srbija","isPartOf":{"@id":"https:\/\/tv.joycemeyer.org\/srbija\/#website"},"primaryImageOfPage":{"@id":"https:\/\/tv.joycemeyer.org\/srbija\/devotional\/hrabri-se-u-gospodu\/#primaryimage"},"image":{"@id":"https:\/\/tv.joycemeyer.org\/srbija\/devotional\/hrabri-se-u-gospodu\/#primaryimage"},"thumbnailUrl":"https:\/\/tv.joycemeyer.org\/srbija\/wp-content\/uploads\/sites\/86\/2022\/05\/2538.jpg","datePublished":"2026-08-29T00:01:32+00:00","breadcrumb":{"@id":"https:\/\/tv.joycemeyer.org\/srbija\/devotional\/hrabri-se-u-gospodu\/#breadcrumb"},"inLanguage":"en-US","potentialAction":[{"@type":"ReadAction","target":["https:\/\/tv.joycemeyer.org\/srbija\/devotional\/hrabri-se-u-gospodu\/"]}]},{"@type":"ImageObject","inLanguage":"en-US","@id":"https:\/\/tv.joycemeyer.org\/srbija\/devotional\/hrabri-se-u-gospodu\/#primaryimage","url":"https:\/\/tv.joycemeyer.org\/srbija\/wp-content\/uploads\/sites\/86\/2022\/05\/2538.jpg","contentUrl":"https:\/\/tv.joycemeyer.org\/srbija\/wp-content\/uploads\/sites\/86\/2022\/05\/2538.jpg","width":1800,"height":1050,"caption":"Hrabri se u Gospodu"},{"@type":"BreadcrumbList","@id":"https:\/\/tv.joycemeyer.org\/srbija\/devotional\/hrabri-se-u-gospodu\/#breadcrumb","itemListElement":[{"@type":"ListItem","position":1,"name":"Home","item":"https:\/\/tv.joycemeyer.org\/srbija\/"},{"@type":"ListItem","position":2,"name":"Devotional","item":"https:\/\/tv.joycemeyer.org\/srbija\/devotional\/"},{"@type":"ListItem","position":3,"name":"Hrabri se u Gospodu"}]},{"@type":"WebSite","@id":"https:\/\/tv.joycemeyer.org\/srbija\/#website","url":"https:\/\/tv.joycemeyer.org\/srbija\/","name":"Joyce Meyer Ministries - Srbija","description":"Deliti Hrista - voleti ljude","potentialAction":[{"@type":"SearchAction","target":{"@type":"EntryPoint","urlTemplate":"https:\/\/tv.joycemeyer.org\/srbija\/?s={search_term_string}"},"query-input":{"@type":"PropertyValueSpecification","valueRequired":true,"valueName":"search_term_string"}}],"inLanguage":"en-US"}]}</script>
<!-- / Yoast SEO plugin. -->

Ako se ikada osetiš obeshrabreno, znaj da nisi sam. I David se isto osećao, ali nije dopustio da ga to obuzme. Kada se tako osećao, svoju nadu je stavio u Boga i čekao na Njega...
