{"id":1986,"date":"2026-09-01T00:01:22","date_gmt":"2026-09-01T00:01:22","guid":{"rendered":"https:\/\/tv.joycemeyer.org\/srbija\/?post_type=devotional&#038;p=1986"},"modified":"2025-08-07T23:54:21","modified_gmt":"2025-08-07T23:54:21","slug":"izvrsioci-reci","status":"publish","type":"devotional","link":"https:\/\/tv.joycemeyer.org\/srbija\/devotional\/izvrsioci-reci\/","title":{"rendered":"Izvr\u0161ioci Re\u010di"},"content":{"rendered":"<blockquote><p>\u2018\u2019Nemojte samo da slu\u0161ate Re\u010d i tako se zavaravate, nego je izvr\u0161avajte.\u2019\u2019 \u2014Jakov 1:22<\/p><\/blockquote>\n<p>Da bismo \u017eiveli u bliskom zajedni\u0161tvu sa Bogom va\u017eno je da nau\u010dimo da izvr\u0161avamo Njegovu Re\u010d, ne samo da je slu\u0161amo. Ako \u010ditamo i slu\u0161amo Re\u010d a zanemarujemo uputstva koja nam daje, bi\u0107emo daleko od onog najboljeg \u0161to Bog ima za nas. Istina Bo\u017eije Re\u010di &#8211; i jedino ta istina &#8211; \u0107e nas osloboditi. Da bi ona delovala u na\u0161em \u017eivotu, neophodno je da je sprovedemo u delo. Poslu\u0161nost Re\u010di je ono \u0161to donosi mir, radost i blagosloven \u017eivot. Poetna je: Bog je tvoj Pomo\u0107nik. On je Iscelitelj. Ima jedinstven plan za tvoj \u017eivot koji mo\u017ee\u0161 da otkrije\u0161 \u010ditaju\u0107i Re\u010d. \u0160to vi\u0161e \u010dita\u0161, slu\u0161a\u0161 i prou\u010dava\u0161, bolje \u0107e\u0161 razumeti plan koji ima za tebe, a onda po\u010deti da ga ostvaruje\u0161 korak po korak. Poslu\u0161nost Re\u010di zahteva odlu\u010dnost i doslednost &#8211; i to je proces koji se odvija svakog dana. \u0160to vi\u0161e prou\u010dava\u0161 Re\u010d, vi\u0161e \u0107e\u0161 je voleti. Ne\u0161to divno se de\u0161ava kada otkrije\u0161 Bo\u017eija obe\u0107anja i uputstva data u Njegovoj Re\u010di. Uvek \u0107e\u0161 \u017eeleti jo\u0161!<\/p>\n<hr \/>\n<p><strong>\u017dive\u0107e\u0161 u pobedi ako odlu\u010di\u0161 da radi\u0161 ono \u0161to Gospod ka\u017ee.<\/strong><\/p>\n","protected":false},"excerpt":{"rendered":"<p>Da bismo \u017eiveli u bliskom zajedni\u0161tvu sa Bogom va\u017eno je da nau\u010dimo da izvr\u0161avamo Njegovu Re\u010d, ne samo da je slu\u0161amo&#8230;<\/p>\n","protected":false},"author":19,"featured_media":1987,"parent":0,"menu_order":0,"comment_status":"closed","ping_status":"closed","template":"","class_list":["post-1986","devotional","type-devotional","status-publish","has-post-thumbnail","hentry"],"acf":[],"appp":{"post_detail":{"above_title":"<div class=\"post-featured-wrap\"><img width=\"1024\" height=\"597\" src=\"https:\/\/tv.joycemeyer.org\/srbija\/wp-content\/uploads\/sites\/86\/2022\/06\/2559-1024x597.jpg\" class=\"post-featured wp-post-image\" alt=\"Izvr\u0161ioci Re\u010di\" decoding=\"async\" srcset=\"https:\/\/tv.joycemeyer.org\/srbija\/wp-content\/uploads\/sites\/86\/2022\/06\/2559-1024x597.jpg 1024w, https:\/\/tv.joycemeyer.org\/srbija\/wp-content\/uploads\/sites\/86\/2022\/06\/2559-300x175.jpg 300w, https:\/\/tv.joycemeyer.org\/srbija\/wp-content\/uploads\/sites\/86\/2022\/06\/2559-768x448.jpg 768w, https:\/\/tv.joycemeyer.org\/srbija\/wp-content\/uploads\/sites\/86\/2022\/06\/2559-1536x896.jpg 1536w, https:\/\/tv.joycemeyer.org\/srbija\/wp-content\/uploads\/sites\/86\/2022\/06\/2559.jpg 1800w\" sizes=\"(max-width: 1024px) 100vw, 1024px\" \/><\/div>","below_content":"<div class=\"follow\"><ul class=\"nav nav--social nav--flex\"><\/ul><\/div>"}},"yoast_head":"<!-- This site is optimized with the Yoast SEO plugin v28.2 - https:\/\/yoast.com\/product\/yoast-seo-wordpress\/ -->\n<title>Izvr\u0161ioci Re\u010di - Joyce Meyer Ministries - Srbija<\/title>\n<meta name=\"robots\" content=\"index, follow, max-snippet:-1, max-image-preview:large, max-video-preview:-1\" \/>\n<link rel=\"canonical\" href=\"https:\/\/tv.joycemeyer.org\/srbija\/devotional\/izvrsioci-reci\/\" \/>\n<meta property=\"og:locale\" content=\"en_US\" \/>\n<meta property=\"og:type\" content=\"article\" \/>\n<meta property=\"og:title\" content=\"Izvr\u0161ioci Re\u010di - Joyce Meyer Ministries - Srbija\" \/>\n<meta property=\"og:description\" content=\"Da bismo \u017eiveli u bliskom zajedni\u0161tvu sa Bogom va\u017eno je da nau\u010dimo da izvr\u0161avamo Njegovu Re\u010d, ne samo da je slu\u0161amo...\" \/>\n<meta property=\"og:url\" content=\"https:\/\/tv.joycemeyer.org\/srbija\/devotional\/izvrsioci-reci\/\" \/>\n<meta property=\"og:site_name\" content=\"Joyce Meyer Ministries - Srbija\" \/>\n<meta property=\"og:image\" content=\"https:\/\/tv.joycemeyer.org\/srbija\/wp-content\/uploads\/sites\/86\/2022\/06\/2559.jpg\" \/>\n\t<meta property=\"og:image:width\" content=\"1800\" \/>\n\t<meta property=\"og:image:height\" content=\"1050\" \/>\n\t<meta property=\"og:image:type\" content=\"image\/jpeg\" \/>\n<meta name=\"twitter:card\" content=\"summary_large_image\" \/>\n<meta name=\"twitter:label1\" content=\"Est. reading time\" \/>\n\t<meta name=\"twitter:data1\" content=\"1 minute\" \/>\n<script type=\"application\/ld+json\" class=\"yoast-schema-graph\">{\"@context\":\"https:\\\/\\\/schema.org\",\"@graph\":[{\"@type\":\"WebPage\",\"@id\":\"https:\\\/\\\/tv.joycemeyer.org\\\/srbija\\\/devotional\\\/izvrsioci-reci\\\/\",\"url\":\"https:\\\/\\\/tv.joycemeyer.org\\\/srbija\\\/devotional\\\/izvrsioci-reci\\\/\",\"name\":\"Izvr\u0161ioci Re\u010di - Joyce Meyer Ministries - Srbija\",\"isPartOf\":{\"@id\":\"https:\\\/\\\/tv.joycemeyer.org\\\/srbija\\\/#website\"},\"primaryImageOfPage\":{\"@id\":\"https:\\\/\\\/tv.joycemeyer.org\\\/srbija\\\/devotional\\\/izvrsioci-reci\\\/#primaryimage\"},\"image\":{\"@id\":\"https:\\\/\\\/tv.joycemeyer.org\\\/srbija\\\/devotional\\\/izvrsioci-reci\\\/#primaryimage\"},\"thumbnailUrl\":\"https:\\\/\\\/tv.joycemeyer.org\\\/srbija\\\/wp-content\\\/uploads\\\/sites\\\/86\\\/2022\\\/06\\\/2559.jpg\",\"datePublished\":\"2026-09-01T00:01:22+00:00\",\"breadcrumb\":{\"@id\":\"https:\\\/\\\/tv.joycemeyer.org\\\/srbija\\\/devotional\\\/izvrsioci-reci\\\/#breadcrumb\"},\"inLanguage\":\"en-US\",\"potentialAction\":[{\"@type\":\"ReadAction\",\"target\":[\"https:\\\/\\\/tv.joycemeyer.org\\\/srbija\\\/devotional\\\/izvrsioci-reci\\\/\"]}]},{\"@type\":\"ImageObject\",\"inLanguage\":\"en-US\",\"@id\":\"https:\\\/\\\/tv.joycemeyer.org\\\/srbija\\\/devotional\\\/izvrsioci-reci\\\/#primaryimage\",\"url\":\"https:\\\/\\\/tv.joycemeyer.org\\\/srbija\\\/wp-content\\\/uploads\\\/sites\\\/86\\\/2022\\\/06\\\/2559.jpg\",\"contentUrl\":\"https:\\\/\\\/tv.joycemeyer.org\\\/srbija\\\/wp-content\\\/uploads\\\/sites\\\/86\\\/2022\\\/06\\\/2559.jpg\",\"width\":1800,\"height\":1050,\"caption\":\"Izvr\u0161ioci Re\u010di\"},{\"@type\":\"BreadcrumbList\",\"@id\":\"https:\\\/\\\/tv.joycemeyer.org\\\/srbija\\\/devotional\\\/izvrsioci-reci\\\/#breadcrumb\",\"itemListElement\":[{\"@type\":\"ListItem\",\"position\":1,\"name\":\"Home\",\"item\":\"https:\\\/\\\/tv.joycemeyer.org\\\/srbija\\\/\"},{\"@type\":\"ListItem\",\"position\":2,\"name\":\"Devotional\",\"item\":\"https:\\\/\\\/tv.joycemeyer.org\\\/srbija\\\/devotional\\\/\"},{\"@type\":\"ListItem\",\"position\":3,\"name\":\"Izvr\u0161ioci Re\u010di\"}]},{\"@type\":\"WebSite\",\"@id\":\"https:\\\/\\\/tv.joycemeyer.org\\\/srbija\\\/#website\",\"url\":\"https:\\\/\\\/tv.joycemeyer.org\\\/srbija\\\/\",\"name\":\"Joyce Meyer Ministries - Srbija\",\"description\":\"Deliti Hrista - voleti ljude\",\"potentialAction\":[{\"@type\":\"SearchAction\",\"target\":{\"@type\":\"EntryPoint\",\"urlTemplate\":\"https:\\\/\\\/tv.joycemeyer.org\\\/srbija\\\/?s={search_term_string}\"},\"query-input\":{\"@type\":\"PropertyValueSpecification\",\"valueRequired\":true,\"valueName\":\"search_term_string\"}}],\"inLanguage\":\"en-US\"}]}<\/script>\n<!-- \/ Yoast SEO plugin. -->","yoast_head_json":{"title":"Izvr\u0161ioci Re\u010di - Joyce Meyer Ministries - Srbija","robots":{"index":"index","follow":"follow","max-snippet":"max-snippet:-1","max-image-preview":"max-image-preview:large","max-video-preview":"max-video-preview:-1"},"canonical":"https:\/\/tv.joycemeyer.org\/srbija\/devotional\/izvrsioci-reci\/","og_locale":"en_US","og_type":"article","og_title":"Izvr\u0161ioci Re\u010di - Joyce Meyer Ministries - Srbija","og_description":"Da bismo \u017eiveli u bliskom zajedni\u0161tvu sa Bogom va\u017eno je da nau\u010dimo da izvr\u0161avamo Njegovu Re\u010d, ne samo da je slu\u0161amo...","og_url":"https:\/\/tv.joycemeyer.org\/srbija\/devotional\/izvrsioci-reci\/","og_site_name":"Joyce Meyer Ministries - Srbija","og_image":[{"width":1800,"height":1050,"url":"https:\/\/tv.joycemeyer.org\/srbija\/wp-content\/uploads\/sites\/86\/2022\/06\/2559.jpg","type":"image\/jpeg"}],"twitter_card":"summary_large_image","twitter_misc":{"Est. reading time":"1 minute"},"schema":{"@context":"https:\/\/schema.org","@graph":[{"@type":"WebPage","@id":"https:\/\/tv.joycemeyer.org\/srbija\/devotional\/izvrsioci-reci\/","url":"https:\/\/tv.joycemeyer.org\/srbija\/devotional\/izvrsioci-reci\/","name":"Izvr\u0161ioci Re\u010di - Joyce Meyer Ministries - Srbija","isPartOf":{"@id":"https:\/\/tv.joycemeyer.org\/srbija\/#website"},"primaryImageOfPage":{"@id":"https:\/\/tv.joycemeyer.org\/srbija\/devotional\/izvrsioci-reci\/#primaryimage"},"image":{"@id":"https:\/\/tv.joycemeyer.org\/srbija\/devotional\/izvrsioci-reci\/#primaryimage"},"thumbnailUrl":"https:\/\/tv.joycemeyer.org\/srbija\/wp-content\/uploads\/sites\/86\/2022\/06\/2559.jpg","datePublished":"2026-09-01T00:01:22+00:00","breadcrumb":{"@id":"https:\/\/tv.joycemeyer.org\/srbija\/devotional\/izvrsioci-reci\/#breadcrumb"},"inLanguage":"en-US","potentialAction":[{"@type":"ReadAction","target":["https:\/\/tv.joycemeyer.org\/srbija\/devotional\/izvrsioci-reci\/"]}]},{"@type":"ImageObject","inLanguage":"en-US","@id":"https:\/\/tv.joycemeyer.org\/srbija\/devotional\/izvrsioci-reci\/#primaryimage","url":"https:\/\/tv.joycemeyer.org\/srbija\/wp-content\/uploads\/sites\/86\/2022\/06\/2559.jpg","contentUrl":"https:\/\/tv.joycemeyer.org\/srbija\/wp-content\/uploads\/sites\/86\/2022\/06\/2559.jpg","width":1800,"height":1050,"caption":"Izvr\u0161ioci Re\u010di"},{"@type":"BreadcrumbList","@id":"https:\/\/tv.joycemeyer.org\/srbija\/devotional\/izvrsioci-reci\/#breadcrumb","itemListElement":[{"@type":"ListItem","position":1,"name":"Home","item":"https:\/\/tv.joycemeyer.org\/srbija\/"},{"@type":"ListItem","position":2,"name":"Devotional","item":"https:\/\/tv.joycemeyer.org\/srbija\/devotional\/"},{"@type":"ListItem","position":3,"name":"Izvr\u0161ioci Re\u010di"}]},{"@type":"WebSite","@id":"https:\/\/tv.joycemeyer.org\/srbija\/#website","url":"https:\/\/tv.joycemeyer.org\/srbija\/","name":"Joyce Meyer Ministries - Srbija","description":"Deliti Hrista - voleti ljude","potentialAction":[{"@type":"SearchAction","target":{"@type":"EntryPoint","urlTemplate":"https:\/\/tv.joycemeyer.org\/srbija\/?s={search_term_string}"},"query-input":{"@type":"PropertyValueSpecification","valueRequired":true,"valueName":"search_term_string"}}],"inLanguage":"en-US"}]}},"_links":{"self":[{"href":"https:\/\/tv.joycemeyer.org\/srbija\/wp-json\/wp\/v2\/devotional\/1986","targetHints":{"allow":["GET"]}}],"collection":[{"href":"https:\/\/tv.joycemeyer.org\/srbija\/wp-json\/wp\/v2\/devotional"}],"about":[{"href":"https:\/\/tv.joycemeyer.org\/srbija\/wp-json\/wp\/v2\/types\/devotional"}],"author":[{"embeddable":true,"href":"https:\/\/tv.joycemeyer.org\/srbija\/wp-json\/wp\/v2\/users\/19"}],"replies":[{"embeddable":true,"href":"https:\/\/tv.joycemeyer.org\/srbija\/wp-json\/wp\/v2\/comments?post=1986"}],"wp:featuredmedia":[{"embeddable":true,"href":"https:\/\/tv.joycemeyer.org\/srbija\/wp-json\/wp\/v2\/media\/1987"}],"wp:attachment":[{"href":"https:\/\/tv.joycemeyer.org\/srbija\/wp-json\/wp\/v2\/media?parent=1986"}],"curies":[{"name":"wp","href":"https:\/\/api.w.org\/{rel}","templated":true}]}}

Izvršioci Reči

<blockquote><p>‘’Nemojte samo da slušate Reč i tako se zavaravate, nego je izvršavajte.’’ —Jakov 1:22</p></blockquote>
<p>Da bismo živeli u bliskom zajedništvu sa Bogom važno je da naučimo da izvršavamo Njegovu Reč, ne samo da je slušamo. Ako čitamo i slušamo Reč a zanemarujemo uputstva koja nam daje, bićemo daleko od onog najboljeg što Bog ima za nas. Istina Božije Reči &#8211; i jedino ta istina &#8211; će nas osloboditi. Da bi ona delovala u našem životu, neophodno je da je sprovedemo u delo. Poslušnost Reči je ono što donosi mir, radost i blagosloven život. Poetna je: Bog je tvoj Pomoćnik. On je Iscelitelj. Ima jedinstven plan za tvoj život koji možeš da otkriješ čitajući Reč. Što više čitaš, slušaš i proučavaš, bolje ćeš razumeti plan koji ima za tebe, a onda početi da ga ostvaruješ korak po korak. Poslušnost Reči zahteva odlučnost i doslednost &#8211; i to je proces koji se odvija svakog dana. Što više proučavaš Reč, više ćeš je voleti. Nešto divno se dešava kada otkriješ Božija obećanja i uputstva data u Njegovoj Reči. Uvek ćeš želeti još!</p>
<hr />
<p><strong>Živećeš u pobedi ako odlučiš da radiš ono što Gospod kaže.</strong></p>

<p>Da bismo živeli u bliskom zajedništvu sa Bogom važno je da naučimo da izvršavamo Njegovu Reč, ne samo da je slušamo&#8230;</p>

<div class="post-featured-wrap"><img width="1024" height="597" src="https://tv.joycemeyer.org/srbija/wp-content/uploads/sites/86/2022/06/2559-1024x597.jpg" class="post-featured wp-post-image" alt="Izvršioci Reči" decoding="async" srcset="https://tv.joycemeyer.org/srbija/wp-content/uploads/sites/86/2022/06/2559-1024x597.jpg 1024w, https://tv.joycemeyer.org/srbija/wp-content/uploads/sites/86/2022/06/2559-300x175.jpg 300w, https://tv.joycemeyer.org/srbija/wp-content/uploads/sites/86/2022/06/2559-768x448.jpg 768w, https://tv.joycemeyer.org/srbija/wp-content/uploads/sites/86/2022/06/2559-1536x896.jpg 1536w, https://tv.joycemeyer.org/srbija/wp-content/uploads/sites/86/2022/06/2559.jpg 1800w" sizes="(max-width: 1024px) 100vw, 1024px" /></div>

<!-- This site is optimized with the Yoast SEO plugin v28.2 - https://yoast.com/product/yoast-seo-wordpress/ -->
<title>Izvršioci Reči - Joyce Meyer Ministries - Srbija</title>
<meta name="robots" content="index, follow, max-snippet:-1, max-image-preview:large, max-video-preview:-1" />
<link rel="canonical" href="https://tv.joycemeyer.org/srbija/devotional/izvrsioci-reci/" />
<meta property="og:locale" content="en_US" />
<meta property="og:type" content="article" />
<meta property="og:title" content="Izvršioci Reči - Joyce Meyer Ministries - Srbija" />
<meta property="og:description" content="Da bismo živeli u bliskom zajedništvu sa Bogom važno je da naučimo da izvršavamo Njegovu Reč, ne samo da je slušamo..." />
<meta property="og:url" content="https://tv.joycemeyer.org/srbija/devotional/izvrsioci-reci/" />
<meta property="og:site_name" content="Joyce Meyer Ministries - Srbija" />
<meta property="og:image" content="https://tv.joycemeyer.org/srbija/wp-content/uploads/sites/86/2022/06/2559.jpg" />
	<meta property="og:image:width" content="1800" />
	<meta property="og:image:height" content="1050" />
	<meta property="og:image:type" content="image/jpeg" />
<meta name="twitter:card" content="summary_large_image" />
<meta name="twitter:label1" content="Est. reading time" />
	<meta name="twitter:data1" content="1 minute" />
<script type="application/ld+json" class="yoast-schema-graph">{"@context":"https:\/\/schema.org","@graph":[{"@type":"WebPage","@id":"https:\/\/tv.joycemeyer.org\/srbija\/devotional\/izvrsioci-reci\/","url":"https:\/\/tv.joycemeyer.org\/srbija\/devotional\/izvrsioci-reci\/","name":"Izvršioci Reči - Joyce Meyer Ministries - Srbija","isPartOf":{"@id":"https:\/\/tv.joycemeyer.org\/srbija\/#website"},"primaryImageOfPage":{"@id":"https:\/\/tv.joycemeyer.org\/srbija\/devotional\/izvrsioci-reci\/#primaryimage"},"image":{"@id":"https:\/\/tv.joycemeyer.org\/srbija\/devotional\/izvrsioci-reci\/#primaryimage"},"thumbnailUrl":"https:\/\/tv.joycemeyer.org\/srbija\/wp-content\/uploads\/sites\/86\/2022\/06\/2559.jpg","datePublished":"2026-09-01T00:01:22+00:00","breadcrumb":{"@id":"https:\/\/tv.joycemeyer.org\/srbija\/devotional\/izvrsioci-reci\/#breadcrumb"},"inLanguage":"en-US","potentialAction":[{"@type":"ReadAction","target":["https:\/\/tv.joycemeyer.org\/srbija\/devotional\/izvrsioci-reci\/"]}]},{"@type":"ImageObject","inLanguage":"en-US","@id":"https:\/\/tv.joycemeyer.org\/srbija\/devotional\/izvrsioci-reci\/#primaryimage","url":"https:\/\/tv.joycemeyer.org\/srbija\/wp-content\/uploads\/sites\/86\/2022\/06\/2559.jpg","contentUrl":"https:\/\/tv.joycemeyer.org\/srbija\/wp-content\/uploads\/sites\/86\/2022\/06\/2559.jpg","width":1800,"height":1050,"caption":"Izvršioci Reči"},{"@type":"BreadcrumbList","@id":"https:\/\/tv.joycemeyer.org\/srbija\/devotional\/izvrsioci-reci\/#breadcrumb","itemListElement":[{"@type":"ListItem","position":1,"name":"Home","item":"https:\/\/tv.joycemeyer.org\/srbija\/"},{"@type":"ListItem","position":2,"name":"Devotional","item":"https:\/\/tv.joycemeyer.org\/srbija\/devotional\/"},{"@type":"ListItem","position":3,"name":"Izvršioci Reči"}]},{"@type":"WebSite","@id":"https:\/\/tv.joycemeyer.org\/srbija\/#website","url":"https:\/\/tv.joycemeyer.org\/srbija\/","name":"Joyce Meyer Ministries - Srbija","description":"Deliti Hrista - voleti ljude","potentialAction":[{"@type":"SearchAction","target":{"@type":"EntryPoint","urlTemplate":"https:\/\/tv.joycemeyer.org\/srbija\/?s={search_term_string}"},"query-input":{"@type":"PropertyValueSpecification","valueRequired":true,"valueName":"search_term_string"}}],"inLanguage":"en-US"}]}</script>
<!-- / Yoast SEO plugin. -->

Izvršioci Reči - Joyce Meyer Ministries - Srbija

Da bismo živeli u bliskom zajedništvu sa Bogom važno je da naučimo da izvršavamo Njegovu Reč, ne samo da je slušamo...
