{"id":2512,"date":"2023-02-22T00:01:06","date_gmt":"2023-02-22T00:01:06","guid":{"rendered":"https:\/\/tv.joycemeyer.org\/srbija\/?post_type=devotional&#038;p=2512"},"modified":"2023-02-22T12:14:56","modified_gmt":"2023-02-22T12:14:56","slug":"suocavanje-sa-razocarenjem-3","status":"publish","type":"devotional","link":"https:\/\/tv.joycemeyer.org\/srbija\/devotional\/suocavanje-sa-razocarenjem-3\/","title":{"rendered":"Suo\u010davanje sa razo\u010darenjem"},"content":{"rendered":"<blockquote><p>\u2019\u2019 Pokorite se, dakle, Bogu a protivite se \u0111avolu i pobe\u0107i \u0107e od vas.\u2019\u2019 Jakov 4:7<\/p><\/blockquote>\n<p>Mnogi hri\u0161\u0107ani \u017eive obeshrabreni i depresivni jer nisu nau\u010dili kako da se nose sa razo\u010darenjem. Ali Bo\u017eija volja nije da \u017eivimo razo\u010darani, depresivani i obeshrabreni \u2013 ni jedan jedini dan.<\/p>\n<p>Deo Isusove slu\u017ebe na zemlji bio je da ide u pomazanju Svetog Duha i da osloba\u0111a ljude koje je \u0111avo mu\u010dio. Razo\u010darani ljudi su prona\u0161li novu nadu kada su videli Isusovu mo\u0107. Ista ova sila nam je i danas na raspolaganju.<\/p>\n<p>Koristi tu mo\u0107 da se za\u0161titi\u0161 od razo\u010darenja, fokusiraj se na Boga, razmi\u0161ljaj o Njegovim obe\u0107anjima, \u010ditaj Re\u010d, predaj sebe i svoju situaciju u molitvi. Kroz Isusa se mo\u017ee\u0161 boriti protiv neprijateljskih poku\u0161aja da te optereti, zapovedaju\u0107i mu da te ne mo\u017ee uni\u0161titi.<br \/>\nKada \u0111avo krene prema tebi, u duhu mo\u017ee\u0161 da prepozna\u0161 \u0161ta poku\u0161ava da uradi, da mu se odupre\u0161 i on \u0107e pobe\u0107i. Sa silom koju nam je Isus dao, \u0111avo mora da be\u017ei.<\/p>\n<hr \/>\n<h4><strong>Po\u010detak molitve<\/strong><\/h4>\n<p>Bo\u017ee, dogodi\u0107e se da me stvari obeshrabre, ali ne\u0107u ostati razo\u010daran. Bi\u0107u blizu tebe, suprotstaviti se \u0111avolu i tada on mora da be\u017ei.<\/p>\n","protected":false},"excerpt":{"rendered":"<p>Kroz Isusa se mo\u017ee\u0161 boriti protiv neprijateljskih poku\u0161aja da te optereti, zapovedaju\u0107i mu da te ne mo\u017ee uni\u0161titi.<\/p>\n","protected":false},"author":20,"featured_media":2513,"parent":0,"menu_order":0,"comment_status":"closed","ping_status":"closed","template":"","class_list":["post-2512","devotional","type-devotional","status-publish","has-post-thumbnail","hentry"],"acf":[],"appp":{"post_detail":{"above_title":"<div class=\"post-featured-wrap\"><img width=\"1024\" height=\"597\" src=\"https:\/\/tv.joycemeyer.org\/srbija\/wp-content\/uploads\/sites\/86\/2023\/02\/2473-1024x597.jpg\" class=\"post-featured wp-post-image\" alt=\"Suo\u010davanje sa razo\u010darenjem\" decoding=\"async\" srcset=\"https:\/\/tv.joycemeyer.org\/srbija\/wp-content\/uploads\/sites\/86\/2023\/02\/2473-1024x597.jpg 1024w, https:\/\/tv.joycemeyer.org\/srbija\/wp-content\/uploads\/sites\/86\/2023\/02\/2473-300x175.jpg 300w, https:\/\/tv.joycemeyer.org\/srbija\/wp-content\/uploads\/sites\/86\/2023\/02\/2473-768x448.jpg 768w, https:\/\/tv.joycemeyer.org\/srbija\/wp-content\/uploads\/sites\/86\/2023\/02\/2473-1536x896.jpg 1536w, https:\/\/tv.joycemeyer.org\/srbija\/wp-content\/uploads\/sites\/86\/2023\/02\/2473.jpg 1800w\" sizes=\"(max-width: 1024px) 100vw, 1024px\" \/><\/div>","below_content":"<div class=\"follow\"><ul class=\"nav nav--social nav--flex\"><\/ul><\/div>"}},"yoast_head":"<!-- This site is optimized with the Yoast SEO plugin v27.4 - https:\/\/yoast.com\/product\/yoast-seo-wordpress\/ -->\n<title>Suo\u010davanje sa razo\u010darenjem - Joyce Meyer Ministries - Srbija<\/title>\n<meta name=\"robots\" content=\"index, follow, max-snippet:-1, max-image-preview:large, max-video-preview:-1\" \/>\n<link rel=\"canonical\" href=\"https:\/\/tv.joycemeyer.org\/srbija\/devotional\/suocavanje-sa-razocarenjem-3\/\" \/>\n<meta property=\"og:locale\" content=\"en_US\" \/>\n<meta property=\"og:type\" content=\"article\" \/>\n<meta property=\"og:title\" content=\"Suo\u010davanje sa razo\u010darenjem - Joyce Meyer Ministries - Srbija\" \/>\n<meta property=\"og:description\" content=\"Kroz Isusa se mo\u017ee\u0161 boriti protiv neprijateljskih poku\u0161aja da te optereti, zapovedaju\u0107i mu da te ne mo\u017ee uni\u0161titi.\" \/>\n<meta property=\"og:url\" content=\"https:\/\/tv.joycemeyer.org\/srbija\/devotional\/suocavanje-sa-razocarenjem-3\/\" \/>\n<meta property=\"og:site_name\" content=\"Joyce Meyer Ministries - Srbija\" \/>\n<meta property=\"article:modified_time\" content=\"2023-02-22T12:14:56+00:00\" \/>\n<meta property=\"og:image\" content=\"https:\/\/tv.joycemeyer.org\/srbija\/wp-content\/uploads\/sites\/86\/2023\/02\/2473.jpg\" \/>\n\t<meta property=\"og:image:width\" content=\"1800\" \/>\n\t<meta property=\"og:image:height\" content=\"1050\" \/>\n\t<meta property=\"og:image:type\" content=\"image\/jpeg\" \/>\n<meta name=\"twitter:card\" content=\"summary_large_image\" \/>\n<meta name=\"twitter:label1\" content=\"Est. reading time\" \/>\n\t<meta name=\"twitter:data1\" content=\"1 minute\" \/>\n<script type=\"application\/ld+json\" class=\"yoast-schema-graph\">{\"@context\":\"https:\\\/\\\/schema.org\",\"@graph\":[{\"@type\":\"WebPage\",\"@id\":\"https:\\\/\\\/tv.joycemeyer.org\\\/srbija\\\/devotional\\\/suocavanje-sa-razocarenjem-3\\\/\",\"url\":\"https:\\\/\\\/tv.joycemeyer.org\\\/srbija\\\/devotional\\\/suocavanje-sa-razocarenjem-3\\\/\",\"name\":\"Suo\u010davanje sa razo\u010darenjem - Joyce Meyer Ministries - Srbija\",\"isPartOf\":{\"@id\":\"https:\\\/\\\/tv.joycemeyer.org\\\/srbija\\\/#website\"},\"primaryImageOfPage\":{\"@id\":\"https:\\\/\\\/tv.joycemeyer.org\\\/srbija\\\/devotional\\\/suocavanje-sa-razocarenjem-3\\\/#primaryimage\"},\"image\":{\"@id\":\"https:\\\/\\\/tv.joycemeyer.org\\\/srbija\\\/devotional\\\/suocavanje-sa-razocarenjem-3\\\/#primaryimage\"},\"thumbnailUrl\":\"https:\\\/\\\/tv.joycemeyer.org\\\/srbija\\\/wp-content\\\/uploads\\\/sites\\\/86\\\/2023\\\/02\\\/2473.jpg\",\"datePublished\":\"2023-02-22T00:01:06+00:00\",\"dateModified\":\"2023-02-22T12:14:56+00:00\",\"breadcrumb\":{\"@id\":\"https:\\\/\\\/tv.joycemeyer.org\\\/srbija\\\/devotional\\\/suocavanje-sa-razocarenjem-3\\\/#breadcrumb\"},\"inLanguage\":\"en-US\",\"potentialAction\":[{\"@type\":\"ReadAction\",\"target\":[\"https:\\\/\\\/tv.joycemeyer.org\\\/srbija\\\/devotional\\\/suocavanje-sa-razocarenjem-3\\\/\"]}]},{\"@type\":\"ImageObject\",\"inLanguage\":\"en-US\",\"@id\":\"https:\\\/\\\/tv.joycemeyer.org\\\/srbija\\\/devotional\\\/suocavanje-sa-razocarenjem-3\\\/#primaryimage\",\"url\":\"https:\\\/\\\/tv.joycemeyer.org\\\/srbija\\\/wp-content\\\/uploads\\\/sites\\\/86\\\/2023\\\/02\\\/2473.jpg\",\"contentUrl\":\"https:\\\/\\\/tv.joycemeyer.org\\\/srbija\\\/wp-content\\\/uploads\\\/sites\\\/86\\\/2023\\\/02\\\/2473.jpg\",\"width\":1800,\"height\":1050,\"caption\":\"Suo\u010davanje sa razo\u010darenjem\"},{\"@type\":\"BreadcrumbList\",\"@id\":\"https:\\\/\\\/tv.joycemeyer.org\\\/srbija\\\/devotional\\\/suocavanje-sa-razocarenjem-3\\\/#breadcrumb\",\"itemListElement\":[{\"@type\":\"ListItem\",\"position\":1,\"name\":\"Home\",\"item\":\"https:\\\/\\\/tv.joycemeyer.org\\\/srbija\\\/\"},{\"@type\":\"ListItem\",\"position\":2,\"name\":\"Devotional\",\"item\":\"https:\\\/\\\/tv.joycemeyer.org\\\/srbija\\\/devotional\\\/\"},{\"@type\":\"ListItem\",\"position\":3,\"name\":\"Suo\u010davanje sa razo\u010darenjem\"}]},{\"@type\":\"WebSite\",\"@id\":\"https:\\\/\\\/tv.joycemeyer.org\\\/srbija\\\/#website\",\"url\":\"https:\\\/\\\/tv.joycemeyer.org\\\/srbija\\\/\",\"name\":\"Joyce Meyer Ministries - Srbija\",\"description\":\"Deliti Hrista - voleti ljude\",\"potentialAction\":[{\"@type\":\"SearchAction\",\"target\":{\"@type\":\"EntryPoint\",\"urlTemplate\":\"https:\\\/\\\/tv.joycemeyer.org\\\/srbija\\\/?s={search_term_string}\"},\"query-input\":{\"@type\":\"PropertyValueSpecification\",\"valueRequired\":true,\"valueName\":\"search_term_string\"}}],\"inLanguage\":\"en-US\"}]}<\/script>\n<!-- \/ Yoast SEO plugin. -->","yoast_head_json":{"title":"Suo\u010davanje sa razo\u010darenjem - Joyce Meyer Ministries - Srbija","robots":{"index":"index","follow":"follow","max-snippet":"max-snippet:-1","max-image-preview":"max-image-preview:large","max-video-preview":"max-video-preview:-1"},"canonical":"https:\/\/tv.joycemeyer.org\/srbija\/devotional\/suocavanje-sa-razocarenjem-3\/","og_locale":"en_US","og_type":"article","og_title":"Suo\u010davanje sa razo\u010darenjem - Joyce Meyer Ministries - Srbija","og_description":"Kroz Isusa se mo\u017ee\u0161 boriti protiv neprijateljskih poku\u0161aja da te optereti, zapovedaju\u0107i mu da te ne mo\u017ee uni\u0161titi.","og_url":"https:\/\/tv.joycemeyer.org\/srbija\/devotional\/suocavanje-sa-razocarenjem-3\/","og_site_name":"Joyce Meyer Ministries - Srbija","article_modified_time":"2023-02-22T12:14:56+00:00","og_image":[{"width":1800,"height":1050,"url":"https:\/\/tv.joycemeyer.org\/srbija\/wp-content\/uploads\/sites\/86\/2023\/02\/2473.jpg","type":"image\/jpeg"}],"twitter_card":"summary_large_image","twitter_misc":{"Est. reading time":"1 minute"},"schema":{"@context":"https:\/\/schema.org","@graph":[{"@type":"WebPage","@id":"https:\/\/tv.joycemeyer.org\/srbija\/devotional\/suocavanje-sa-razocarenjem-3\/","url":"https:\/\/tv.joycemeyer.org\/srbija\/devotional\/suocavanje-sa-razocarenjem-3\/","name":"Suo\u010davanje sa razo\u010darenjem - Joyce Meyer Ministries - Srbija","isPartOf":{"@id":"https:\/\/tv.joycemeyer.org\/srbija\/#website"},"primaryImageOfPage":{"@id":"https:\/\/tv.joycemeyer.org\/srbija\/devotional\/suocavanje-sa-razocarenjem-3\/#primaryimage"},"image":{"@id":"https:\/\/tv.joycemeyer.org\/srbija\/devotional\/suocavanje-sa-razocarenjem-3\/#primaryimage"},"thumbnailUrl":"https:\/\/tv.joycemeyer.org\/srbija\/wp-content\/uploads\/sites\/86\/2023\/02\/2473.jpg","datePublished":"2023-02-22T00:01:06+00:00","dateModified":"2023-02-22T12:14:56+00:00","breadcrumb":{"@id":"https:\/\/tv.joycemeyer.org\/srbija\/devotional\/suocavanje-sa-razocarenjem-3\/#breadcrumb"},"inLanguage":"en-US","potentialAction":[{"@type":"ReadAction","target":["https:\/\/tv.joycemeyer.org\/srbija\/devotional\/suocavanje-sa-razocarenjem-3\/"]}]},{"@type":"ImageObject","inLanguage":"en-US","@id":"https:\/\/tv.joycemeyer.org\/srbija\/devotional\/suocavanje-sa-razocarenjem-3\/#primaryimage","url":"https:\/\/tv.joycemeyer.org\/srbija\/wp-content\/uploads\/sites\/86\/2023\/02\/2473.jpg","contentUrl":"https:\/\/tv.joycemeyer.org\/srbija\/wp-content\/uploads\/sites\/86\/2023\/02\/2473.jpg","width":1800,"height":1050,"caption":"Suo\u010davanje sa razo\u010darenjem"},{"@type":"BreadcrumbList","@id":"https:\/\/tv.joycemeyer.org\/srbija\/devotional\/suocavanje-sa-razocarenjem-3\/#breadcrumb","itemListElement":[{"@type":"ListItem","position":1,"name":"Home","item":"https:\/\/tv.joycemeyer.org\/srbija\/"},{"@type":"ListItem","position":2,"name":"Devotional","item":"https:\/\/tv.joycemeyer.org\/srbija\/devotional\/"},{"@type":"ListItem","position":3,"name":"Suo\u010davanje sa razo\u010darenjem"}]},{"@type":"WebSite","@id":"https:\/\/tv.joycemeyer.org\/srbija\/#website","url":"https:\/\/tv.joycemeyer.org\/srbija\/","name":"Joyce Meyer Ministries - Srbija","description":"Deliti Hrista - voleti ljude","potentialAction":[{"@type":"SearchAction","target":{"@type":"EntryPoint","urlTemplate":"https:\/\/tv.joycemeyer.org\/srbija\/?s={search_term_string}"},"query-input":{"@type":"PropertyValueSpecification","valueRequired":true,"valueName":"search_term_string"}}],"inLanguage":"en-US"}]}},"_links":{"self":[{"href":"https:\/\/tv.joycemeyer.org\/srbija\/wp-json\/wp\/v2\/devotional\/2512","targetHints":{"allow":["GET"]}}],"collection":[{"href":"https:\/\/tv.joycemeyer.org\/srbija\/wp-json\/wp\/v2\/devotional"}],"about":[{"href":"https:\/\/tv.joycemeyer.org\/srbija\/wp-json\/wp\/v2\/types\/devotional"}],"author":[{"embeddable":true,"href":"https:\/\/tv.joycemeyer.org\/srbija\/wp-json\/wp\/v2\/users\/20"}],"replies":[{"embeddable":true,"href":"https:\/\/tv.joycemeyer.org\/srbija\/wp-json\/wp\/v2\/comments?post=2512"}],"wp:featuredmedia":[{"embeddable":true,"href":"https:\/\/tv.joycemeyer.org\/srbija\/wp-json\/wp\/v2\/media\/2513"}],"wp:attachment":[{"href":"https:\/\/tv.joycemeyer.org\/srbija\/wp-json\/wp\/v2\/media?parent=2512"}],"curies":[{"name":"wp","href":"https:\/\/api.w.org\/{rel}","templated":true}]}}

Suočavanje sa razočarenjem

<blockquote><p>’’ Pokorite se, dakle, Bogu a protivite se đavolu i pobeći će od vas.’’ Jakov 4:7</p></blockquote>
<p>Mnogi hrišćani žive obeshrabreni i depresivni jer nisu naučili kako da se nose sa razočarenjem. Ali Božija volja nije da živimo razočarani, depresivani i obeshrabreni – ni jedan jedini dan.</p>
<p>Deo Isusove službe na zemlji bio je da ide u pomazanju Svetog Duha i da oslobađa ljude koje je đavo mučio. Razočarani ljudi su pronašli novu nadu kada su videli Isusovu moć. Ista ova sila nam je i danas na raspolaganju.</p>
<p>Koristi tu moć da se zaštitiš od razočarenja, fokusiraj se na Boga, razmišljaj o Njegovim obećanjima, čitaj Reč, predaj sebe i svoju situaciju u molitvi. Kroz Isusa se možeš boriti protiv neprijateljskih pokušaja da te optereti, zapovedajući mu da te ne može uništiti.<br />
Kada đavo krene prema tebi, u duhu možeš da prepoznaš šta pokušava da uradi, da mu se odupreš i on će pobeći. Sa silom koju nam je Isus dao, đavo mora da beži.</p>
<hr />
<h4><strong>Početak molitve</strong></h4>
<p>Bože, dogodiće se da me stvari obeshrabre, ali neću ostati razočaran. Biću blizu tebe, suprotstaviti se đavolu i tada on mora da beži.</p>

<p>Kroz Isusa se možeš boriti protiv neprijateljskih pokušaja da te optereti, zapovedajući mu da te ne može uništiti.</p>

<div class="post-featured-wrap"><img width="1024" height="597" src="https://tv.joycemeyer.org/srbija/wp-content/uploads/sites/86/2023/02/2473-1024x597.jpg" class="post-featured wp-post-image" alt="Suočavanje sa razočarenjem" decoding="async" srcset="https://tv.joycemeyer.org/srbija/wp-content/uploads/sites/86/2023/02/2473-1024x597.jpg 1024w, https://tv.joycemeyer.org/srbija/wp-content/uploads/sites/86/2023/02/2473-300x175.jpg 300w, https://tv.joycemeyer.org/srbija/wp-content/uploads/sites/86/2023/02/2473-768x448.jpg 768w, https://tv.joycemeyer.org/srbija/wp-content/uploads/sites/86/2023/02/2473-1536x896.jpg 1536w, https://tv.joycemeyer.org/srbija/wp-content/uploads/sites/86/2023/02/2473.jpg 1800w" sizes="(max-width: 1024px) 100vw, 1024px" /></div>

<!-- This site is optimized with the Yoast SEO plugin v27.4 - https://yoast.com/product/yoast-seo-wordpress/ -->
<title>Suočavanje sa razočarenjem - Joyce Meyer Ministries - Srbija</title>
<meta name="robots" content="index, follow, max-snippet:-1, max-image-preview:large, max-video-preview:-1" />
<link rel="canonical" href="https://tv.joycemeyer.org/srbija/devotional/suocavanje-sa-razocarenjem-3/" />
<meta property="og:locale" content="en_US" />
<meta property="og:type" content="article" />
<meta property="og:title" content="Suočavanje sa razočarenjem - Joyce Meyer Ministries - Srbija" />
<meta property="og:description" content="Kroz Isusa se možeš boriti protiv neprijateljskih pokušaja da te optereti, zapovedajući mu da te ne može uništiti." />
<meta property="og:url" content="https://tv.joycemeyer.org/srbija/devotional/suocavanje-sa-razocarenjem-3/" />
<meta property="og:site_name" content="Joyce Meyer Ministries - Srbija" />
<meta property="article:modified_time" content="2023-02-22T12:14:56+00:00" />
<meta property="og:image" content="https://tv.joycemeyer.org/srbija/wp-content/uploads/sites/86/2023/02/2473.jpg" />
	<meta property="og:image:width" content="1800" />
	<meta property="og:image:height" content="1050" />
	<meta property="og:image:type" content="image/jpeg" />
<meta name="twitter:card" content="summary_large_image" />
<meta name="twitter:label1" content="Est. reading time" />
	<meta name="twitter:data1" content="1 minute" />
<script type="application/ld+json" class="yoast-schema-graph">{"@context":"https:\/\/schema.org","@graph":[{"@type":"WebPage","@id":"https:\/\/tv.joycemeyer.org\/srbija\/devotional\/suocavanje-sa-razocarenjem-3\/","url":"https:\/\/tv.joycemeyer.org\/srbija\/devotional\/suocavanje-sa-razocarenjem-3\/","name":"Suočavanje sa razočarenjem - Joyce Meyer Ministries - Srbija","isPartOf":{"@id":"https:\/\/tv.joycemeyer.org\/srbija\/#website"},"primaryImageOfPage":{"@id":"https:\/\/tv.joycemeyer.org\/srbija\/devotional\/suocavanje-sa-razocarenjem-3\/#primaryimage"},"image":{"@id":"https:\/\/tv.joycemeyer.org\/srbija\/devotional\/suocavanje-sa-razocarenjem-3\/#primaryimage"},"thumbnailUrl":"https:\/\/tv.joycemeyer.org\/srbija\/wp-content\/uploads\/sites\/86\/2023\/02\/2473.jpg","datePublished":"2023-02-22T00:01:06+00:00","dateModified":"2023-02-22T12:14:56+00:00","breadcrumb":{"@id":"https:\/\/tv.joycemeyer.org\/srbija\/devotional\/suocavanje-sa-razocarenjem-3\/#breadcrumb"},"inLanguage":"en-US","potentialAction":[{"@type":"ReadAction","target":["https:\/\/tv.joycemeyer.org\/srbija\/devotional\/suocavanje-sa-razocarenjem-3\/"]}]},{"@type":"ImageObject","inLanguage":"en-US","@id":"https:\/\/tv.joycemeyer.org\/srbija\/devotional\/suocavanje-sa-razocarenjem-3\/#primaryimage","url":"https:\/\/tv.joycemeyer.org\/srbija\/wp-content\/uploads\/sites\/86\/2023\/02\/2473.jpg","contentUrl":"https:\/\/tv.joycemeyer.org\/srbija\/wp-content\/uploads\/sites\/86\/2023\/02\/2473.jpg","width":1800,"height":1050,"caption":"Suočavanje sa razočarenjem"},{"@type":"BreadcrumbList","@id":"https:\/\/tv.joycemeyer.org\/srbija\/devotional\/suocavanje-sa-razocarenjem-3\/#breadcrumb","itemListElement":[{"@type":"ListItem","position":1,"name":"Home","item":"https:\/\/tv.joycemeyer.org\/srbija\/"},{"@type":"ListItem","position":2,"name":"Devotional","item":"https:\/\/tv.joycemeyer.org\/srbija\/devotional\/"},{"@type":"ListItem","position":3,"name":"Suočavanje sa razočarenjem"}]},{"@type":"WebSite","@id":"https:\/\/tv.joycemeyer.org\/srbija\/#website","url":"https:\/\/tv.joycemeyer.org\/srbija\/","name":"Joyce Meyer Ministries - Srbija","description":"Deliti Hrista - voleti ljude","potentialAction":[{"@type":"SearchAction","target":{"@type":"EntryPoint","urlTemplate":"https:\/\/tv.joycemeyer.org\/srbija\/?s={search_term_string}"},"query-input":{"@type":"PropertyValueSpecification","valueRequired":true,"valueName":"search_term_string"}}],"inLanguage":"en-US"}]}</script>
<!-- / Yoast SEO plugin. -->

Suočavanje sa razočarenjem - Joyce Meyer Ministries - Srbija

Kroz Isusa se možeš boriti protiv neprijateljskih pokušaja da te optereti, zapovedajući mu da te ne može uništiti.
