{"id":2548,"date":"2019-03-11T00:01:07","date_gmt":"2019-03-11T00:01:07","guid":{"rendered":"https:\/\/tv.joycemeyer.org\/srbija\/?post_type=devotional&#038;p=2548"},"modified":"2023-02-23T13:57:57","modified_gmt":"2023-02-23T13:57:57","slug":"da-li-te-bog-voli-kada-pogresis-2","status":"publish","type":"devotional","link":"https:\/\/tv.joycemeyer.org\/srbija\/devotional\/da-li-te-bog-voli-kada-pogresis-2\/","title":{"rendered":"Da li te Bog voli kada pogre\u0161i\u0161?"},"content":{"rendered":"<blockquote><p>\u2018\u2019Ali, Bog svoju ljubav prema nama pokazuje ovako: dok smo jo\u0161 bili gre\u0161nici, Hristos je umro za nas. Koliko \u0107emo se pre, opravdani sada njegovom krvlju, kroz njega spasiti od Bo\u017eijeg gneva.\u2019\u2019 Rimljanima 5:8-9<\/p><\/blockquote>\n<p>Da li si se ikada zapitao da li si dovoljno dobar da bi te Bog voleo? Na\u017ealost, mnogi ljudi veruju da ih Bog voli samo onda kada ne gre\u0161e.<\/p>\n<p>Mo\u017eda je upravo takvo razmi\u0161ljanje navelo psalmistu da pita \u0160ta je \u010dovek, te ga se opominje\u0161, ili sin \u010dove\u010dji, te ga polazi\u0161? (Psalam 8:4). Ipak, Biblija govori da smo mi Bo\u017eija stvorenja \u2013 delo Njegovih ruku i da nas On bezuslovno voli.<\/p>\n<p>Hajde da se suo\u010dimo sa tim: Isus nije umro za tebe zato \u0161to si divan; umro je za tebe zato \u0161to te voli. Rimljanima 5:8-9 potvr\u0111uju ovu istinu govore\u0107i da Isus umro za nas dok smo jo\u0161 bili gre\u0161nici.<\/p>\n<p>Bog te je toliko voleo da je dao svog jedinoro\u0111enog Sina, ne samo da umre za tvoje grehe, ve\u0107 i da pokrije tvoje svakodnevne gre\u0161ke. Toliko te voli da \u017eeli da svakog dana \u017eivi\u0161 u sili i pobedi.<\/p>\n<p>Bog te voli i \u017eeli da zauvek veruje\u0161 u to\u2026\u010dak i kada pogre\u0161i\u0161.<\/p>\n<hr \/>\n<h4><strong>Po\u010detak molitve<\/strong><\/h4>\n<p>Gospode, Tvoja ljubav je neverovatna. Voli\u0161 me \u010dak i kada to meni nema smisla. \u010cak i kada pravim gre\u0161ke, jo\u0161 uvek si sa mnom. Hvala ti za Tvoju bezuslovnu ljubav koju mi danas daje\u0161.<\/p>\n","protected":false},"excerpt":{"rendered":"<p>Bog te je toliko voleo da je dao svog jedinoro\u0111enog Sina, ne samo da umre za tvoje grehe, ve\u0107 i da pokrije tvoje svakodnevne gre\u0161ke.<\/p>\n","protected":false},"author":20,"featured_media":2549,"parent":0,"menu_order":0,"comment_status":"closed","ping_status":"closed","template":"","class_list":["post-2548","devotional","type-devotional","status-publish","has-post-thumbnail","hentry"],"acf":[],"appp":{"post_detail":{"above_title":"<div class=\"post-featured-wrap\"><img width=\"960\" height=\"560\" src=\"https:\/\/tv.joycemeyer.org\/srbija\/wp-content\/uploads\/sites\/86\/2023\/02\/2807.jpg\" class=\"post-featured wp-post-image\" alt=\"Da li te Bog voli kada pogre\u0161i\u0161?\" decoding=\"async\" srcset=\"https:\/\/tv.joycemeyer.org\/srbija\/wp-content\/uploads\/sites\/86\/2023\/02\/2807.jpg 960w, https:\/\/tv.joycemeyer.org\/srbija\/wp-content\/uploads\/sites\/86\/2023\/02\/2807-300x175.jpg 300w, https:\/\/tv.joycemeyer.org\/srbija\/wp-content\/uploads\/sites\/86\/2023\/02\/2807-768x448.jpg 768w\" sizes=\"(max-width: 960px) 100vw, 960px\" \/><\/div>","below_content":"<div class=\"follow\"><ul class=\"nav nav--social nav--flex\"><\/ul><\/div>"}},"yoast_head":"<!-- This site is optimized with the Yoast SEO plugin v27.4 - https:\/\/yoast.com\/product\/yoast-seo-wordpress\/ -->\n<title>Da li te Bog voli kada pogre\u0161i\u0161? - Joyce Meyer Ministries - Srbija<\/title>\n<meta name=\"robots\" content=\"index, follow, max-snippet:-1, max-image-preview:large, max-video-preview:-1\" \/>\n<link rel=\"canonical\" href=\"https:\/\/tv.joycemeyer.org\/srbija\/devotional\/da-li-te-bog-voli-kada-pogresis-2\/\" \/>\n<meta property=\"og:locale\" content=\"en_US\" \/>\n<meta property=\"og:type\" content=\"article\" \/>\n<meta property=\"og:title\" content=\"Da li te Bog voli kada pogre\u0161i\u0161? - Joyce Meyer Ministries - Srbija\" \/>\n<meta property=\"og:description\" content=\"Bog te je toliko voleo da je dao svog jedinoro\u0111enog Sina, ne samo da umre za tvoje grehe, ve\u0107 i da pokrije tvoje svakodnevne gre\u0161ke.\" \/>\n<meta property=\"og:url\" content=\"https:\/\/tv.joycemeyer.org\/srbija\/devotional\/da-li-te-bog-voli-kada-pogresis-2\/\" \/>\n<meta property=\"og:site_name\" content=\"Joyce Meyer Ministries - Srbija\" \/>\n<meta property=\"article:modified_time\" content=\"2023-02-23T13:57:57+00:00\" \/>\n<meta property=\"og:image\" content=\"https:\/\/tv.joycemeyer.org\/srbija\/wp-content\/uploads\/sites\/86\/2023\/02\/2807.jpg\" \/>\n\t<meta property=\"og:image:width\" content=\"960\" \/>\n\t<meta property=\"og:image:height\" content=\"560\" \/>\n\t<meta property=\"og:image:type\" content=\"image\/jpeg\" \/>\n<meta name=\"twitter:card\" content=\"summary_large_image\" \/>\n<meta name=\"twitter:label1\" content=\"Est. reading time\" \/>\n\t<meta name=\"twitter:data1\" content=\"2 minutes\" \/>\n<script type=\"application\/ld+json\" class=\"yoast-schema-graph\">{\"@context\":\"https:\\\/\\\/schema.org\",\"@graph\":[{\"@type\":\"WebPage\",\"@id\":\"https:\\\/\\\/tv.joycemeyer.org\\\/srbija\\\/devotional\\\/da-li-te-bog-voli-kada-pogresis-2\\\/\",\"url\":\"https:\\\/\\\/tv.joycemeyer.org\\\/srbija\\\/devotional\\\/da-li-te-bog-voli-kada-pogresis-2\\\/\",\"name\":\"Da li te Bog voli kada pogre\u0161i\u0161? - Joyce Meyer Ministries - Srbija\",\"isPartOf\":{\"@id\":\"https:\\\/\\\/tv.joycemeyer.org\\\/srbija\\\/#website\"},\"primaryImageOfPage\":{\"@id\":\"https:\\\/\\\/tv.joycemeyer.org\\\/srbija\\\/devotional\\\/da-li-te-bog-voli-kada-pogresis-2\\\/#primaryimage\"},\"image\":{\"@id\":\"https:\\\/\\\/tv.joycemeyer.org\\\/srbija\\\/devotional\\\/da-li-te-bog-voli-kada-pogresis-2\\\/#primaryimage\"},\"thumbnailUrl\":\"https:\\\/\\\/tv.joycemeyer.org\\\/srbija\\\/wp-content\\\/uploads\\\/sites\\\/86\\\/2023\\\/02\\\/2807.jpg\",\"datePublished\":\"2019-03-11T00:01:07+00:00\",\"dateModified\":\"2023-02-23T13:57:57+00:00\",\"breadcrumb\":{\"@id\":\"https:\\\/\\\/tv.joycemeyer.org\\\/srbija\\\/devotional\\\/da-li-te-bog-voli-kada-pogresis-2\\\/#breadcrumb\"},\"inLanguage\":\"en-US\",\"potentialAction\":[{\"@type\":\"ReadAction\",\"target\":[\"https:\\\/\\\/tv.joycemeyer.org\\\/srbija\\\/devotional\\\/da-li-te-bog-voli-kada-pogresis-2\\\/\"]}]},{\"@type\":\"ImageObject\",\"inLanguage\":\"en-US\",\"@id\":\"https:\\\/\\\/tv.joycemeyer.org\\\/srbija\\\/devotional\\\/da-li-te-bog-voli-kada-pogresis-2\\\/#primaryimage\",\"url\":\"https:\\\/\\\/tv.joycemeyer.org\\\/srbija\\\/wp-content\\\/uploads\\\/sites\\\/86\\\/2023\\\/02\\\/2807.jpg\",\"contentUrl\":\"https:\\\/\\\/tv.joycemeyer.org\\\/srbija\\\/wp-content\\\/uploads\\\/sites\\\/86\\\/2023\\\/02\\\/2807.jpg\",\"width\":960,\"height\":560,\"caption\":\"Da li te Bog voli kada pogre\u0161i\u0161?\"},{\"@type\":\"BreadcrumbList\",\"@id\":\"https:\\\/\\\/tv.joycemeyer.org\\\/srbija\\\/devotional\\\/da-li-te-bog-voli-kada-pogresis-2\\\/#breadcrumb\",\"itemListElement\":[{\"@type\":\"ListItem\",\"position\":1,\"name\":\"Home\",\"item\":\"https:\\\/\\\/tv.joycemeyer.org\\\/srbija\\\/\"},{\"@type\":\"ListItem\",\"position\":2,\"name\":\"Devotional\",\"item\":\"https:\\\/\\\/tv.joycemeyer.org\\\/srbija\\\/devotional\\\/\"},{\"@type\":\"ListItem\",\"position\":3,\"name\":\"Da li te Bog voli kada pogre\u0161i\u0161?\"}]},{\"@type\":\"WebSite\",\"@id\":\"https:\\\/\\\/tv.joycemeyer.org\\\/srbija\\\/#website\",\"url\":\"https:\\\/\\\/tv.joycemeyer.org\\\/srbija\\\/\",\"name\":\"Joyce Meyer Ministries - Srbija\",\"description\":\"Deliti Hrista - voleti ljude\",\"potentialAction\":[{\"@type\":\"SearchAction\",\"target\":{\"@type\":\"EntryPoint\",\"urlTemplate\":\"https:\\\/\\\/tv.joycemeyer.org\\\/srbija\\\/?s={search_term_string}\"},\"query-input\":{\"@type\":\"PropertyValueSpecification\",\"valueRequired\":true,\"valueName\":\"search_term_string\"}}],\"inLanguage\":\"en-US\"}]}<\/script>\n<!-- \/ Yoast SEO plugin. -->","yoast_head_json":{"title":"Da li te Bog voli kada pogre\u0161i\u0161? - Joyce Meyer Ministries - Srbija","robots":{"index":"index","follow":"follow","max-snippet":"max-snippet:-1","max-image-preview":"max-image-preview:large","max-video-preview":"max-video-preview:-1"},"canonical":"https:\/\/tv.joycemeyer.org\/srbija\/devotional\/da-li-te-bog-voli-kada-pogresis-2\/","og_locale":"en_US","og_type":"article","og_title":"Da li te Bog voli kada pogre\u0161i\u0161? - Joyce Meyer Ministries - Srbija","og_description":"Bog te je toliko voleo da je dao svog jedinoro\u0111enog Sina, ne samo da umre za tvoje grehe, ve\u0107 i da pokrije tvoje svakodnevne gre\u0161ke.","og_url":"https:\/\/tv.joycemeyer.org\/srbija\/devotional\/da-li-te-bog-voli-kada-pogresis-2\/","og_site_name":"Joyce Meyer Ministries - Srbija","article_modified_time":"2023-02-23T13:57:57+00:00","og_image":[{"width":960,"height":560,"url":"https:\/\/tv.joycemeyer.org\/srbija\/wp-content\/uploads\/sites\/86\/2023\/02\/2807.jpg","type":"image\/jpeg"}],"twitter_card":"summary_large_image","twitter_misc":{"Est. reading time":"2 minutes"},"schema":{"@context":"https:\/\/schema.org","@graph":[{"@type":"WebPage","@id":"https:\/\/tv.joycemeyer.org\/srbija\/devotional\/da-li-te-bog-voli-kada-pogresis-2\/","url":"https:\/\/tv.joycemeyer.org\/srbija\/devotional\/da-li-te-bog-voli-kada-pogresis-2\/","name":"Da li te Bog voli kada pogre\u0161i\u0161? - Joyce Meyer Ministries - Srbija","isPartOf":{"@id":"https:\/\/tv.joycemeyer.org\/srbija\/#website"},"primaryImageOfPage":{"@id":"https:\/\/tv.joycemeyer.org\/srbija\/devotional\/da-li-te-bog-voli-kada-pogresis-2\/#primaryimage"},"image":{"@id":"https:\/\/tv.joycemeyer.org\/srbija\/devotional\/da-li-te-bog-voli-kada-pogresis-2\/#primaryimage"},"thumbnailUrl":"https:\/\/tv.joycemeyer.org\/srbija\/wp-content\/uploads\/sites\/86\/2023\/02\/2807.jpg","datePublished":"2019-03-11T00:01:07+00:00","dateModified":"2023-02-23T13:57:57+00:00","breadcrumb":{"@id":"https:\/\/tv.joycemeyer.org\/srbija\/devotional\/da-li-te-bog-voli-kada-pogresis-2\/#breadcrumb"},"inLanguage":"en-US","potentialAction":[{"@type":"ReadAction","target":["https:\/\/tv.joycemeyer.org\/srbija\/devotional\/da-li-te-bog-voli-kada-pogresis-2\/"]}]},{"@type":"ImageObject","inLanguage":"en-US","@id":"https:\/\/tv.joycemeyer.org\/srbija\/devotional\/da-li-te-bog-voli-kada-pogresis-2\/#primaryimage","url":"https:\/\/tv.joycemeyer.org\/srbija\/wp-content\/uploads\/sites\/86\/2023\/02\/2807.jpg","contentUrl":"https:\/\/tv.joycemeyer.org\/srbija\/wp-content\/uploads\/sites\/86\/2023\/02\/2807.jpg","width":960,"height":560,"caption":"Da li te Bog voli kada pogre\u0161i\u0161?"},{"@type":"BreadcrumbList","@id":"https:\/\/tv.joycemeyer.org\/srbija\/devotional\/da-li-te-bog-voli-kada-pogresis-2\/#breadcrumb","itemListElement":[{"@type":"ListItem","position":1,"name":"Home","item":"https:\/\/tv.joycemeyer.org\/srbija\/"},{"@type":"ListItem","position":2,"name":"Devotional","item":"https:\/\/tv.joycemeyer.org\/srbija\/devotional\/"},{"@type":"ListItem","position":3,"name":"Da li te Bog voli kada pogre\u0161i\u0161?"}]},{"@type":"WebSite","@id":"https:\/\/tv.joycemeyer.org\/srbija\/#website","url":"https:\/\/tv.joycemeyer.org\/srbija\/","name":"Joyce Meyer Ministries - Srbija","description":"Deliti Hrista - voleti ljude","potentialAction":[{"@type":"SearchAction","target":{"@type":"EntryPoint","urlTemplate":"https:\/\/tv.joycemeyer.org\/srbija\/?s={search_term_string}"},"query-input":{"@type":"PropertyValueSpecification","valueRequired":true,"valueName":"search_term_string"}}],"inLanguage":"en-US"}]}},"_links":{"self":[{"href":"https:\/\/tv.joycemeyer.org\/srbija\/wp-json\/wp\/v2\/devotional\/2548","targetHints":{"allow":["GET"]}}],"collection":[{"href":"https:\/\/tv.joycemeyer.org\/srbija\/wp-json\/wp\/v2\/devotional"}],"about":[{"href":"https:\/\/tv.joycemeyer.org\/srbija\/wp-json\/wp\/v2\/types\/devotional"}],"author":[{"embeddable":true,"href":"https:\/\/tv.joycemeyer.org\/srbija\/wp-json\/wp\/v2\/users\/20"}],"replies":[{"embeddable":true,"href":"https:\/\/tv.joycemeyer.org\/srbija\/wp-json\/wp\/v2\/comments?post=2548"}],"wp:featuredmedia":[{"embeddable":true,"href":"https:\/\/tv.joycemeyer.org\/srbija\/wp-json\/wp\/v2\/media\/2549"}],"wp:attachment":[{"href":"https:\/\/tv.joycemeyer.org\/srbija\/wp-json\/wp\/v2\/media?parent=2548"}],"curies":[{"name":"wp","href":"https:\/\/api.w.org\/{rel}","templated":true}]}}

Da li te Bog voli kada pogrešiš?

<blockquote><p>‘’Ali, Bog svoju ljubav prema nama pokazuje ovako: dok smo još bili grešnici, Hristos je umro za nas. Koliko ćemo se pre, opravdani sada njegovom krvlju, kroz njega spasiti od Božijeg gneva.’’ Rimljanima 5:8-9</p></blockquote>
<p>Da li si se ikada zapitao da li si dovoljno dobar da bi te Bog voleo? Nažalost, mnogi ljudi veruju da ih Bog voli samo onda kada ne greše.</p>
<p>Možda je upravo takvo razmišljanje navelo psalmistu da pita Šta je čovek, te ga se opominješ, ili sin čovečji, te ga polaziš? (Psalam 8:4). Ipak, Biblija govori da smo mi Božija stvorenja – delo Njegovih ruku i da nas On bezuslovno voli.</p>
<p>Hajde da se suočimo sa tim: Isus nije umro za tebe zato što si divan; umro je za tebe zato što te voli. Rimljanima 5:8-9 potvrđuju ovu istinu govoreći da Isus umro za nas dok smo još bili grešnici.</p>
<p>Bog te je toliko voleo da je dao svog jedinorođenog Sina, ne samo da umre za tvoje grehe, već i da pokrije tvoje svakodnevne greške. Toliko te voli da želi da svakog dana živiš u sili i pobedi.</p>
<p>Bog te voli i želi da zauvek veruješ u to…čak i kada pogrešiš.</p>
<hr />
<h4><strong>Početak molitve</strong></h4>
<p>Gospode, Tvoja ljubav je neverovatna. Voliš me čak i kada to meni nema smisla. Čak i kada pravim greške, još uvek si sa mnom. Hvala ti za Tvoju bezuslovnu ljubav koju mi danas daješ.</p>

<p>Bog te je toliko voleo da je dao svog jedinorođenog Sina, ne samo da umre za tvoje grehe, već i da pokrije tvoje svakodnevne greške.</p>

<div class="post-featured-wrap"><img width="960" height="560" src="https://tv.joycemeyer.org/srbija/wp-content/uploads/sites/86/2023/02/2807.jpg" class="post-featured wp-post-image" alt="Da li te Bog voli kada pogrešiš?" decoding="async" srcset="https://tv.joycemeyer.org/srbija/wp-content/uploads/sites/86/2023/02/2807.jpg 960w, https://tv.joycemeyer.org/srbija/wp-content/uploads/sites/86/2023/02/2807-300x175.jpg 300w, https://tv.joycemeyer.org/srbija/wp-content/uploads/sites/86/2023/02/2807-768x448.jpg 768w" sizes="(max-width: 960px) 100vw, 960px" /></div>

<!-- This site is optimized with the Yoast SEO plugin v27.4 - https://yoast.com/product/yoast-seo-wordpress/ -->
<title>Da li te Bog voli kada pogrešiš? - Joyce Meyer Ministries - Srbija</title>
<meta name="robots" content="index, follow, max-snippet:-1, max-image-preview:large, max-video-preview:-1" />
<link rel="canonical" href="https://tv.joycemeyer.org/srbija/devotional/da-li-te-bog-voli-kada-pogresis-2/" />
<meta property="og:locale" content="en_US" />
<meta property="og:type" content="article" />
<meta property="og:title" content="Da li te Bog voli kada pogrešiš? - Joyce Meyer Ministries - Srbija" />
<meta property="og:description" content="Bog te je toliko voleo da je dao svog jedinorođenog Sina, ne samo da umre za tvoje grehe, već i da pokrije tvoje svakodnevne greške." />
<meta property="og:url" content="https://tv.joycemeyer.org/srbija/devotional/da-li-te-bog-voli-kada-pogresis-2/" />
<meta property="og:site_name" content="Joyce Meyer Ministries - Srbija" />
<meta property="article:modified_time" content="2023-02-23T13:57:57+00:00" />
<meta property="og:image" content="https://tv.joycemeyer.org/srbija/wp-content/uploads/sites/86/2023/02/2807.jpg" />
	<meta property="og:image:width" content="960" />
	<meta property="og:image:height" content="560" />
	<meta property="og:image:type" content="image/jpeg" />
<meta name="twitter:card" content="summary_large_image" />
<meta name="twitter:label1" content="Est. reading time" />
	<meta name="twitter:data1" content="2 minutes" />
<script type="application/ld+json" class="yoast-schema-graph">{"@context":"https:\/\/schema.org","@graph":[{"@type":"WebPage","@id":"https:\/\/tv.joycemeyer.org\/srbija\/devotional\/da-li-te-bog-voli-kada-pogresis-2\/","url":"https:\/\/tv.joycemeyer.org\/srbija\/devotional\/da-li-te-bog-voli-kada-pogresis-2\/","name":"Da li te Bog voli kada pogrešiš? - Joyce Meyer Ministries - Srbija","isPartOf":{"@id":"https:\/\/tv.joycemeyer.org\/srbija\/#website"},"primaryImageOfPage":{"@id":"https:\/\/tv.joycemeyer.org\/srbija\/devotional\/da-li-te-bog-voli-kada-pogresis-2\/#primaryimage"},"image":{"@id":"https:\/\/tv.joycemeyer.org\/srbija\/devotional\/da-li-te-bog-voli-kada-pogresis-2\/#primaryimage"},"thumbnailUrl":"https:\/\/tv.joycemeyer.org\/srbija\/wp-content\/uploads\/sites\/86\/2023\/02\/2807.jpg","datePublished":"2019-03-11T00:01:07+00:00","dateModified":"2023-02-23T13:57:57+00:00","breadcrumb":{"@id":"https:\/\/tv.joycemeyer.org\/srbija\/devotional\/da-li-te-bog-voli-kada-pogresis-2\/#breadcrumb"},"inLanguage":"en-US","potentialAction":[{"@type":"ReadAction","target":["https:\/\/tv.joycemeyer.org\/srbija\/devotional\/da-li-te-bog-voli-kada-pogresis-2\/"]}]},{"@type":"ImageObject","inLanguage":"en-US","@id":"https:\/\/tv.joycemeyer.org\/srbija\/devotional\/da-li-te-bog-voli-kada-pogresis-2\/#primaryimage","url":"https:\/\/tv.joycemeyer.org\/srbija\/wp-content\/uploads\/sites\/86\/2023\/02\/2807.jpg","contentUrl":"https:\/\/tv.joycemeyer.org\/srbija\/wp-content\/uploads\/sites\/86\/2023\/02\/2807.jpg","width":960,"height":560,"caption":"Da li te Bog voli kada pogrešiš?"},{"@type":"BreadcrumbList","@id":"https:\/\/tv.joycemeyer.org\/srbija\/devotional\/da-li-te-bog-voli-kada-pogresis-2\/#breadcrumb","itemListElement":[{"@type":"ListItem","position":1,"name":"Home","item":"https:\/\/tv.joycemeyer.org\/srbija\/"},{"@type":"ListItem","position":2,"name":"Devotional","item":"https:\/\/tv.joycemeyer.org\/srbija\/devotional\/"},{"@type":"ListItem","position":3,"name":"Da li te Bog voli kada pogrešiš?"}]},{"@type":"WebSite","@id":"https:\/\/tv.joycemeyer.org\/srbija\/#website","url":"https:\/\/tv.joycemeyer.org\/srbija\/","name":"Joyce Meyer Ministries - Srbija","description":"Deliti Hrista - voleti ljude","potentialAction":[{"@type":"SearchAction","target":{"@type":"EntryPoint","urlTemplate":"https:\/\/tv.joycemeyer.org\/srbija\/?s={search_term_string}"},"query-input":{"@type":"PropertyValueSpecification","valueRequired":true,"valueName":"search_term_string"}}],"inLanguage":"en-US"}]}</script>
<!-- / Yoast SEO plugin. -->

Da li te Bog voli kada pogrešiš? - Joyce Meyer Ministries - Srbija

Bog te je toliko voleo da je dao svog jedinorođenog Sina, ne samo da umre za tvoje grehe, već i da pokrije tvoje svakodnevne greške.
