{"id":2700,"date":"2023-05-19T00:01:07","date_gmt":"2023-05-19T00:01:07","guid":{"rendered":"https:\/\/tv.joycemeyer.org\/srbija\/?post_type=devotional&#038;p=2700"},"modified":"2023-05-19T11:26:59","modified_gmt":"2023-05-19T11:26:59","slug":"vise-od-osvajaca-2","status":"publish","type":"devotional","link":"https:\/\/tv.joycemeyer.org\/srbija\/devotional\/vise-od-osvajaca-2\/","title":{"rendered":"Vi\u0161e od osvaja\u010da"},"content":{"rendered":"<blockquote><p>\u2019\u2019Ali, u svemu tome nadmo\u0107no pobe\u0111ujemo kroz Onoga koji nas je zavoleo.\u2019\u2019 Rimljanima 8:37<\/p><\/blockquote>\n<p>Bog nam daje snove, a kada ti snovi izgledaju nemogu\u0107e, po\u010dinje da se javlja strah.<\/p>\n<p>Ako si odlu\u010dio da nikada ne\u0107e\u0161 odustati od svog sna, onda mora\u0161 biti spreman da rizikuje\u0161 \u2013 mora\u0161 da bude\u0161 hrabar. I treba da zna\u0161 da hrabrost nije odsustvo straha; to je odluka da nastavi\u0161 dalje \u010dak i kada se boji\u0161. Zato, kada se suo\u010dava\u0161 sa situacijama koje te uznemiruju i zastra\u0161uju, moli se za Bo\u017eiju milost, da ti Bog da hrabrosti da nastavi\u0161 dalje uprkos ose\u0107anju straha.<\/p>\n<p>Duh straha \u0107e uvek poku\u0161avati da te spre\u010di da nastavi\u0161 dalje. Neprijatelj vekovima koristi strah kako bi zaustavio ljude, i ne\u0107e promeniti svoju strategiju. Ali mo\u017ee\u0161 da pobedi\u0161 strah jer si vi\u0161e od osvaja\u010da kroz Hrista koji je voli.<\/p>\n<p>\u017delim da te ohrabrim da se odlu\u010dno suprotsavi\u0161 strahu kada krene protiv tebe. Stoji nepokolebljivo, veruj Bogu i znaj da je On uvek sa tobom.<\/p>\n<hr \/>\n<h4><strong>Po\u010detak molitve<\/strong><\/h4>\n<p>Bo\u017ee, iako se ponekad pla\u0161im, veujem Tvojoj Re\u010di koja ka\u017ee da sam vi\u0161e od osvaja\u010da. Mogu da ostavrim svaki san koji si mi dao jer me voli\u0161 i da daje\u0161 mi pobedu.<\/p>\n","protected":false},"excerpt":{"rendered":"<p>Ako si odlu\u010dio da nikada ne\u0107e\u0161 odustati od svog sna, onda mora\u0161 biti spreman da rizikuje\u0161 \u2013 mora\u0161 da bude\u0161 hrabar.<\/p>\n","protected":false},"author":20,"featured_media":2701,"parent":0,"menu_order":0,"comment_status":"closed","ping_status":"closed","template":"","class_list":["post-2700","devotional","type-devotional","status-publish","has-post-thumbnail","hentry"],"acf":[],"appp":{"post_detail":{"above_title":"<div class=\"post-featured-wrap\"><img width=\"960\" height=\"560\" src=\"https:\/\/tv.joycemeyer.org\/srbija\/wp-content\/uploads\/sites\/86\/2023\/05\/1743.jpg\" class=\"post-featured wp-post-image\" alt=\"Vi\u0161e od osvaja\u010da\" decoding=\"async\" srcset=\"https:\/\/tv.joycemeyer.org\/srbija\/wp-content\/uploads\/sites\/86\/2023\/05\/1743.jpg 960w, https:\/\/tv.joycemeyer.org\/srbija\/wp-content\/uploads\/sites\/86\/2023\/05\/1743-300x175.jpg 300w, https:\/\/tv.joycemeyer.org\/srbija\/wp-content\/uploads\/sites\/86\/2023\/05\/1743-768x448.jpg 768w\" sizes=\"(max-width: 960px) 100vw, 960px\" \/><\/div>","below_content":"<div class=\"follow\"><ul class=\"nav nav--social nav--flex\"><\/ul><\/div>"}},"yoast_head":"<!-- This site is optimized with the Yoast SEO plugin v27.4 - https:\/\/yoast.com\/product\/yoast-seo-wordpress\/ -->\n<title>Vi\u0161e od osvaja\u010da - Joyce Meyer Ministries - Srbija<\/title>\n<meta name=\"robots\" content=\"index, follow, max-snippet:-1, max-image-preview:large, max-video-preview:-1\" \/>\n<link rel=\"canonical\" href=\"https:\/\/tv.joycemeyer.org\/srbija\/devotional\/vise-od-osvajaca-2\/\" \/>\n<meta property=\"og:locale\" content=\"en_US\" \/>\n<meta property=\"og:type\" content=\"article\" \/>\n<meta property=\"og:title\" content=\"Vi\u0161e od osvaja\u010da - Joyce Meyer Ministries - Srbija\" \/>\n<meta property=\"og:description\" content=\"Ako si odlu\u010dio da nikada ne\u0107e\u0161 odustati od svog sna, onda mora\u0161 biti spreman da rizikuje\u0161 \u2013 mora\u0161 da bude\u0161 hrabar.\" \/>\n<meta property=\"og:url\" content=\"https:\/\/tv.joycemeyer.org\/srbija\/devotional\/vise-od-osvajaca-2\/\" \/>\n<meta property=\"og:site_name\" content=\"Joyce Meyer Ministries - Srbija\" \/>\n<meta property=\"article:modified_time\" content=\"2023-05-19T11:26:59+00:00\" \/>\n<meta property=\"og:image\" content=\"https:\/\/tv.joycemeyer.org\/srbija\/wp-content\/uploads\/sites\/86\/2023\/05\/1743.jpg\" \/>\n\t<meta property=\"og:image:width\" content=\"960\" \/>\n\t<meta property=\"og:image:height\" content=\"560\" \/>\n\t<meta property=\"og:image:type\" content=\"image\/jpeg\" \/>\n<meta name=\"twitter:card\" content=\"summary_large_image\" \/>\n<meta name=\"twitter:label1\" content=\"Est. reading time\" \/>\n\t<meta name=\"twitter:data1\" content=\"1 minute\" \/>\n<script type=\"application\/ld+json\" class=\"yoast-schema-graph\">{\"@context\":\"https:\\\/\\\/schema.org\",\"@graph\":[{\"@type\":\"WebPage\",\"@id\":\"https:\\\/\\\/tv.joycemeyer.org\\\/srbija\\\/devotional\\\/vise-od-osvajaca-2\\\/\",\"url\":\"https:\\\/\\\/tv.joycemeyer.org\\\/srbija\\\/devotional\\\/vise-od-osvajaca-2\\\/\",\"name\":\"Vi\u0161e od osvaja\u010da - Joyce Meyer Ministries - Srbija\",\"isPartOf\":{\"@id\":\"https:\\\/\\\/tv.joycemeyer.org\\\/srbija\\\/#website\"},\"primaryImageOfPage\":{\"@id\":\"https:\\\/\\\/tv.joycemeyer.org\\\/srbija\\\/devotional\\\/vise-od-osvajaca-2\\\/#primaryimage\"},\"image\":{\"@id\":\"https:\\\/\\\/tv.joycemeyer.org\\\/srbija\\\/devotional\\\/vise-od-osvajaca-2\\\/#primaryimage\"},\"thumbnailUrl\":\"https:\\\/\\\/tv.joycemeyer.org\\\/srbija\\\/wp-content\\\/uploads\\\/sites\\\/86\\\/2023\\\/05\\\/1743.jpg\",\"datePublished\":\"2023-05-19T00:01:07+00:00\",\"dateModified\":\"2023-05-19T11:26:59+00:00\",\"breadcrumb\":{\"@id\":\"https:\\\/\\\/tv.joycemeyer.org\\\/srbija\\\/devotional\\\/vise-od-osvajaca-2\\\/#breadcrumb\"},\"inLanguage\":\"en-US\",\"potentialAction\":[{\"@type\":\"ReadAction\",\"target\":[\"https:\\\/\\\/tv.joycemeyer.org\\\/srbija\\\/devotional\\\/vise-od-osvajaca-2\\\/\"]}]},{\"@type\":\"ImageObject\",\"inLanguage\":\"en-US\",\"@id\":\"https:\\\/\\\/tv.joycemeyer.org\\\/srbija\\\/devotional\\\/vise-od-osvajaca-2\\\/#primaryimage\",\"url\":\"https:\\\/\\\/tv.joycemeyer.org\\\/srbija\\\/wp-content\\\/uploads\\\/sites\\\/86\\\/2023\\\/05\\\/1743.jpg\",\"contentUrl\":\"https:\\\/\\\/tv.joycemeyer.org\\\/srbija\\\/wp-content\\\/uploads\\\/sites\\\/86\\\/2023\\\/05\\\/1743.jpg\",\"width\":960,\"height\":560,\"caption\":\"Vi\u0161e od osvaja\u010da\"},{\"@type\":\"BreadcrumbList\",\"@id\":\"https:\\\/\\\/tv.joycemeyer.org\\\/srbija\\\/devotional\\\/vise-od-osvajaca-2\\\/#breadcrumb\",\"itemListElement\":[{\"@type\":\"ListItem\",\"position\":1,\"name\":\"Home\",\"item\":\"https:\\\/\\\/tv.joycemeyer.org\\\/srbija\\\/\"},{\"@type\":\"ListItem\",\"position\":2,\"name\":\"Devotional\",\"item\":\"https:\\\/\\\/tv.joycemeyer.org\\\/srbija\\\/devotional\\\/\"},{\"@type\":\"ListItem\",\"position\":3,\"name\":\"Vi\u0161e od osvaja\u010da\"}]},{\"@type\":\"WebSite\",\"@id\":\"https:\\\/\\\/tv.joycemeyer.org\\\/srbija\\\/#website\",\"url\":\"https:\\\/\\\/tv.joycemeyer.org\\\/srbija\\\/\",\"name\":\"Joyce Meyer Ministries - Srbija\",\"description\":\"Deliti Hrista - voleti ljude\",\"potentialAction\":[{\"@type\":\"SearchAction\",\"target\":{\"@type\":\"EntryPoint\",\"urlTemplate\":\"https:\\\/\\\/tv.joycemeyer.org\\\/srbija\\\/?s={search_term_string}\"},\"query-input\":{\"@type\":\"PropertyValueSpecification\",\"valueRequired\":true,\"valueName\":\"search_term_string\"}}],\"inLanguage\":\"en-US\"}]}<\/script>\n<!-- \/ Yoast SEO plugin. -->","yoast_head_json":{"title":"Vi\u0161e od osvaja\u010da - Joyce Meyer Ministries - Srbija","robots":{"index":"index","follow":"follow","max-snippet":"max-snippet:-1","max-image-preview":"max-image-preview:large","max-video-preview":"max-video-preview:-1"},"canonical":"https:\/\/tv.joycemeyer.org\/srbija\/devotional\/vise-od-osvajaca-2\/","og_locale":"en_US","og_type":"article","og_title":"Vi\u0161e od osvaja\u010da - Joyce Meyer Ministries - Srbija","og_description":"Ako si odlu\u010dio da nikada ne\u0107e\u0161 odustati od svog sna, onda mora\u0161 biti spreman da rizikuje\u0161 \u2013 mora\u0161 da bude\u0161 hrabar.","og_url":"https:\/\/tv.joycemeyer.org\/srbija\/devotional\/vise-od-osvajaca-2\/","og_site_name":"Joyce Meyer Ministries - Srbija","article_modified_time":"2023-05-19T11:26:59+00:00","og_image":[{"width":960,"height":560,"url":"https:\/\/tv.joycemeyer.org\/srbija\/wp-content\/uploads\/sites\/86\/2023\/05\/1743.jpg","type":"image\/jpeg"}],"twitter_card":"summary_large_image","twitter_misc":{"Est. reading time":"1 minute"},"schema":{"@context":"https:\/\/schema.org","@graph":[{"@type":"WebPage","@id":"https:\/\/tv.joycemeyer.org\/srbija\/devotional\/vise-od-osvajaca-2\/","url":"https:\/\/tv.joycemeyer.org\/srbija\/devotional\/vise-od-osvajaca-2\/","name":"Vi\u0161e od osvaja\u010da - Joyce Meyer Ministries - Srbija","isPartOf":{"@id":"https:\/\/tv.joycemeyer.org\/srbija\/#website"},"primaryImageOfPage":{"@id":"https:\/\/tv.joycemeyer.org\/srbija\/devotional\/vise-od-osvajaca-2\/#primaryimage"},"image":{"@id":"https:\/\/tv.joycemeyer.org\/srbija\/devotional\/vise-od-osvajaca-2\/#primaryimage"},"thumbnailUrl":"https:\/\/tv.joycemeyer.org\/srbija\/wp-content\/uploads\/sites\/86\/2023\/05\/1743.jpg","datePublished":"2023-05-19T00:01:07+00:00","dateModified":"2023-05-19T11:26:59+00:00","breadcrumb":{"@id":"https:\/\/tv.joycemeyer.org\/srbija\/devotional\/vise-od-osvajaca-2\/#breadcrumb"},"inLanguage":"en-US","potentialAction":[{"@type":"ReadAction","target":["https:\/\/tv.joycemeyer.org\/srbija\/devotional\/vise-od-osvajaca-2\/"]}]},{"@type":"ImageObject","inLanguage":"en-US","@id":"https:\/\/tv.joycemeyer.org\/srbija\/devotional\/vise-od-osvajaca-2\/#primaryimage","url":"https:\/\/tv.joycemeyer.org\/srbija\/wp-content\/uploads\/sites\/86\/2023\/05\/1743.jpg","contentUrl":"https:\/\/tv.joycemeyer.org\/srbija\/wp-content\/uploads\/sites\/86\/2023\/05\/1743.jpg","width":960,"height":560,"caption":"Vi\u0161e od osvaja\u010da"},{"@type":"BreadcrumbList","@id":"https:\/\/tv.joycemeyer.org\/srbija\/devotional\/vise-od-osvajaca-2\/#breadcrumb","itemListElement":[{"@type":"ListItem","position":1,"name":"Home","item":"https:\/\/tv.joycemeyer.org\/srbija\/"},{"@type":"ListItem","position":2,"name":"Devotional","item":"https:\/\/tv.joycemeyer.org\/srbija\/devotional\/"},{"@type":"ListItem","position":3,"name":"Vi\u0161e od osvaja\u010da"}]},{"@type":"WebSite","@id":"https:\/\/tv.joycemeyer.org\/srbija\/#website","url":"https:\/\/tv.joycemeyer.org\/srbija\/","name":"Joyce Meyer Ministries - Srbija","description":"Deliti Hrista - voleti ljude","potentialAction":[{"@type":"SearchAction","target":{"@type":"EntryPoint","urlTemplate":"https:\/\/tv.joycemeyer.org\/srbija\/?s={search_term_string}"},"query-input":{"@type":"PropertyValueSpecification","valueRequired":true,"valueName":"search_term_string"}}],"inLanguage":"en-US"}]}},"_links":{"self":[{"href":"https:\/\/tv.joycemeyer.org\/srbija\/wp-json\/wp\/v2\/devotional\/2700","targetHints":{"allow":["GET"]}}],"collection":[{"href":"https:\/\/tv.joycemeyer.org\/srbija\/wp-json\/wp\/v2\/devotional"}],"about":[{"href":"https:\/\/tv.joycemeyer.org\/srbija\/wp-json\/wp\/v2\/types\/devotional"}],"author":[{"embeddable":true,"href":"https:\/\/tv.joycemeyer.org\/srbija\/wp-json\/wp\/v2\/users\/20"}],"replies":[{"embeddable":true,"href":"https:\/\/tv.joycemeyer.org\/srbija\/wp-json\/wp\/v2\/comments?post=2700"}],"wp:featuredmedia":[{"embeddable":true,"href":"https:\/\/tv.joycemeyer.org\/srbija\/wp-json\/wp\/v2\/media\/2701"}],"wp:attachment":[{"href":"https:\/\/tv.joycemeyer.org\/srbija\/wp-json\/wp\/v2\/media?parent=2700"}],"curies":[{"name":"wp","href":"https:\/\/api.w.org\/{rel}","templated":true}]}}

Više od osvajača

<blockquote><p>’’Ali, u svemu tome nadmoćno pobeđujemo kroz Onoga koji nas je zavoleo.’’ Rimljanima 8:37</p></blockquote>
<p>Bog nam daje snove, a kada ti snovi izgledaju nemoguće, počinje da se javlja strah.</p>
<p>Ako si odlučio da nikada nećeš odustati od svog sna, onda moraš biti spreman da rizikuješ – moraš da budeš hrabar. I treba da znaš da hrabrost nije odsustvo straha; to je odluka da nastaviš dalje čak i kada se bojiš. Zato, kada se suočavaš sa situacijama koje te uznemiruju i zastrašuju, moli se za Božiju milost, da ti Bog da hrabrosti da nastaviš dalje uprkos osećanju straha.</p>
<p>Duh straha će uvek pokušavati da te spreči da nastaviš dalje. Neprijatelj vekovima koristi strah kako bi zaustavio ljude, i neće promeniti svoju strategiju. Ali možeš da pobediš strah jer si više od osvajača kroz Hrista koji je voli.</p>
<p>Želim da te ohrabrim da se odlučno suprotsaviš strahu kada krene protiv tebe. Stoji nepokolebljivo, veruj Bogu i znaj da je On uvek sa tobom.</p>
<hr />
<h4><strong>Početak molitve</strong></h4>
<p>Bože, iako se ponekad plašim, veujem Tvojoj Reči koja kaže da sam više od osvajača. Mogu da ostavrim svaki san koji si mi dao jer me voliš i da daješ mi pobedu.</p>

<p>Ako si odlučio da nikada nećeš odustati od svog sna, onda moraš biti spreman da rizikuješ – moraš da budeš hrabar.</p>

<div class="post-featured-wrap"><img width="960" height="560" src="https://tv.joycemeyer.org/srbija/wp-content/uploads/sites/86/2023/05/1743.jpg" class="post-featured wp-post-image" alt="Više od osvajača" decoding="async" srcset="https://tv.joycemeyer.org/srbija/wp-content/uploads/sites/86/2023/05/1743.jpg 960w, https://tv.joycemeyer.org/srbija/wp-content/uploads/sites/86/2023/05/1743-300x175.jpg 300w, https://tv.joycemeyer.org/srbija/wp-content/uploads/sites/86/2023/05/1743-768x448.jpg 768w" sizes="(max-width: 960px) 100vw, 960px" /></div>

<!-- This site is optimized with the Yoast SEO plugin v27.4 - https://yoast.com/product/yoast-seo-wordpress/ -->
<title>Više od osvajača - Joyce Meyer Ministries - Srbija</title>
<meta name="robots" content="index, follow, max-snippet:-1, max-image-preview:large, max-video-preview:-1" />
<link rel="canonical" href="https://tv.joycemeyer.org/srbija/devotional/vise-od-osvajaca-2/" />
<meta property="og:locale" content="en_US" />
<meta property="og:type" content="article" />
<meta property="og:title" content="Više od osvajača - Joyce Meyer Ministries - Srbija" />
<meta property="og:description" content="Ako si odlučio da nikada nećeš odustati od svog sna, onda moraš biti spreman da rizikuješ – moraš da budeš hrabar." />
<meta property="og:url" content="https://tv.joycemeyer.org/srbija/devotional/vise-od-osvajaca-2/" />
<meta property="og:site_name" content="Joyce Meyer Ministries - Srbija" />
<meta property="article:modified_time" content="2023-05-19T11:26:59+00:00" />
<meta property="og:image" content="https://tv.joycemeyer.org/srbija/wp-content/uploads/sites/86/2023/05/1743.jpg" />
	<meta property="og:image:width" content="960" />
	<meta property="og:image:height" content="560" />
	<meta property="og:image:type" content="image/jpeg" />
<meta name="twitter:card" content="summary_large_image" />
<meta name="twitter:label1" content="Est. reading time" />
	<meta name="twitter:data1" content="1 minute" />
<script type="application/ld+json" class="yoast-schema-graph">{"@context":"https:\/\/schema.org","@graph":[{"@type":"WebPage","@id":"https:\/\/tv.joycemeyer.org\/srbija\/devotional\/vise-od-osvajaca-2\/","url":"https:\/\/tv.joycemeyer.org\/srbija\/devotional\/vise-od-osvajaca-2\/","name":"Više od osvajača - Joyce Meyer Ministries - Srbija","isPartOf":{"@id":"https:\/\/tv.joycemeyer.org\/srbija\/#website"},"primaryImageOfPage":{"@id":"https:\/\/tv.joycemeyer.org\/srbija\/devotional\/vise-od-osvajaca-2\/#primaryimage"},"image":{"@id":"https:\/\/tv.joycemeyer.org\/srbija\/devotional\/vise-od-osvajaca-2\/#primaryimage"},"thumbnailUrl":"https:\/\/tv.joycemeyer.org\/srbija\/wp-content\/uploads\/sites\/86\/2023\/05\/1743.jpg","datePublished":"2023-05-19T00:01:07+00:00","dateModified":"2023-05-19T11:26:59+00:00","breadcrumb":{"@id":"https:\/\/tv.joycemeyer.org\/srbija\/devotional\/vise-od-osvajaca-2\/#breadcrumb"},"inLanguage":"en-US","potentialAction":[{"@type":"ReadAction","target":["https:\/\/tv.joycemeyer.org\/srbija\/devotional\/vise-od-osvajaca-2\/"]}]},{"@type":"ImageObject","inLanguage":"en-US","@id":"https:\/\/tv.joycemeyer.org\/srbija\/devotional\/vise-od-osvajaca-2\/#primaryimage","url":"https:\/\/tv.joycemeyer.org\/srbija\/wp-content\/uploads\/sites\/86\/2023\/05\/1743.jpg","contentUrl":"https:\/\/tv.joycemeyer.org\/srbija\/wp-content\/uploads\/sites\/86\/2023\/05\/1743.jpg","width":960,"height":560,"caption":"Više od osvajača"},{"@type":"BreadcrumbList","@id":"https:\/\/tv.joycemeyer.org\/srbija\/devotional\/vise-od-osvajaca-2\/#breadcrumb","itemListElement":[{"@type":"ListItem","position":1,"name":"Home","item":"https:\/\/tv.joycemeyer.org\/srbija\/"},{"@type":"ListItem","position":2,"name":"Devotional","item":"https:\/\/tv.joycemeyer.org\/srbija\/devotional\/"},{"@type":"ListItem","position":3,"name":"Više od osvajača"}]},{"@type":"WebSite","@id":"https:\/\/tv.joycemeyer.org\/srbija\/#website","url":"https:\/\/tv.joycemeyer.org\/srbija\/","name":"Joyce Meyer Ministries - Srbija","description":"Deliti Hrista - voleti ljude","potentialAction":[{"@type":"SearchAction","target":{"@type":"EntryPoint","urlTemplate":"https:\/\/tv.joycemeyer.org\/srbija\/?s={search_term_string}"},"query-input":{"@type":"PropertyValueSpecification","valueRequired":true,"valueName":"search_term_string"}}],"inLanguage":"en-US"}]}</script>
<!-- / Yoast SEO plugin. -->

Više od osvajača - Joyce Meyer Ministries - Srbija

Ako si odlučio da nikada nećeš odustati od svog sna, onda moraš biti spreman da rizikuješ – moraš da budeš hrabar.
