{"id":338,"date":"2019-11-12T00:01:40","date_gmt":"2019-11-12T00:01:40","guid":{"rendered":"https:\/\/tv.joycemeyer.org\/srbija\/?post_type=devotional&#038;p=338"},"modified":"2022-09-15T19:52:49","modified_gmt":"2022-09-15T19:52:49","slug":"odlucan-u-hristu","status":"publish","type":"devotional","link":"https:\/\/tv.joycemeyer.org\/srbija\/devotional\/odlucan-u-hristu\/","title":{"rendered":"Odlu\u010dan u Hristu"},"content":{"rendered":"<blockquote><p>\u2018\u2019 Da poznam Njega i silu vaskrsenja Njegovog i zajednicu Njegovih muka, da budem nalik na smrt Njegovu.\u2019\u2019 \u2014Filipljanima 3:10<\/p><\/blockquote>\n<p>Nije lako neumorno slediti Boga, ali je sigurno vredno. Ipak, ne mo\u017eemo zaista slediti Boga ukoliko predhodno ne do\u017eivimo istinsku slobodu.<\/p>\n<p>Bog nas osloba\u0111a i veli\u010danstveno je biti slobodan od krivice, osude i stalnog pitanja \u0161ta drugi misle o nama.<\/p>\n<p>Slobodni smo od straha od neuspeha kada znamo ko smo u Hristu. To saznanje nam donosi hrabrost da iskora\u010dimo i sledimo Bo\u017eija obe\u0107anja.<\/p>\n<p>Jedna od najve\u0107ih sloboda koje mi je Bog dao je sloboda da budem ono ko jesam. Godinama sam poku\u0161avala da budem kao drugi sve dok kroz svoj odnos sa Bogom nisam nau\u010dila da treba\u00a0 da budem ba\u0161 onakva kakvu me je stvorio. Ovo mi je pomoglo da fokus sa sebe pomerim na Hrista i pru\u017eim ruku drugima onako kako On \u017eeli.<\/p>\n<p>Poslanica Filipljanima, tre\u0107a glava, nam govori kako je Pavle bio odlu\u010dan da ima stvari za koje je Hristos umro, da poznaje Hrista i silu Njegovog uskrsnu\u0107a.<\/p>\n<p>Verujem da kada se nanovo rodimo, postoji duh odlu\u010dnosti koji raste u nama. Mo\u017eemo ga zvati Duh Sveti, strast ili \u017ear i to nam daje snagu u te\u0161kim trenucima da ka\u017eemo: \u2018\u2019Ne\u0107u odustati od bliskog odnosa sa Bogom. Ne\u0107u odustati od onoga \u0161to Bog \u017eeli da budem.\u2019\u2019<\/p>\n<p>Budi odlu\u010dan da ostane\u0161 u veri i primi\u0161 Bo\u017eija obe\u0107anja. Zampamti, ti pripada\u0161 Hristu i on \u0107e ti dati duh odlu\u010dnosti!<\/p>\n<hr \/>\n<h4><strong>Po\u010detak molitve<\/strong><\/h4>\n<p>Gospode, \u017eelim da \u017eivim nov \u017eivot, odlu\u010dan da sledim Tebe i tvoja ose\u0107anja. Verujem da \u010de\u0161 mi pomo\u0107i da budem sve ono \u0161to Ti \u017eeli\u0161 da budem i da \u0107u iskustiti istinsku slobodu.<\/p>\n","protected":false},"excerpt":{"rendered":"<p>Slobodni smo od straha od neuspeha kada znamo ko smo u Hristu.<\/p>\n","protected":false},"author":15,"featured_media":2311,"parent":0,"menu_order":0,"comment_status":"closed","ping_status":"closed","template":"","class_list":["post-338","devotional","type-devotional","status-publish","has-post-thumbnail","hentry"],"acf":[],"appp":{"post_detail":{"above_title":"<div class=\"post-featured-wrap\"><img width=\"1024\" height=\"597\" src=\"https:\/\/tv.joycemeyer.org\/srbija\/wp-content\/uploads\/sites\/86\/2019\/04\/2249-1024x597.jpg\" class=\"post-featured wp-post-image\" alt=\"Odlu\u010dan u Hristu\" decoding=\"async\" srcset=\"https:\/\/tv.joycemeyer.org\/srbija\/wp-content\/uploads\/sites\/86\/2019\/04\/2249-1024x597.jpg 1024w, https:\/\/tv.joycemeyer.org\/srbija\/wp-content\/uploads\/sites\/86\/2019\/04\/2249-300x175.jpg 300w, https:\/\/tv.joycemeyer.org\/srbija\/wp-content\/uploads\/sites\/86\/2019\/04\/2249-768x448.jpg 768w, https:\/\/tv.joycemeyer.org\/srbija\/wp-content\/uploads\/sites\/86\/2019\/04\/2249-1536x896.jpg 1536w, https:\/\/tv.joycemeyer.org\/srbija\/wp-content\/uploads\/sites\/86\/2019\/04\/2249.jpg 1800w\" sizes=\"(max-width: 1024px) 100vw, 1024px\" \/><\/div>","below_content":""}},"yoast_head":"<!-- This site is optimized with the Yoast SEO plugin v27.4 - https:\/\/yoast.com\/product\/yoast-seo-wordpress\/ -->\n<title>Odlu\u010dan u Hristu - Joyce Meyer Ministries - Srbija<\/title>\n<meta name=\"robots\" content=\"index, follow, max-snippet:-1, max-image-preview:large, max-video-preview:-1\" \/>\n<link rel=\"canonical\" href=\"https:\/\/tv.joycemeyer.org\/srbija\/devotional\/odlucan-u-hristu\/\" \/>\n<meta property=\"og:locale\" content=\"en_US\" \/>\n<meta property=\"og:type\" content=\"article\" \/>\n<meta property=\"og:title\" content=\"Odlu\u010dan u Hristu - Joyce Meyer Ministries - Srbija\" \/>\n<meta property=\"og:description\" content=\"Slobodni smo od straha od neuspeha kada znamo ko smo u Hristu.\" \/>\n<meta property=\"og:url\" content=\"https:\/\/tv.joycemeyer.org\/srbija\/devotional\/odlucan-u-hristu\/\" \/>\n<meta property=\"og:site_name\" content=\"Joyce Meyer Ministries - Srbija\" \/>\n<meta property=\"article:modified_time\" content=\"2022-09-15T19:52:49+00:00\" \/>\n<meta property=\"og:image\" content=\"https:\/\/tv.joycemeyer.org\/srbija\/wp-content\/uploads\/sites\/86\/2019\/04\/2249.jpg\" \/>\n\t<meta property=\"og:image:width\" content=\"1800\" \/>\n\t<meta property=\"og:image:height\" content=\"1050\" \/>\n\t<meta property=\"og:image:type\" content=\"image\/jpeg\" \/>\n<meta name=\"twitter:card\" content=\"summary_large_image\" \/>\n<meta name=\"twitter:label1\" content=\"Est. reading time\" \/>\n\t<meta name=\"twitter:data1\" content=\"2 minutes\" \/>\n<script type=\"application\/ld+json\" class=\"yoast-schema-graph\">{\"@context\":\"https:\\\/\\\/schema.org\",\"@graph\":[{\"@type\":\"WebPage\",\"@id\":\"https:\\\/\\\/tv.joycemeyer.org\\\/srbija\\\/devotional\\\/odlucan-u-hristu\\\/\",\"url\":\"https:\\\/\\\/tv.joycemeyer.org\\\/srbija\\\/devotional\\\/odlucan-u-hristu\\\/\",\"name\":\"Odlu\u010dan u Hristu - Joyce Meyer Ministries - Srbija\",\"isPartOf\":{\"@id\":\"https:\\\/\\\/tv.joycemeyer.org\\\/srbija\\\/#website\"},\"primaryImageOfPage\":{\"@id\":\"https:\\\/\\\/tv.joycemeyer.org\\\/srbija\\\/devotional\\\/odlucan-u-hristu\\\/#primaryimage\"},\"image\":{\"@id\":\"https:\\\/\\\/tv.joycemeyer.org\\\/srbija\\\/devotional\\\/odlucan-u-hristu\\\/#primaryimage\"},\"thumbnailUrl\":\"https:\\\/\\\/tv.joycemeyer.org\\\/srbija\\\/wp-content\\\/uploads\\\/sites\\\/86\\\/2019\\\/04\\\/2249.jpg\",\"datePublished\":\"2019-11-12T00:01:40+00:00\",\"dateModified\":\"2022-09-15T19:52:49+00:00\",\"breadcrumb\":{\"@id\":\"https:\\\/\\\/tv.joycemeyer.org\\\/srbija\\\/devotional\\\/odlucan-u-hristu\\\/#breadcrumb\"},\"inLanguage\":\"en-US\",\"potentialAction\":[{\"@type\":\"ReadAction\",\"target\":[\"https:\\\/\\\/tv.joycemeyer.org\\\/srbija\\\/devotional\\\/odlucan-u-hristu\\\/\"]}]},{\"@type\":\"ImageObject\",\"inLanguage\":\"en-US\",\"@id\":\"https:\\\/\\\/tv.joycemeyer.org\\\/srbija\\\/devotional\\\/odlucan-u-hristu\\\/#primaryimage\",\"url\":\"https:\\\/\\\/tv.joycemeyer.org\\\/srbija\\\/wp-content\\\/uploads\\\/sites\\\/86\\\/2019\\\/04\\\/2249.jpg\",\"contentUrl\":\"https:\\\/\\\/tv.joycemeyer.org\\\/srbija\\\/wp-content\\\/uploads\\\/sites\\\/86\\\/2019\\\/04\\\/2249.jpg\",\"width\":1800,\"height\":1050,\"caption\":\"Odlu\u010dan u Hristu\"},{\"@type\":\"BreadcrumbList\",\"@id\":\"https:\\\/\\\/tv.joycemeyer.org\\\/srbija\\\/devotional\\\/odlucan-u-hristu\\\/#breadcrumb\",\"itemListElement\":[{\"@type\":\"ListItem\",\"position\":1,\"name\":\"Home\",\"item\":\"https:\\\/\\\/tv.joycemeyer.org\\\/srbija\\\/\"},{\"@type\":\"ListItem\",\"position\":2,\"name\":\"Devotional\",\"item\":\"https:\\\/\\\/tv.joycemeyer.org\\\/srbija\\\/devotional\\\/\"},{\"@type\":\"ListItem\",\"position\":3,\"name\":\"Odlu\u010dan u Hristu\"}]},{\"@type\":\"WebSite\",\"@id\":\"https:\\\/\\\/tv.joycemeyer.org\\\/srbija\\\/#website\",\"url\":\"https:\\\/\\\/tv.joycemeyer.org\\\/srbija\\\/\",\"name\":\"Joyce Meyer Ministries - Srbija\",\"description\":\"Deliti Hrista - voleti ljude\",\"potentialAction\":[{\"@type\":\"SearchAction\",\"target\":{\"@type\":\"EntryPoint\",\"urlTemplate\":\"https:\\\/\\\/tv.joycemeyer.org\\\/srbija\\\/?s={search_term_string}\"},\"query-input\":{\"@type\":\"PropertyValueSpecification\",\"valueRequired\":true,\"valueName\":\"search_term_string\"}}],\"inLanguage\":\"en-US\"}]}<\/script>\n<!-- \/ Yoast SEO plugin. -->","yoast_head_json":{"title":"Odlu\u010dan u Hristu - Joyce Meyer Ministries - Srbija","robots":{"index":"index","follow":"follow","max-snippet":"max-snippet:-1","max-image-preview":"max-image-preview:large","max-video-preview":"max-video-preview:-1"},"canonical":"https:\/\/tv.joycemeyer.org\/srbija\/devotional\/odlucan-u-hristu\/","og_locale":"en_US","og_type":"article","og_title":"Odlu\u010dan u Hristu - Joyce Meyer Ministries - Srbija","og_description":"Slobodni smo od straha od neuspeha kada znamo ko smo u Hristu.","og_url":"https:\/\/tv.joycemeyer.org\/srbija\/devotional\/odlucan-u-hristu\/","og_site_name":"Joyce Meyer Ministries - Srbija","article_modified_time":"2022-09-15T19:52:49+00:00","og_image":[{"width":1800,"height":1050,"url":"https:\/\/tv.joycemeyer.org\/srbija\/wp-content\/uploads\/sites\/86\/2019\/04\/2249.jpg","type":"image\/jpeg"}],"twitter_card":"summary_large_image","twitter_misc":{"Est. reading time":"2 minutes"},"schema":{"@context":"https:\/\/schema.org","@graph":[{"@type":"WebPage","@id":"https:\/\/tv.joycemeyer.org\/srbija\/devotional\/odlucan-u-hristu\/","url":"https:\/\/tv.joycemeyer.org\/srbija\/devotional\/odlucan-u-hristu\/","name":"Odlu\u010dan u Hristu - Joyce Meyer Ministries - Srbija","isPartOf":{"@id":"https:\/\/tv.joycemeyer.org\/srbija\/#website"},"primaryImageOfPage":{"@id":"https:\/\/tv.joycemeyer.org\/srbija\/devotional\/odlucan-u-hristu\/#primaryimage"},"image":{"@id":"https:\/\/tv.joycemeyer.org\/srbija\/devotional\/odlucan-u-hristu\/#primaryimage"},"thumbnailUrl":"https:\/\/tv.joycemeyer.org\/srbija\/wp-content\/uploads\/sites\/86\/2019\/04\/2249.jpg","datePublished":"2019-11-12T00:01:40+00:00","dateModified":"2022-09-15T19:52:49+00:00","breadcrumb":{"@id":"https:\/\/tv.joycemeyer.org\/srbija\/devotional\/odlucan-u-hristu\/#breadcrumb"},"inLanguage":"en-US","potentialAction":[{"@type":"ReadAction","target":["https:\/\/tv.joycemeyer.org\/srbija\/devotional\/odlucan-u-hristu\/"]}]},{"@type":"ImageObject","inLanguage":"en-US","@id":"https:\/\/tv.joycemeyer.org\/srbija\/devotional\/odlucan-u-hristu\/#primaryimage","url":"https:\/\/tv.joycemeyer.org\/srbija\/wp-content\/uploads\/sites\/86\/2019\/04\/2249.jpg","contentUrl":"https:\/\/tv.joycemeyer.org\/srbija\/wp-content\/uploads\/sites\/86\/2019\/04\/2249.jpg","width":1800,"height":1050,"caption":"Odlu\u010dan u Hristu"},{"@type":"BreadcrumbList","@id":"https:\/\/tv.joycemeyer.org\/srbija\/devotional\/odlucan-u-hristu\/#breadcrumb","itemListElement":[{"@type":"ListItem","position":1,"name":"Home","item":"https:\/\/tv.joycemeyer.org\/srbija\/"},{"@type":"ListItem","position":2,"name":"Devotional","item":"https:\/\/tv.joycemeyer.org\/srbija\/devotional\/"},{"@type":"ListItem","position":3,"name":"Odlu\u010dan u Hristu"}]},{"@type":"WebSite","@id":"https:\/\/tv.joycemeyer.org\/srbija\/#website","url":"https:\/\/tv.joycemeyer.org\/srbija\/","name":"Joyce Meyer Ministries - Srbija","description":"Deliti Hrista - voleti ljude","potentialAction":[{"@type":"SearchAction","target":{"@type":"EntryPoint","urlTemplate":"https:\/\/tv.joycemeyer.org\/srbija\/?s={search_term_string}"},"query-input":{"@type":"PropertyValueSpecification","valueRequired":true,"valueName":"search_term_string"}}],"inLanguage":"en-US"}]}},"_links":{"self":[{"href":"https:\/\/tv.joycemeyer.org\/srbija\/wp-json\/wp\/v2\/devotional\/338","targetHints":{"allow":["GET"]}}],"collection":[{"href":"https:\/\/tv.joycemeyer.org\/srbija\/wp-json\/wp\/v2\/devotional"}],"about":[{"href":"https:\/\/tv.joycemeyer.org\/srbija\/wp-json\/wp\/v2\/types\/devotional"}],"author":[{"embeddable":true,"href":"https:\/\/tv.joycemeyer.org\/srbija\/wp-json\/wp\/v2\/users\/15"}],"replies":[{"embeddable":true,"href":"https:\/\/tv.joycemeyer.org\/srbija\/wp-json\/wp\/v2\/comments?post=338"}],"wp:featuredmedia":[{"embeddable":true,"href":"https:\/\/tv.joycemeyer.org\/srbija\/wp-json\/wp\/v2\/media\/2311"}],"wp:attachment":[{"href":"https:\/\/tv.joycemeyer.org\/srbija\/wp-json\/wp\/v2\/media?parent=338"}],"curies":[{"name":"wp","href":"https:\/\/api.w.org\/{rel}","templated":true}]}}

Odlučan u Hristu

<blockquote><p>‘’ Da poznam Njega i silu vaskrsenja Njegovog i zajednicu Njegovih muka, da budem nalik na smrt Njegovu.’’ —Filipljanima 3:10</p></blockquote>
<p>Nije lako neumorno slediti Boga, ali je sigurno vredno. Ipak, ne možemo zaista slediti Boga ukoliko predhodno ne doživimo istinsku slobodu.</p>
<p>Bog nas oslobađa i veličanstveno je biti slobodan od krivice, osude i stalnog pitanja šta drugi misle o nama.</p>
<p>Slobodni smo od straha od neuspeha kada znamo ko smo u Hristu. To saznanje nam donosi hrabrost da iskoračimo i sledimo Božija obećanja.</p>
<p>Jedna od najvećih sloboda koje mi je Bog dao je sloboda da budem ono ko jesam. Godinama sam pokušavala da budem kao drugi sve dok kroz svoj odnos sa Bogom nisam naučila da treba  da budem baš onakva kakvu me je stvorio. Ovo mi je pomoglo da fokus sa sebe pomerim na Hrista i pružim ruku drugima onako kako On želi.</p>
<p>Poslanica Filipljanima, treća glava, nam govori kako je Pavle bio odlučan da ima stvari za koje je Hristos umro, da poznaje Hrista i silu Njegovog uskrsnuća.</p>
<p>Verujem da kada se nanovo rodimo, postoji duh odlučnosti koji raste u nama. Možemo ga zvati Duh Sveti, strast ili žar i to nam daje snagu u teškim trenucima da kažemo: ‘’Neću odustati od bliskog odnosa sa Bogom. Neću odustati od onoga što Bog želi da budem.’’</p>
<p>Budi odlučan da ostaneš u veri i primiš Božija obećanja. Zampamti, ti pripadaš Hristu i on će ti dati duh odlučnosti!</p>
<hr />
<h4><strong>Početak molitve</strong></h4>
<p>Gospode, želim da živim nov život, odlučan da sledim Tebe i tvoja osećanja. Verujem da češ mi pomoći da budem sve ono što Ti želiš da budem i da ću iskustiti istinsku slobodu.</p>

<div class="post-featured-wrap"><img width="1024" height="597" src="https://tv.joycemeyer.org/srbija/wp-content/uploads/sites/86/2019/04/2249-1024x597.jpg" class="post-featured wp-post-image" alt="Odlučan u Hristu" decoding="async" srcset="https://tv.joycemeyer.org/srbija/wp-content/uploads/sites/86/2019/04/2249-1024x597.jpg 1024w, https://tv.joycemeyer.org/srbija/wp-content/uploads/sites/86/2019/04/2249-300x175.jpg 300w, https://tv.joycemeyer.org/srbija/wp-content/uploads/sites/86/2019/04/2249-768x448.jpg 768w, https://tv.joycemeyer.org/srbija/wp-content/uploads/sites/86/2019/04/2249-1536x896.jpg 1536w, https://tv.joycemeyer.org/srbija/wp-content/uploads/sites/86/2019/04/2249.jpg 1800w" sizes="(max-width: 1024px) 100vw, 1024px" /></div>

<!-- This site is optimized with the Yoast SEO plugin v27.4 - https://yoast.com/product/yoast-seo-wordpress/ -->
<title>Odlučan u Hristu - Joyce Meyer Ministries - Srbija</title>
<meta name="robots" content="index, follow, max-snippet:-1, max-image-preview:large, max-video-preview:-1" />
<link rel="canonical" href="https://tv.joycemeyer.org/srbija/devotional/odlucan-u-hristu/" />
<meta property="og:locale" content="en_US" />
<meta property="og:type" content="article" />
<meta property="og:title" content="Odlučan u Hristu - Joyce Meyer Ministries - Srbija" />
<meta property="og:description" content="Slobodni smo od straha od neuspeha kada znamo ko smo u Hristu." />
<meta property="og:url" content="https://tv.joycemeyer.org/srbija/devotional/odlucan-u-hristu/" />
<meta property="og:site_name" content="Joyce Meyer Ministries - Srbija" />
<meta property="article:modified_time" content="2022-09-15T19:52:49+00:00" />
<meta property="og:image" content="https://tv.joycemeyer.org/srbija/wp-content/uploads/sites/86/2019/04/2249.jpg" />
	<meta property="og:image:width" content="1800" />
	<meta property="og:image:height" content="1050" />
	<meta property="og:image:type" content="image/jpeg" />
<meta name="twitter:card" content="summary_large_image" />
<meta name="twitter:label1" content="Est. reading time" />
	<meta name="twitter:data1" content="2 minutes" />
<script type="application/ld+json" class="yoast-schema-graph">{"@context":"https:\/\/schema.org","@graph":[{"@type":"WebPage","@id":"https:\/\/tv.joycemeyer.org\/srbija\/devotional\/odlucan-u-hristu\/","url":"https:\/\/tv.joycemeyer.org\/srbija\/devotional\/odlucan-u-hristu\/","name":"Odlučan u Hristu - Joyce Meyer Ministries - Srbija","isPartOf":{"@id":"https:\/\/tv.joycemeyer.org\/srbija\/#website"},"primaryImageOfPage":{"@id":"https:\/\/tv.joycemeyer.org\/srbija\/devotional\/odlucan-u-hristu\/#primaryimage"},"image":{"@id":"https:\/\/tv.joycemeyer.org\/srbija\/devotional\/odlucan-u-hristu\/#primaryimage"},"thumbnailUrl":"https:\/\/tv.joycemeyer.org\/srbija\/wp-content\/uploads\/sites\/86\/2019\/04\/2249.jpg","datePublished":"2019-11-12T00:01:40+00:00","dateModified":"2022-09-15T19:52:49+00:00","breadcrumb":{"@id":"https:\/\/tv.joycemeyer.org\/srbija\/devotional\/odlucan-u-hristu\/#breadcrumb"},"inLanguage":"en-US","potentialAction":[{"@type":"ReadAction","target":["https:\/\/tv.joycemeyer.org\/srbija\/devotional\/odlucan-u-hristu\/"]}]},{"@type":"ImageObject","inLanguage":"en-US","@id":"https:\/\/tv.joycemeyer.org\/srbija\/devotional\/odlucan-u-hristu\/#primaryimage","url":"https:\/\/tv.joycemeyer.org\/srbija\/wp-content\/uploads\/sites\/86\/2019\/04\/2249.jpg","contentUrl":"https:\/\/tv.joycemeyer.org\/srbija\/wp-content\/uploads\/sites\/86\/2019\/04\/2249.jpg","width":1800,"height":1050,"caption":"Odlučan u Hristu"},{"@type":"BreadcrumbList","@id":"https:\/\/tv.joycemeyer.org\/srbija\/devotional\/odlucan-u-hristu\/#breadcrumb","itemListElement":[{"@type":"ListItem","position":1,"name":"Home","item":"https:\/\/tv.joycemeyer.org\/srbija\/"},{"@type":"ListItem","position":2,"name":"Devotional","item":"https:\/\/tv.joycemeyer.org\/srbija\/devotional\/"},{"@type":"ListItem","position":3,"name":"Odlučan u Hristu"}]},{"@type":"WebSite","@id":"https:\/\/tv.joycemeyer.org\/srbija\/#website","url":"https:\/\/tv.joycemeyer.org\/srbija\/","name":"Joyce Meyer Ministries - Srbija","description":"Deliti Hrista - voleti ljude","potentialAction":[{"@type":"SearchAction","target":{"@type":"EntryPoint","urlTemplate":"https:\/\/tv.joycemeyer.org\/srbija\/?s={search_term_string}"},"query-input":{"@type":"PropertyValueSpecification","valueRequired":true,"valueName":"search_term_string"}}],"inLanguage":"en-US"}]}</script>
<!-- / Yoast SEO plugin. -->

Odlučan u Hristu - Joyce Meyer Ministries - Srbija
