{"id":362,"date":"2019-11-19T00:01:28","date_gmt":"2019-11-19T00:01:28","guid":{"rendered":"https:\/\/tv.joycemeyer.org\/srbija\/?post_type=devotional&#038;p=362"},"modified":"2022-09-16T14:47:56","modified_gmt":"2022-09-16T14:47:56","slug":"promeni-nacin-razmisljanja","status":"publish","type":"devotional","link":"https:\/\/tv.joycemeyer.org\/srbija\/devotional\/promeni-nacin-razmisljanja\/","title":{"rendered":"Promeni na\u010din razmi\u0161ljanja"},"content":{"rendered":"<blockquote><p>\u2018\u2019I ne vladajte se prema ovome vijeku, nego se promijenite obnovljenjem uma svojega, da biste mogli ku\u0161ati koje je dobra i ugodna i savr\u0161ena volja Bo\u017eija.\u2019\u2019 \u2014Rimljanima 12:2<\/p><\/blockquote>\n<p>Da li ste ikada \u010duli za izreku koja ka\u017ee da je stra\u0161no protra\u0107iti um? Na\u0161 um ima veliki kapacitet za dobre stvari \u2013 da u\u010di, stvara, razmi\u0161lja i raste, tragi\u010dno je ako ne iskoristimo njegov pun potencijal.<\/p>\n<p>Bilo je vremena u mom \u017eivotu kada sam mnogim destruktivnim stvarima dopustila da u\u0111u u moj um \u2013 negativnost, krivica, neopra\u0161tanje, sramota i optu\u017euju\u0107e misli. Problem je bio \u0161to nisam znala da mogu da kontroli\u0161em svoje misli i da mogu da izaberem na \u0161ta \u010du da se fokusiram.<\/p>\n<p>Nisam shvatala da imam mo\u0107 da zaustavim misli koje su bile neistinite, niko mi nije rekao da mogu da biram o \u010demu \u0107u razmi\u0161ljati. Da li je tebi to nekad neko rekao? Ukoliko nije, ja ti danas ka\u017eem da ti kontroli\u0161e\u0161 svoje misli, a ne one tebe. Mo\u017ee\u0161 da izabere\u0161 da misli\u0161 Bogu ugodne misli.<\/p>\n<p>Rimljanima 12:2 ka\u017ee da dozvolimo Bogu da nas preobrazi&#8230;promenom na\u0161eg uma. Bog \u017eeli da ti pomogne da dobije\u0161 bitku u svom umu. Ali kako to izgleda u praksi?<\/p>\n<p>Evo \u0161ta je meni pomoglo bezbroj puta, i \u0161to znam da \u0107e i vama pomo\u0107i: Slede\u0107i put kada se rvate u svom umu, \u017eelim da stanete i prona\u0111ete stvar za koju mo\u017eete zahvaliti Bogu. Zahvalite mu za Njegovu dobrotu i sve predivne na\u010dine na koji vas blagosilja. Ukoliko budete uporni u ovome, vide\u0107ete da \u0107e vam se \u017eivot promeniti i stvari \u0107e postajati sve bolje.<\/p>\n<p>Moja molitva i nada za vas je da znate da vam je Bog dao vlast nad va\u0161im mislima, tada \u0107ete hodati u punini Njegove ljubavi prema vama!<\/p>\n<hr \/>\n<h4><strong>Po\u010detak molitve<\/strong><\/h4>\n<p>Gospode, \u017eelim da do\u017eivim tvoju silu u mojim mislima. Biram da se fokusiram na Tvoju dobrotu i ljubav koju ima\u0161 za mene. Kakve god misli mi se pojave u umu, znam da si ti ve\u0107i i bolji od toga.<\/p>\n","protected":false},"excerpt":{"rendered":"<p>Da li ste ikada \u010duli za izreku koja ka\u017ee da je stra\u0161no protra\u0107iti um? &#8230;<\/p>\n","protected":false},"author":15,"featured_media":2322,"parent":0,"menu_order":0,"comment_status":"closed","ping_status":"closed","template":"","class_list":["post-362","devotional","type-devotional","status-publish","has-post-thumbnail","hentry"],"acf":[],"appp":{"post_detail":{"above_title":"<div class=\"post-featured-wrap\"><img width=\"1024\" height=\"597\" src=\"https:\/\/tv.joycemeyer.org\/srbija\/wp-content\/uploads\/sites\/86\/2019\/04\/2208-1024x597.jpg\" class=\"post-featured wp-post-image\" alt=\"Promeni na\u010din razmi\u0161ljanja\" decoding=\"async\" srcset=\"https:\/\/tv.joycemeyer.org\/srbija\/wp-content\/uploads\/sites\/86\/2019\/04\/2208-1024x597.jpg 1024w, https:\/\/tv.joycemeyer.org\/srbija\/wp-content\/uploads\/sites\/86\/2019\/04\/2208-300x175.jpg 300w, https:\/\/tv.joycemeyer.org\/srbija\/wp-content\/uploads\/sites\/86\/2019\/04\/2208-768x448.jpg 768w, https:\/\/tv.joycemeyer.org\/srbija\/wp-content\/uploads\/sites\/86\/2019\/04\/2208-1536x896.jpg 1536w, https:\/\/tv.joycemeyer.org\/srbija\/wp-content\/uploads\/sites\/86\/2019\/04\/2208.jpg 1800w\" sizes=\"(max-width: 1024px) 100vw, 1024px\" \/><\/div>","below_content":""}},"yoast_head":"<!-- This site is optimized with the Yoast SEO plugin v27.4 - https:\/\/yoast.com\/product\/yoast-seo-wordpress\/ -->\n<title>Promeni na\u010din razmi\u0161ljanja - Joyce Meyer Ministries - Srbija<\/title>\n<meta name=\"robots\" content=\"index, follow, max-snippet:-1, max-image-preview:large, max-video-preview:-1\" \/>\n<link rel=\"canonical\" href=\"https:\/\/tv.joycemeyer.org\/srbija\/devotional\/promeni-nacin-razmisljanja\/\" \/>\n<meta property=\"og:locale\" content=\"en_US\" \/>\n<meta property=\"og:type\" content=\"article\" \/>\n<meta property=\"og:title\" content=\"Promeni na\u010din razmi\u0161ljanja - Joyce Meyer Ministries - Srbija\" \/>\n<meta property=\"og:description\" content=\"Da li ste ikada \u010duli za izreku koja ka\u017ee da je stra\u0161no protra\u0107iti um? ...\" \/>\n<meta property=\"og:url\" content=\"https:\/\/tv.joycemeyer.org\/srbija\/devotional\/promeni-nacin-razmisljanja\/\" \/>\n<meta property=\"og:site_name\" content=\"Joyce Meyer Ministries - Srbija\" \/>\n<meta property=\"article:modified_time\" content=\"2022-09-16T14:47:56+00:00\" \/>\n<meta property=\"og:image\" content=\"https:\/\/tv.joycemeyer.org\/srbija\/wp-content\/uploads\/sites\/86\/2019\/04\/2208.jpg\" \/>\n\t<meta property=\"og:image:width\" content=\"1800\" \/>\n\t<meta property=\"og:image:height\" content=\"1050\" \/>\n\t<meta property=\"og:image:type\" content=\"image\/jpeg\" \/>\n<meta name=\"twitter:card\" content=\"summary_large_image\" \/>\n<meta name=\"twitter:label1\" content=\"Est. reading time\" \/>\n\t<meta name=\"twitter:data1\" content=\"2 minutes\" \/>\n<script type=\"application\/ld+json\" class=\"yoast-schema-graph\">{\"@context\":\"https:\\\/\\\/schema.org\",\"@graph\":[{\"@type\":\"WebPage\",\"@id\":\"https:\\\/\\\/tv.joycemeyer.org\\\/srbija\\\/devotional\\\/promeni-nacin-razmisljanja\\\/\",\"url\":\"https:\\\/\\\/tv.joycemeyer.org\\\/srbija\\\/devotional\\\/promeni-nacin-razmisljanja\\\/\",\"name\":\"Promeni na\u010din razmi\u0161ljanja - Joyce Meyer Ministries - Srbija\",\"isPartOf\":{\"@id\":\"https:\\\/\\\/tv.joycemeyer.org\\\/srbija\\\/#website\"},\"primaryImageOfPage\":{\"@id\":\"https:\\\/\\\/tv.joycemeyer.org\\\/srbija\\\/devotional\\\/promeni-nacin-razmisljanja\\\/#primaryimage\"},\"image\":{\"@id\":\"https:\\\/\\\/tv.joycemeyer.org\\\/srbija\\\/devotional\\\/promeni-nacin-razmisljanja\\\/#primaryimage\"},\"thumbnailUrl\":\"https:\\\/\\\/tv.joycemeyer.org\\\/srbija\\\/wp-content\\\/uploads\\\/sites\\\/86\\\/2019\\\/04\\\/2208.jpg\",\"datePublished\":\"2019-11-19T00:01:28+00:00\",\"dateModified\":\"2022-09-16T14:47:56+00:00\",\"breadcrumb\":{\"@id\":\"https:\\\/\\\/tv.joycemeyer.org\\\/srbija\\\/devotional\\\/promeni-nacin-razmisljanja\\\/#breadcrumb\"},\"inLanguage\":\"en-US\",\"potentialAction\":[{\"@type\":\"ReadAction\",\"target\":[\"https:\\\/\\\/tv.joycemeyer.org\\\/srbija\\\/devotional\\\/promeni-nacin-razmisljanja\\\/\"]}]},{\"@type\":\"ImageObject\",\"inLanguage\":\"en-US\",\"@id\":\"https:\\\/\\\/tv.joycemeyer.org\\\/srbija\\\/devotional\\\/promeni-nacin-razmisljanja\\\/#primaryimage\",\"url\":\"https:\\\/\\\/tv.joycemeyer.org\\\/srbija\\\/wp-content\\\/uploads\\\/sites\\\/86\\\/2019\\\/04\\\/2208.jpg\",\"contentUrl\":\"https:\\\/\\\/tv.joycemeyer.org\\\/srbija\\\/wp-content\\\/uploads\\\/sites\\\/86\\\/2019\\\/04\\\/2208.jpg\",\"width\":1800,\"height\":1050,\"caption\":\"Promeni na\u010din razmi\u0161ljanja\"},{\"@type\":\"BreadcrumbList\",\"@id\":\"https:\\\/\\\/tv.joycemeyer.org\\\/srbija\\\/devotional\\\/promeni-nacin-razmisljanja\\\/#breadcrumb\",\"itemListElement\":[{\"@type\":\"ListItem\",\"position\":1,\"name\":\"Home\",\"item\":\"https:\\\/\\\/tv.joycemeyer.org\\\/srbija\\\/\"},{\"@type\":\"ListItem\",\"position\":2,\"name\":\"Devotional\",\"item\":\"https:\\\/\\\/tv.joycemeyer.org\\\/srbija\\\/devotional\\\/\"},{\"@type\":\"ListItem\",\"position\":3,\"name\":\"Promeni na\u010din razmi\u0161ljanja\"}]},{\"@type\":\"WebSite\",\"@id\":\"https:\\\/\\\/tv.joycemeyer.org\\\/srbija\\\/#website\",\"url\":\"https:\\\/\\\/tv.joycemeyer.org\\\/srbija\\\/\",\"name\":\"Joyce Meyer Ministries - Srbija\",\"description\":\"Deliti Hrista - voleti ljude\",\"potentialAction\":[{\"@type\":\"SearchAction\",\"target\":{\"@type\":\"EntryPoint\",\"urlTemplate\":\"https:\\\/\\\/tv.joycemeyer.org\\\/srbija\\\/?s={search_term_string}\"},\"query-input\":{\"@type\":\"PropertyValueSpecification\",\"valueRequired\":true,\"valueName\":\"search_term_string\"}}],\"inLanguage\":\"en-US\"}]}<\/script>\n<!-- \/ Yoast SEO plugin. -->","yoast_head_json":{"title":"Promeni na\u010din razmi\u0161ljanja - Joyce Meyer Ministries - Srbija","robots":{"index":"index","follow":"follow","max-snippet":"max-snippet:-1","max-image-preview":"max-image-preview:large","max-video-preview":"max-video-preview:-1"},"canonical":"https:\/\/tv.joycemeyer.org\/srbija\/devotional\/promeni-nacin-razmisljanja\/","og_locale":"en_US","og_type":"article","og_title":"Promeni na\u010din razmi\u0161ljanja - Joyce Meyer Ministries - Srbija","og_description":"Da li ste ikada \u010duli za izreku koja ka\u017ee da je stra\u0161no protra\u0107iti um? ...","og_url":"https:\/\/tv.joycemeyer.org\/srbija\/devotional\/promeni-nacin-razmisljanja\/","og_site_name":"Joyce Meyer Ministries - Srbija","article_modified_time":"2022-09-16T14:47:56+00:00","og_image":[{"width":1800,"height":1050,"url":"https:\/\/tv.joycemeyer.org\/srbija\/wp-content\/uploads\/sites\/86\/2019\/04\/2208.jpg","type":"image\/jpeg"}],"twitter_card":"summary_large_image","twitter_misc":{"Est. reading time":"2 minutes"},"schema":{"@context":"https:\/\/schema.org","@graph":[{"@type":"WebPage","@id":"https:\/\/tv.joycemeyer.org\/srbija\/devotional\/promeni-nacin-razmisljanja\/","url":"https:\/\/tv.joycemeyer.org\/srbija\/devotional\/promeni-nacin-razmisljanja\/","name":"Promeni na\u010din razmi\u0161ljanja - Joyce Meyer Ministries - Srbija","isPartOf":{"@id":"https:\/\/tv.joycemeyer.org\/srbija\/#website"},"primaryImageOfPage":{"@id":"https:\/\/tv.joycemeyer.org\/srbija\/devotional\/promeni-nacin-razmisljanja\/#primaryimage"},"image":{"@id":"https:\/\/tv.joycemeyer.org\/srbija\/devotional\/promeni-nacin-razmisljanja\/#primaryimage"},"thumbnailUrl":"https:\/\/tv.joycemeyer.org\/srbija\/wp-content\/uploads\/sites\/86\/2019\/04\/2208.jpg","datePublished":"2019-11-19T00:01:28+00:00","dateModified":"2022-09-16T14:47:56+00:00","breadcrumb":{"@id":"https:\/\/tv.joycemeyer.org\/srbija\/devotional\/promeni-nacin-razmisljanja\/#breadcrumb"},"inLanguage":"en-US","potentialAction":[{"@type":"ReadAction","target":["https:\/\/tv.joycemeyer.org\/srbija\/devotional\/promeni-nacin-razmisljanja\/"]}]},{"@type":"ImageObject","inLanguage":"en-US","@id":"https:\/\/tv.joycemeyer.org\/srbija\/devotional\/promeni-nacin-razmisljanja\/#primaryimage","url":"https:\/\/tv.joycemeyer.org\/srbija\/wp-content\/uploads\/sites\/86\/2019\/04\/2208.jpg","contentUrl":"https:\/\/tv.joycemeyer.org\/srbija\/wp-content\/uploads\/sites\/86\/2019\/04\/2208.jpg","width":1800,"height":1050,"caption":"Promeni na\u010din razmi\u0161ljanja"},{"@type":"BreadcrumbList","@id":"https:\/\/tv.joycemeyer.org\/srbija\/devotional\/promeni-nacin-razmisljanja\/#breadcrumb","itemListElement":[{"@type":"ListItem","position":1,"name":"Home","item":"https:\/\/tv.joycemeyer.org\/srbija\/"},{"@type":"ListItem","position":2,"name":"Devotional","item":"https:\/\/tv.joycemeyer.org\/srbija\/devotional\/"},{"@type":"ListItem","position":3,"name":"Promeni na\u010din razmi\u0161ljanja"}]},{"@type":"WebSite","@id":"https:\/\/tv.joycemeyer.org\/srbija\/#website","url":"https:\/\/tv.joycemeyer.org\/srbija\/","name":"Joyce Meyer Ministries - Srbija","description":"Deliti Hrista - voleti ljude","potentialAction":[{"@type":"SearchAction","target":{"@type":"EntryPoint","urlTemplate":"https:\/\/tv.joycemeyer.org\/srbija\/?s={search_term_string}"},"query-input":{"@type":"PropertyValueSpecification","valueRequired":true,"valueName":"search_term_string"}}],"inLanguage":"en-US"}]}},"_links":{"self":[{"href":"https:\/\/tv.joycemeyer.org\/srbija\/wp-json\/wp\/v2\/devotional\/362","targetHints":{"allow":["GET"]}}],"collection":[{"href":"https:\/\/tv.joycemeyer.org\/srbija\/wp-json\/wp\/v2\/devotional"}],"about":[{"href":"https:\/\/tv.joycemeyer.org\/srbija\/wp-json\/wp\/v2\/types\/devotional"}],"author":[{"embeddable":true,"href":"https:\/\/tv.joycemeyer.org\/srbija\/wp-json\/wp\/v2\/users\/15"}],"replies":[{"embeddable":true,"href":"https:\/\/tv.joycemeyer.org\/srbija\/wp-json\/wp\/v2\/comments?post=362"}],"wp:featuredmedia":[{"embeddable":true,"href":"https:\/\/tv.joycemeyer.org\/srbija\/wp-json\/wp\/v2\/media\/2322"}],"wp:attachment":[{"href":"https:\/\/tv.joycemeyer.org\/srbija\/wp-json\/wp\/v2\/media?parent=362"}],"curies":[{"name":"wp","href":"https:\/\/api.w.org\/{rel}","templated":true}]}}

Promeni način razmišljanja

<blockquote><p>‘’I ne vladajte se prema ovome vijeku, nego se promijenite obnovljenjem uma svojega, da biste mogli kušati koje je dobra i ugodna i savršena volja Božija.’’ —Rimljanima 12:2</p></blockquote>
<p>Da li ste ikada čuli za izreku koja kaže da je strašno protraćiti um? Naš um ima veliki kapacitet za dobre stvari – da uči, stvara, razmišlja i raste, tragično je ako ne iskoristimo njegov pun potencijal.</p>
<p>Bilo je vremena u mom životu kada sam mnogim destruktivnim stvarima dopustila da uđu u moj um – negativnost, krivica, neopraštanje, sramota i optužujuće misli. Problem je bio što nisam znala da mogu da kontrolišem svoje misli i da mogu da izaberem na šta ču da se fokusiram.</p>
<p>Nisam shvatala da imam moć da zaustavim misli koje su bile neistinite, niko mi nije rekao da mogu da biram o čemu ću razmišljati. Da li je tebi to nekad neko rekao? Ukoliko nije, ja ti danas kažem da ti kontrolišeš svoje misli, a ne one tebe. Možeš da izabereš da misliš Bogu ugodne misli.</p>
<p>Rimljanima 12:2 kaže da dozvolimo Bogu da nas preobrazi&#8230;promenom našeg uma. Bog želi da ti pomogne da dobiješ bitku u svom umu. Ali kako to izgleda u praksi?</p>
<p>Evo šta je meni pomoglo bezbroj puta, i što znam da će i vama pomoći: Sledeći put kada se rvate u svom umu, želim da stanete i pronađete stvar za koju možete zahvaliti Bogu. Zahvalite mu za Njegovu dobrotu i sve predivne načine na koji vas blagosilja. Ukoliko budete uporni u ovome, videćete da će vam se život promeniti i stvari će postajati sve bolje.</p>
<p>Moja molitva i nada za vas je da znate da vam je Bog dao vlast nad vašim mislima, tada ćete hodati u punini Njegove ljubavi prema vama!</p>
<hr />
<h4><strong>Početak molitve</strong></h4>
<p>Gospode, želim da doživim tvoju silu u mojim mislima. Biram da se fokusiram na Tvoju dobrotu i ljubav koju imaš za mene. Kakve god misli mi se pojave u umu, znam da si ti veći i bolji od toga.</p>

<p>Da li ste ikada čuli za izreku koja kaže da je strašno protraćiti um? &#8230;</p>

<div class="post-featured-wrap"><img width="1024" height="597" src="https://tv.joycemeyer.org/srbija/wp-content/uploads/sites/86/2019/04/2208-1024x597.jpg" class="post-featured wp-post-image" alt="Promeni način razmišljanja" decoding="async" srcset="https://tv.joycemeyer.org/srbija/wp-content/uploads/sites/86/2019/04/2208-1024x597.jpg 1024w, https://tv.joycemeyer.org/srbija/wp-content/uploads/sites/86/2019/04/2208-300x175.jpg 300w, https://tv.joycemeyer.org/srbija/wp-content/uploads/sites/86/2019/04/2208-768x448.jpg 768w, https://tv.joycemeyer.org/srbija/wp-content/uploads/sites/86/2019/04/2208-1536x896.jpg 1536w, https://tv.joycemeyer.org/srbija/wp-content/uploads/sites/86/2019/04/2208.jpg 1800w" sizes="(max-width: 1024px) 100vw, 1024px" /></div>

<!-- This site is optimized with the Yoast SEO plugin v27.4 - https://yoast.com/product/yoast-seo-wordpress/ -->
<title>Promeni način razmišljanja - Joyce Meyer Ministries - Srbija</title>
<meta name="robots" content="index, follow, max-snippet:-1, max-image-preview:large, max-video-preview:-1" />
<link rel="canonical" href="https://tv.joycemeyer.org/srbija/devotional/promeni-nacin-razmisljanja/" />
<meta property="og:locale" content="en_US" />
<meta property="og:type" content="article" />
<meta property="og:title" content="Promeni način razmišljanja - Joyce Meyer Ministries - Srbija" />
<meta property="og:description" content="Da li ste ikada čuli za izreku koja kaže da je strašno protraćiti um? ..." />
<meta property="og:url" content="https://tv.joycemeyer.org/srbija/devotional/promeni-nacin-razmisljanja/" />
<meta property="og:site_name" content="Joyce Meyer Ministries - Srbija" />
<meta property="article:modified_time" content="2022-09-16T14:47:56+00:00" />
<meta property="og:image" content="https://tv.joycemeyer.org/srbija/wp-content/uploads/sites/86/2019/04/2208.jpg" />
	<meta property="og:image:width" content="1800" />
	<meta property="og:image:height" content="1050" />
	<meta property="og:image:type" content="image/jpeg" />
<meta name="twitter:card" content="summary_large_image" />
<meta name="twitter:label1" content="Est. reading time" />
	<meta name="twitter:data1" content="2 minutes" />
<script type="application/ld+json" class="yoast-schema-graph">{"@context":"https:\/\/schema.org","@graph":[{"@type":"WebPage","@id":"https:\/\/tv.joycemeyer.org\/srbija\/devotional\/promeni-nacin-razmisljanja\/","url":"https:\/\/tv.joycemeyer.org\/srbija\/devotional\/promeni-nacin-razmisljanja\/","name":"Promeni način razmišljanja - Joyce Meyer Ministries - Srbija","isPartOf":{"@id":"https:\/\/tv.joycemeyer.org\/srbija\/#website"},"primaryImageOfPage":{"@id":"https:\/\/tv.joycemeyer.org\/srbija\/devotional\/promeni-nacin-razmisljanja\/#primaryimage"},"image":{"@id":"https:\/\/tv.joycemeyer.org\/srbija\/devotional\/promeni-nacin-razmisljanja\/#primaryimage"},"thumbnailUrl":"https:\/\/tv.joycemeyer.org\/srbija\/wp-content\/uploads\/sites\/86\/2019\/04\/2208.jpg","datePublished":"2019-11-19T00:01:28+00:00","dateModified":"2022-09-16T14:47:56+00:00","breadcrumb":{"@id":"https:\/\/tv.joycemeyer.org\/srbija\/devotional\/promeni-nacin-razmisljanja\/#breadcrumb"},"inLanguage":"en-US","potentialAction":[{"@type":"ReadAction","target":["https:\/\/tv.joycemeyer.org\/srbija\/devotional\/promeni-nacin-razmisljanja\/"]}]},{"@type":"ImageObject","inLanguage":"en-US","@id":"https:\/\/tv.joycemeyer.org\/srbija\/devotional\/promeni-nacin-razmisljanja\/#primaryimage","url":"https:\/\/tv.joycemeyer.org\/srbija\/wp-content\/uploads\/sites\/86\/2019\/04\/2208.jpg","contentUrl":"https:\/\/tv.joycemeyer.org\/srbija\/wp-content\/uploads\/sites\/86\/2019\/04\/2208.jpg","width":1800,"height":1050,"caption":"Promeni način razmišljanja"},{"@type":"BreadcrumbList","@id":"https:\/\/tv.joycemeyer.org\/srbija\/devotional\/promeni-nacin-razmisljanja\/#breadcrumb","itemListElement":[{"@type":"ListItem","position":1,"name":"Home","item":"https:\/\/tv.joycemeyer.org\/srbija\/"},{"@type":"ListItem","position":2,"name":"Devotional","item":"https:\/\/tv.joycemeyer.org\/srbija\/devotional\/"},{"@type":"ListItem","position":3,"name":"Promeni način razmišljanja"}]},{"@type":"WebSite","@id":"https:\/\/tv.joycemeyer.org\/srbija\/#website","url":"https:\/\/tv.joycemeyer.org\/srbija\/","name":"Joyce Meyer Ministries - Srbija","description":"Deliti Hrista - voleti ljude","potentialAction":[{"@type":"SearchAction","target":{"@type":"EntryPoint","urlTemplate":"https:\/\/tv.joycemeyer.org\/srbija\/?s={search_term_string}"},"query-input":{"@type":"PropertyValueSpecification","valueRequired":true,"valueName":"search_term_string"}}],"inLanguage":"en-US"}]}</script>
<!-- / Yoast SEO plugin. -->

Promeni način razmišljanja - Joyce Meyer Ministries - Srbija

Da li ste ikada čuli za izreku koja kaže da je strašno protraćiti um? ...
