{"id":756,"date":"2025-06-23T00:01:55","date_gmt":"2025-06-23T00:01:55","guid":{"rendered":"https:\/\/tv.joycemeyer.org\/srbija\/?post_type=devotional&#038;p=756"},"modified":"2025-07-07T19:59:51","modified_gmt":"2025-07-07T19:59:51","slug":"zivot-u-disciplini-ce-ti-doneti","status":"publish","type":"devotional","link":"https:\/\/tv.joycemeyer.org\/srbija\/devotional\/zivot-u-disciplini-ce-ti-doneti\/","title":{"rendered":"\u017divot u disciplini \u0107e ti doneti mir"},"content":{"rendered":"<p><strong>\u2018\u2019Nijedna stega u prvi mah ne izgleda prijatna, nego bolna, ali kasnije daje plod mira i pravednosti onima koji su njome izve\u017ebani.\u2019\u2019 Jevrejima 12:11<\/strong><\/p>\n<p>Previ\u0161e stvari se takmi\u010di za na\u0161e ograni\u010dene resurse pa\u017enje, energije i vremena.<\/p>\n<p>Znala sam da se \u017ealim Bogu zbog svog prenatrpanog rasporeda. Plakala bih: \u2018\u2019Bo\u017ee, kako od bilo koga o\u010dekivati da uradi sve ovo \u0161to ja moram?\u2019\u2019<\/p>\n<p>Onda sam shvatila: ja sam ta koja je pravila svoj raspored i niko drugi ne mo\u017ee da ga promeni sem mene! Nisam vi\u0161e mogla da sedim i zami\u0161ljam da su stvari druga\u010dije, jer \u017eelja sama po sebi ne menja ni\u0161ta.<\/p>\n<p>Bog mi je pokazao da moram da se disciplinujem kako bih pojednostavila svoj \u017eivot.<\/p>\n<p>I ti bi trebao isto da uradi\u0161 ako \u017eeli\u0161 da se tempo tvog \u017eivota uspori. Tra\u017ei pomo\u0107 od Svetog Duha, On mo\u017ee da te vodi, da ti pokazuje \u0161ta treba da uradi\u0161 a od \u010dega ipak treba da odustane\u0161.<\/p>\n<p>U po\u010detku mo\u017ee biti te\u0161ko, pogotovo ako u pro\u0161losti nisi bio disciplinovan, ali nagrade koje disciplina i samokontrola donose su vredne napora i truda. Biblija govori da disciplina donosi plodove mira. Po\u010dni danas da se disciplinuje\u0161 i po\u010de\u0107e\u0161 da u\u017eiva\u0161 u mirnom \u017eivotu koji je Bog spremio za tebe.<\/p>\n<p><strong>Po\u010detak molitve:<\/strong><\/p>\n<p><em>Gospode, \u017eelim da do\u017eivim plodove disciplinovanog \u017eivota. Kada sam u isku\u0161enju da se iscrpim, pomozi mi da usporim i radim stvari koje Ti \u017eeli\u0161 da radim.<\/em><\/p>\n","protected":false},"excerpt":{"rendered":"<p>Previ\u0161e stvari se takmi\u010di za na\u0161e ograni\u010dene resurse pa\u017enje, energije i vremena &#8230;<\/p>\n","protected":false},"author":15,"featured_media":757,"parent":0,"menu_order":0,"comment_status":"closed","ping_status":"closed","template":"","class_list":["post-756","devotional","type-devotional","status-publish","has-post-thumbnail","hentry"],"acf":[],"appp":{"post_detail":{"above_title":"<div class=\"post-featured-wrap\"><img width=\"960\" height=\"540\" src=\"https:\/\/tv.joycemeyer.org\/srbija\/wp-content\/uploads\/sites\/86\/2019\/09\/1014.jpg\" class=\"post-featured wp-post-image\" alt=\"\u017divot u disciplini \u0107e ti doneti mir\" decoding=\"async\" srcset=\"https:\/\/tv.joycemeyer.org\/srbija\/wp-content\/uploads\/sites\/86\/2019\/09\/1014.jpg 960w, https:\/\/tv.joycemeyer.org\/srbija\/wp-content\/uploads\/sites\/86\/2019\/09\/1014-300x169.jpg 300w, https:\/\/tv.joycemeyer.org\/srbija\/wp-content\/uploads\/sites\/86\/2019\/09\/1014-768x432.jpg 768w, https:\/\/tv.joycemeyer.org\/srbija\/wp-content\/uploads\/sites\/86\/2019\/09\/1014-640x360.jpg 640w\" sizes=\"(max-width: 960px) 100vw, 960px\" \/><\/div>","below_content":""}},"yoast_head":"<!-- This site is optimized with the Yoast SEO plugin v27.4 - https:\/\/yoast.com\/product\/yoast-seo-wordpress\/ -->\n<title>\u017divot u disciplini \u0107e ti doneti mir - Joyce Meyer Ministries - Srbija<\/title>\n<meta name=\"robots\" content=\"index, follow, max-snippet:-1, max-image-preview:large, max-video-preview:-1\" \/>\n<link rel=\"canonical\" href=\"https:\/\/tv.joycemeyer.org\/srbija\/devotional\/zivot-u-disciplini-ce-ti-doneti\/\" \/>\n<meta property=\"og:locale\" content=\"en_US\" \/>\n<meta property=\"og:type\" content=\"article\" \/>\n<meta property=\"og:title\" content=\"\u017divot u disciplini \u0107e ti doneti mir - Joyce Meyer Ministries - Srbija\" \/>\n<meta property=\"og:description\" content=\"Previ\u0161e stvari se takmi\u010di za na\u0161e ograni\u010dene resurse pa\u017enje, energije i vremena ...\" \/>\n<meta property=\"og:url\" content=\"https:\/\/tv.joycemeyer.org\/srbija\/devotional\/zivot-u-disciplini-ce-ti-doneti\/\" \/>\n<meta property=\"og:site_name\" content=\"Joyce Meyer Ministries - Srbija\" \/>\n<meta property=\"article:modified_time\" content=\"2025-07-07T19:59:51+00:00\" \/>\n<meta property=\"og:image\" content=\"https:\/\/tv.joycemeyer.org\/srbija\/wp-content\/uploads\/sites\/86\/2019\/09\/1014.jpg\" \/>\n\t<meta property=\"og:image:width\" content=\"960\" \/>\n\t<meta property=\"og:image:height\" content=\"540\" \/>\n\t<meta property=\"og:image:type\" content=\"image\/jpeg\" \/>\n<meta name=\"twitter:card\" content=\"summary_large_image\" \/>\n<meta name=\"twitter:label1\" content=\"Est. reading time\" \/>\n\t<meta name=\"twitter:data1\" content=\"2 minutes\" \/>\n<script type=\"application\/ld+json\" class=\"yoast-schema-graph\">{\"@context\":\"https:\\\/\\\/schema.org\",\"@graph\":[{\"@type\":\"WebPage\",\"@id\":\"https:\\\/\\\/tv.joycemeyer.org\\\/srbija\\\/devotional\\\/zivot-u-disciplini-ce-ti-doneti\\\/\",\"url\":\"https:\\\/\\\/tv.joycemeyer.org\\\/srbija\\\/devotional\\\/zivot-u-disciplini-ce-ti-doneti\\\/\",\"name\":\"\u017divot u disciplini \u0107e ti doneti mir - Joyce Meyer Ministries - Srbija\",\"isPartOf\":{\"@id\":\"https:\\\/\\\/tv.joycemeyer.org\\\/srbija\\\/#website\"},\"primaryImageOfPage\":{\"@id\":\"https:\\\/\\\/tv.joycemeyer.org\\\/srbija\\\/devotional\\\/zivot-u-disciplini-ce-ti-doneti\\\/#primaryimage\"},\"image\":{\"@id\":\"https:\\\/\\\/tv.joycemeyer.org\\\/srbija\\\/devotional\\\/zivot-u-disciplini-ce-ti-doneti\\\/#primaryimage\"},\"thumbnailUrl\":\"https:\\\/\\\/tv.joycemeyer.org\\\/srbija\\\/wp-content\\\/uploads\\\/sites\\\/86\\\/2019\\\/09\\\/1014.jpg\",\"datePublished\":\"2025-06-23T00:01:55+00:00\",\"dateModified\":\"2025-07-07T19:59:51+00:00\",\"breadcrumb\":{\"@id\":\"https:\\\/\\\/tv.joycemeyer.org\\\/srbija\\\/devotional\\\/zivot-u-disciplini-ce-ti-doneti\\\/#breadcrumb\"},\"inLanguage\":\"en-US\",\"potentialAction\":[{\"@type\":\"ReadAction\",\"target\":[\"https:\\\/\\\/tv.joycemeyer.org\\\/srbija\\\/devotional\\\/zivot-u-disciplini-ce-ti-doneti\\\/\"]}]},{\"@type\":\"ImageObject\",\"inLanguage\":\"en-US\",\"@id\":\"https:\\\/\\\/tv.joycemeyer.org\\\/srbija\\\/devotional\\\/zivot-u-disciplini-ce-ti-doneti\\\/#primaryimage\",\"url\":\"https:\\\/\\\/tv.joycemeyer.org\\\/srbija\\\/wp-content\\\/uploads\\\/sites\\\/86\\\/2019\\\/09\\\/1014.jpg\",\"contentUrl\":\"https:\\\/\\\/tv.joycemeyer.org\\\/srbija\\\/wp-content\\\/uploads\\\/sites\\\/86\\\/2019\\\/09\\\/1014.jpg\",\"width\":960,\"height\":540,\"caption\":\"\u017divot u disciplini \u0107e ti doneti mir\"},{\"@type\":\"BreadcrumbList\",\"@id\":\"https:\\\/\\\/tv.joycemeyer.org\\\/srbija\\\/devotional\\\/zivot-u-disciplini-ce-ti-doneti\\\/#breadcrumb\",\"itemListElement\":[{\"@type\":\"ListItem\",\"position\":1,\"name\":\"Home\",\"item\":\"https:\\\/\\\/tv.joycemeyer.org\\\/srbija\\\/\"},{\"@type\":\"ListItem\",\"position\":2,\"name\":\"Devotional\",\"item\":\"https:\\\/\\\/tv.joycemeyer.org\\\/srbija\\\/devotional\\\/\"},{\"@type\":\"ListItem\",\"position\":3,\"name\":\"\u017divot u disciplini \u0107e ti doneti mir\"}]},{\"@type\":\"WebSite\",\"@id\":\"https:\\\/\\\/tv.joycemeyer.org\\\/srbija\\\/#website\",\"url\":\"https:\\\/\\\/tv.joycemeyer.org\\\/srbija\\\/\",\"name\":\"Joyce Meyer Ministries - Srbija\",\"description\":\"Deliti Hrista - voleti ljude\",\"potentialAction\":[{\"@type\":\"SearchAction\",\"target\":{\"@type\":\"EntryPoint\",\"urlTemplate\":\"https:\\\/\\\/tv.joycemeyer.org\\\/srbija\\\/?s={search_term_string}\"},\"query-input\":{\"@type\":\"PropertyValueSpecification\",\"valueRequired\":true,\"valueName\":\"search_term_string\"}}],\"inLanguage\":\"en-US\"}]}<\/script>\n<!-- \/ Yoast SEO plugin. -->","yoast_head_json":{"title":"\u017divot u disciplini \u0107e ti doneti mir - Joyce Meyer Ministries - Srbija","robots":{"index":"index","follow":"follow","max-snippet":"max-snippet:-1","max-image-preview":"max-image-preview:large","max-video-preview":"max-video-preview:-1"},"canonical":"https:\/\/tv.joycemeyer.org\/srbija\/devotional\/zivot-u-disciplini-ce-ti-doneti\/","og_locale":"en_US","og_type":"article","og_title":"\u017divot u disciplini \u0107e ti doneti mir - Joyce Meyer Ministries - Srbija","og_description":"Previ\u0161e stvari se takmi\u010di za na\u0161e ograni\u010dene resurse pa\u017enje, energije i vremena ...","og_url":"https:\/\/tv.joycemeyer.org\/srbija\/devotional\/zivot-u-disciplini-ce-ti-doneti\/","og_site_name":"Joyce Meyer Ministries - Srbija","article_modified_time":"2025-07-07T19:59:51+00:00","og_image":[{"width":960,"height":540,"url":"https:\/\/tv.joycemeyer.org\/srbija\/wp-content\/uploads\/sites\/86\/2019\/09\/1014.jpg","type":"image\/jpeg"}],"twitter_card":"summary_large_image","twitter_misc":{"Est. reading time":"2 minutes"},"schema":{"@context":"https:\/\/schema.org","@graph":[{"@type":"WebPage","@id":"https:\/\/tv.joycemeyer.org\/srbija\/devotional\/zivot-u-disciplini-ce-ti-doneti\/","url":"https:\/\/tv.joycemeyer.org\/srbija\/devotional\/zivot-u-disciplini-ce-ti-doneti\/","name":"\u017divot u disciplini \u0107e ti doneti mir - Joyce Meyer Ministries - Srbija","isPartOf":{"@id":"https:\/\/tv.joycemeyer.org\/srbija\/#website"},"primaryImageOfPage":{"@id":"https:\/\/tv.joycemeyer.org\/srbija\/devotional\/zivot-u-disciplini-ce-ti-doneti\/#primaryimage"},"image":{"@id":"https:\/\/tv.joycemeyer.org\/srbija\/devotional\/zivot-u-disciplini-ce-ti-doneti\/#primaryimage"},"thumbnailUrl":"https:\/\/tv.joycemeyer.org\/srbija\/wp-content\/uploads\/sites\/86\/2019\/09\/1014.jpg","datePublished":"2025-06-23T00:01:55+00:00","dateModified":"2025-07-07T19:59:51+00:00","breadcrumb":{"@id":"https:\/\/tv.joycemeyer.org\/srbija\/devotional\/zivot-u-disciplini-ce-ti-doneti\/#breadcrumb"},"inLanguage":"en-US","potentialAction":[{"@type":"ReadAction","target":["https:\/\/tv.joycemeyer.org\/srbija\/devotional\/zivot-u-disciplini-ce-ti-doneti\/"]}]},{"@type":"ImageObject","inLanguage":"en-US","@id":"https:\/\/tv.joycemeyer.org\/srbija\/devotional\/zivot-u-disciplini-ce-ti-doneti\/#primaryimage","url":"https:\/\/tv.joycemeyer.org\/srbija\/wp-content\/uploads\/sites\/86\/2019\/09\/1014.jpg","contentUrl":"https:\/\/tv.joycemeyer.org\/srbija\/wp-content\/uploads\/sites\/86\/2019\/09\/1014.jpg","width":960,"height":540,"caption":"\u017divot u disciplini \u0107e ti doneti mir"},{"@type":"BreadcrumbList","@id":"https:\/\/tv.joycemeyer.org\/srbija\/devotional\/zivot-u-disciplini-ce-ti-doneti\/#breadcrumb","itemListElement":[{"@type":"ListItem","position":1,"name":"Home","item":"https:\/\/tv.joycemeyer.org\/srbija\/"},{"@type":"ListItem","position":2,"name":"Devotional","item":"https:\/\/tv.joycemeyer.org\/srbija\/devotional\/"},{"@type":"ListItem","position":3,"name":"\u017divot u disciplini \u0107e ti doneti mir"}]},{"@type":"WebSite","@id":"https:\/\/tv.joycemeyer.org\/srbija\/#website","url":"https:\/\/tv.joycemeyer.org\/srbija\/","name":"Joyce Meyer Ministries - Srbija","description":"Deliti Hrista - voleti ljude","potentialAction":[{"@type":"SearchAction","target":{"@type":"EntryPoint","urlTemplate":"https:\/\/tv.joycemeyer.org\/srbija\/?s={search_term_string}"},"query-input":{"@type":"PropertyValueSpecification","valueRequired":true,"valueName":"search_term_string"}}],"inLanguage":"en-US"}]}},"_links":{"self":[{"href":"https:\/\/tv.joycemeyer.org\/srbija\/wp-json\/wp\/v2\/devotional\/756","targetHints":{"allow":["GET"]}}],"collection":[{"href":"https:\/\/tv.joycemeyer.org\/srbija\/wp-json\/wp\/v2\/devotional"}],"about":[{"href":"https:\/\/tv.joycemeyer.org\/srbija\/wp-json\/wp\/v2\/types\/devotional"}],"author":[{"embeddable":true,"href":"https:\/\/tv.joycemeyer.org\/srbija\/wp-json\/wp\/v2\/users\/15"}],"replies":[{"embeddable":true,"href":"https:\/\/tv.joycemeyer.org\/srbija\/wp-json\/wp\/v2\/comments?post=756"}],"wp:featuredmedia":[{"embeddable":true,"href":"https:\/\/tv.joycemeyer.org\/srbija\/wp-json\/wp\/v2\/media\/757"}],"wp:attachment":[{"href":"https:\/\/tv.joycemeyer.org\/srbija\/wp-json\/wp\/v2\/media?parent=756"}],"curies":[{"name":"wp","href":"https:\/\/api.w.org\/{rel}","templated":true}]}}

Život u disciplini će ti doneti mir

<p><strong>‘’Nijedna stega u prvi mah ne izgleda prijatna, nego bolna, ali kasnije daje plod mira i pravednosti onima koji su njome izvežbani.’’ Jevrejima 12:11</strong></p>
<p>Previše stvari se takmiči za naše ograničene resurse pažnje, energije i vremena.</p>
<p>Znala sam da se žalim Bogu zbog svog prenatrpanog rasporeda. Plakala bih: ‘’Bože, kako od bilo koga očekivati da uradi sve ovo što ja moram?’’</p>
<p>Onda sam shvatila: ja sam ta koja je pravila svoj raspored i niko drugi ne može da ga promeni sem mene! Nisam više mogla da sedim i zamišljam da su stvari drugačije, jer želja sama po sebi ne menja ništa.</p>
<p>Bog mi je pokazao da moram da se disciplinujem kako bih pojednostavila svoj život.</p>
<p>I ti bi trebao isto da uradiš ako želiš da se tempo tvog života uspori. Traži pomoć od Svetog Duha, On može da te vodi, da ti pokazuje šta treba da uradiš a od čega ipak treba da odustaneš.</p>
<p>U početku može biti teško, pogotovo ako u prošlosti nisi bio disciplinovan, ali nagrade koje disciplina i samokontrola donose su vredne napora i truda. Biblija govori da disciplina donosi plodove mira. Počni danas da se disciplinuješ i počećeš da uživaš u mirnom životu koji je Bog spremio za tebe.</p>
<p><strong>Početak molitve:</strong></p>
<p><em>Gospode, želim da doživim plodove disciplinovanog života. Kada sam u iskušenju da se iscrpim, pomozi mi da usporim i radim stvari koje Ti želiš da radim.</em></p>

<p>Previše stvari se takmiči za naše ograničene resurse pažnje, energije i vremena &#8230;</p>

<div class="post-featured-wrap"><img width="960" height="540" src="https://tv.joycemeyer.org/srbija/wp-content/uploads/sites/86/2019/09/1014.jpg" class="post-featured wp-post-image" alt="Život u disciplini će ti doneti mir" decoding="async" srcset="https://tv.joycemeyer.org/srbija/wp-content/uploads/sites/86/2019/09/1014.jpg 960w, https://tv.joycemeyer.org/srbija/wp-content/uploads/sites/86/2019/09/1014-300x169.jpg 300w, https://tv.joycemeyer.org/srbija/wp-content/uploads/sites/86/2019/09/1014-768x432.jpg 768w, https://tv.joycemeyer.org/srbija/wp-content/uploads/sites/86/2019/09/1014-640x360.jpg 640w" sizes="(max-width: 960px) 100vw, 960px" /></div>

<!-- This site is optimized with the Yoast SEO plugin v27.4 - https://yoast.com/product/yoast-seo-wordpress/ -->
<title>Život u disciplini će ti doneti mir - Joyce Meyer Ministries - Srbija</title>
<meta name="robots" content="index, follow, max-snippet:-1, max-image-preview:large, max-video-preview:-1" />
<link rel="canonical" href="https://tv.joycemeyer.org/srbija/devotional/zivot-u-disciplini-ce-ti-doneti/" />
<meta property="og:locale" content="en_US" />
<meta property="og:type" content="article" />
<meta property="og:title" content="Život u disciplini će ti doneti mir - Joyce Meyer Ministries - Srbija" />
<meta property="og:description" content="Previše stvari se takmiči za naše ograničene resurse pažnje, energije i vremena ..." />
<meta property="og:url" content="https://tv.joycemeyer.org/srbija/devotional/zivot-u-disciplini-ce-ti-doneti/" />
<meta property="og:site_name" content="Joyce Meyer Ministries - Srbija" />
<meta property="article:modified_time" content="2025-07-07T19:59:51+00:00" />
<meta property="og:image" content="https://tv.joycemeyer.org/srbija/wp-content/uploads/sites/86/2019/09/1014.jpg" />
	<meta property="og:image:width" content="960" />
	<meta property="og:image:height" content="540" />
	<meta property="og:image:type" content="image/jpeg" />
<meta name="twitter:card" content="summary_large_image" />
<meta name="twitter:label1" content="Est. reading time" />
	<meta name="twitter:data1" content="2 minutes" />
<script type="application/ld+json" class="yoast-schema-graph">{"@context":"https:\/\/schema.org","@graph":[{"@type":"WebPage","@id":"https:\/\/tv.joycemeyer.org\/srbija\/devotional\/zivot-u-disciplini-ce-ti-doneti\/","url":"https:\/\/tv.joycemeyer.org\/srbija\/devotional\/zivot-u-disciplini-ce-ti-doneti\/","name":"Život u disciplini će ti doneti mir - Joyce Meyer Ministries - Srbija","isPartOf":{"@id":"https:\/\/tv.joycemeyer.org\/srbija\/#website"},"primaryImageOfPage":{"@id":"https:\/\/tv.joycemeyer.org\/srbija\/devotional\/zivot-u-disciplini-ce-ti-doneti\/#primaryimage"},"image":{"@id":"https:\/\/tv.joycemeyer.org\/srbija\/devotional\/zivot-u-disciplini-ce-ti-doneti\/#primaryimage"},"thumbnailUrl":"https:\/\/tv.joycemeyer.org\/srbija\/wp-content\/uploads\/sites\/86\/2019\/09\/1014.jpg","datePublished":"2025-06-23T00:01:55+00:00","dateModified":"2025-07-07T19:59:51+00:00","breadcrumb":{"@id":"https:\/\/tv.joycemeyer.org\/srbija\/devotional\/zivot-u-disciplini-ce-ti-doneti\/#breadcrumb"},"inLanguage":"en-US","potentialAction":[{"@type":"ReadAction","target":["https:\/\/tv.joycemeyer.org\/srbija\/devotional\/zivot-u-disciplini-ce-ti-doneti\/"]}]},{"@type":"ImageObject","inLanguage":"en-US","@id":"https:\/\/tv.joycemeyer.org\/srbija\/devotional\/zivot-u-disciplini-ce-ti-doneti\/#primaryimage","url":"https:\/\/tv.joycemeyer.org\/srbija\/wp-content\/uploads\/sites\/86\/2019\/09\/1014.jpg","contentUrl":"https:\/\/tv.joycemeyer.org\/srbija\/wp-content\/uploads\/sites\/86\/2019\/09\/1014.jpg","width":960,"height":540,"caption":"Život u disciplini će ti doneti mir"},{"@type":"BreadcrumbList","@id":"https:\/\/tv.joycemeyer.org\/srbija\/devotional\/zivot-u-disciplini-ce-ti-doneti\/#breadcrumb","itemListElement":[{"@type":"ListItem","position":1,"name":"Home","item":"https:\/\/tv.joycemeyer.org\/srbija\/"},{"@type":"ListItem","position":2,"name":"Devotional","item":"https:\/\/tv.joycemeyer.org\/srbija\/devotional\/"},{"@type":"ListItem","position":3,"name":"Život u disciplini će ti doneti mir"}]},{"@type":"WebSite","@id":"https:\/\/tv.joycemeyer.org\/srbija\/#website","url":"https:\/\/tv.joycemeyer.org\/srbija\/","name":"Joyce Meyer Ministries - Srbija","description":"Deliti Hrista - voleti ljude","potentialAction":[{"@type":"SearchAction","target":{"@type":"EntryPoint","urlTemplate":"https:\/\/tv.joycemeyer.org\/srbija\/?s={search_term_string}"},"query-input":{"@type":"PropertyValueSpecification","valueRequired":true,"valueName":"search_term_string"}}],"inLanguage":"en-US"}]}</script>
<!-- / Yoast SEO plugin. -->

Život u disciplini će ti doneti mir - Joyce Meyer Ministries - Srbija

Previše stvari se takmiči za naše ograničene resurse pažnje, energije i vremena ...
