{"id":836,"date":"2025-07-30T00:01:59","date_gmt":"2025-07-30T00:01:59","guid":{"rendered":"https:\/\/tv.joycemeyer.org\/srbija\/?post_type=devotional&#038;p=836"},"modified":"2025-07-07T20:30:40","modified_gmt":"2025-07-07T20:30:40","slug":"nazovi-boga-aba","status":"publish","type":"devotional","link":"https:\/\/tv.joycemeyer.org\/srbija\/devotional\/nazovi-boga-aba\/","title":{"rendered":"Nazovi Boga \u2019Aba\u2019"},"content":{"rendered":"<p><strong>\u2019\u2019Niste, naime, primili duh robovanja, pa da opet strahujete, nego ste primili Duha usinjenja, kojim vi\u010demo: Aba, O\u010de!\u2019\u2019 Rimljanima 8:15<\/strong><\/p>\n<p>Strah mo\u017ee sna\u017eno da uti\u010de na na\u0161 \u017eivot, a neprijatelj koristi strah kako bi umanjio na\u0161u veru. On nam govori: \u2019\u2019Veruj meni \u0161ta ti pri\u010dam. Ne\u0107e\u0161 uspeti. Tvoje molitve nisu dovoljno dobre. Nema\u0161 prava da stoji\u0161 blizu Boga. Gubitnik si.\u2019\u2019<\/p>\n<p>Strah ti uvek govori ono \u0161to nisi, \u0161to nema\u0161, \u0161to ne mo\u017ee\u0161 ili \u0161to nikad ne\u0107e\u0161 postati. Ali Rimljanima 8:15 ka\u017ee da si dete Bo\u017eije koji mo\u017ee Boga da nazove <em>Aba Ocem<\/em>.<\/p>\n<p>Re\u010d Aba je izraz koja mala deca koriste kada se obra\u0107aju svojim o\u010devima. To bi bilo sli\u010dno dana\u0161njem izrazu \u2019\u2019Tata\u2019\u2019. Manje je formalan od \u2019\u2019Otac\u2019\u2019 i ozna\u010dava bliskost izme\u0111u deteta i njegovog oca.<\/p>\n<p>Isus je rekao da mo\u017eemo Boga zvati <em>Aba<\/em> jer nas je oslobodio svakog straha. On \u0107e se uvek pobrinuti za svoju voljenu decu, a mi mo\u017eemo da mu pristupimo bez straha da \u0107emo biti odba\u010deni. Kada odemo kod Njega sa bolom ili nekim problemom, On nas \u010deka ra\u0161irenih ruku da nas ute\u0161i i ohrabri.<\/p>\n<p><strong>Po\u010detak molitve:<\/strong><\/p>\n<p><em>Aba O\u010de, hvala \u0161to si me u\u010dinio svojim detetom. Znam da \u0107e\u0161 se pobrinuti za mene, zato ne moram da \u017eivim u ropstvu straha. Volim te!<\/em><\/p>\n","protected":false},"excerpt":{"rendered":"<p>Strah mo\u017ee sna\u017eno da uti\u010de na na\u0161 \u017eivot, a neprijatelj koristi strah kako bi umanjio na\u0161u veru &#8230;<\/p>\n","protected":false},"author":15,"featured_media":837,"parent":0,"menu_order":0,"comment_status":"closed","ping_status":"closed","template":"","class_list":["post-836","devotional","type-devotional","status-publish","has-post-thumbnail","hentry"],"acf":[],"appp":{"post_detail":{"above_title":"<div class=\"post-featured-wrap\"><img width=\"822\" height=\"463\" src=\"https:\/\/tv.joycemeyer.org\/srbija\/wp-content\/uploads\/sites\/86\/2019\/10\/831.jpg\" class=\"post-featured wp-post-image\" alt=\"Nazovi Boga \u2019Aba\u2019\" decoding=\"async\" srcset=\"https:\/\/tv.joycemeyer.org\/srbija\/wp-content\/uploads\/sites\/86\/2019\/10\/831.jpg 822w, https:\/\/tv.joycemeyer.org\/srbija\/wp-content\/uploads\/sites\/86\/2019\/10\/831-300x169.jpg 300w, https:\/\/tv.joycemeyer.org\/srbija\/wp-content\/uploads\/sites\/86\/2019\/10\/831-768x433.jpg 768w, https:\/\/tv.joycemeyer.org\/srbija\/wp-content\/uploads\/sites\/86\/2019\/10\/831-640x360.jpg 640w\" sizes=\"(max-width: 822px) 100vw, 822px\" \/><\/div>","below_content":""}},"yoast_head":"<!-- This site is optimized with the Yoast SEO plugin v27.4 - https:\/\/yoast.com\/product\/yoast-seo-wordpress\/ -->\n<title>Nazovi Boga \u2019Aba\u2019 - Joyce Meyer Ministries - Srbija<\/title>\n<meta name=\"robots\" content=\"index, follow, max-snippet:-1, max-image-preview:large, max-video-preview:-1\" \/>\n<link rel=\"canonical\" href=\"https:\/\/tv.joycemeyer.org\/srbija\/devotional\/nazovi-boga-aba\/\" \/>\n<meta property=\"og:locale\" content=\"en_US\" \/>\n<meta property=\"og:type\" content=\"article\" \/>\n<meta property=\"og:title\" content=\"Nazovi Boga \u2019Aba\u2019 - Joyce Meyer Ministries - Srbija\" \/>\n<meta property=\"og:description\" content=\"Strah mo\u017ee sna\u017eno da uti\u010de na na\u0161 \u017eivot, a neprijatelj koristi strah kako bi umanjio na\u0161u veru ...\" \/>\n<meta property=\"og:url\" content=\"https:\/\/tv.joycemeyer.org\/srbija\/devotional\/nazovi-boga-aba\/\" \/>\n<meta property=\"og:site_name\" content=\"Joyce Meyer Ministries - Srbija\" \/>\n<meta property=\"og:image\" content=\"https:\/\/tv.joycemeyer.org\/srbija\/wp-content\/uploads\/sites\/86\/2019\/10\/831.jpg\" \/>\n\t<meta property=\"og:image:width\" content=\"822\" \/>\n\t<meta property=\"og:image:height\" content=\"463\" \/>\n\t<meta property=\"og:image:type\" content=\"image\/jpeg\" \/>\n<meta name=\"twitter:card\" content=\"summary_large_image\" \/>\n<meta name=\"twitter:label1\" content=\"Est. reading time\" \/>\n\t<meta name=\"twitter:data1\" content=\"2 minutes\" \/>\n<script type=\"application\/ld+json\" class=\"yoast-schema-graph\">{\"@context\":\"https:\\\/\\\/schema.org\",\"@graph\":[{\"@type\":\"WebPage\",\"@id\":\"https:\\\/\\\/tv.joycemeyer.org\\\/srbija\\\/devotional\\\/nazovi-boga-aba\\\/\",\"url\":\"https:\\\/\\\/tv.joycemeyer.org\\\/srbija\\\/devotional\\\/nazovi-boga-aba\\\/\",\"name\":\"Nazovi Boga \u2019Aba\u2019 - Joyce Meyer Ministries - Srbija\",\"isPartOf\":{\"@id\":\"https:\\\/\\\/tv.joycemeyer.org\\\/srbija\\\/#website\"},\"primaryImageOfPage\":{\"@id\":\"https:\\\/\\\/tv.joycemeyer.org\\\/srbija\\\/devotional\\\/nazovi-boga-aba\\\/#primaryimage\"},\"image\":{\"@id\":\"https:\\\/\\\/tv.joycemeyer.org\\\/srbija\\\/devotional\\\/nazovi-boga-aba\\\/#primaryimage\"},\"thumbnailUrl\":\"https:\\\/\\\/tv.joycemeyer.org\\\/srbija\\\/wp-content\\\/uploads\\\/sites\\\/86\\\/2019\\\/10\\\/831.jpg\",\"datePublished\":\"2025-07-30T00:01:59+00:00\",\"breadcrumb\":{\"@id\":\"https:\\\/\\\/tv.joycemeyer.org\\\/srbija\\\/devotional\\\/nazovi-boga-aba\\\/#breadcrumb\"},\"inLanguage\":\"en-US\",\"potentialAction\":[{\"@type\":\"ReadAction\",\"target\":[\"https:\\\/\\\/tv.joycemeyer.org\\\/srbija\\\/devotional\\\/nazovi-boga-aba\\\/\"]}]},{\"@type\":\"ImageObject\",\"inLanguage\":\"en-US\",\"@id\":\"https:\\\/\\\/tv.joycemeyer.org\\\/srbija\\\/devotional\\\/nazovi-boga-aba\\\/#primaryimage\",\"url\":\"https:\\\/\\\/tv.joycemeyer.org\\\/srbija\\\/wp-content\\\/uploads\\\/sites\\\/86\\\/2019\\\/10\\\/831.jpg\",\"contentUrl\":\"https:\\\/\\\/tv.joycemeyer.org\\\/srbija\\\/wp-content\\\/uploads\\\/sites\\\/86\\\/2019\\\/10\\\/831.jpg\",\"width\":822,\"height\":463,\"caption\":\"Nazovi Boga \u2019Aba\u2019\"},{\"@type\":\"BreadcrumbList\",\"@id\":\"https:\\\/\\\/tv.joycemeyer.org\\\/srbija\\\/devotional\\\/nazovi-boga-aba\\\/#breadcrumb\",\"itemListElement\":[{\"@type\":\"ListItem\",\"position\":1,\"name\":\"Home\",\"item\":\"https:\\\/\\\/tv.joycemeyer.org\\\/srbija\\\/\"},{\"@type\":\"ListItem\",\"position\":2,\"name\":\"Devotional\",\"item\":\"https:\\\/\\\/tv.joycemeyer.org\\\/srbija\\\/devotional\\\/\"},{\"@type\":\"ListItem\",\"position\":3,\"name\":\"Nazovi Boga \u2019Aba\u2019\"}]},{\"@type\":\"WebSite\",\"@id\":\"https:\\\/\\\/tv.joycemeyer.org\\\/srbija\\\/#website\",\"url\":\"https:\\\/\\\/tv.joycemeyer.org\\\/srbija\\\/\",\"name\":\"Joyce Meyer Ministries - Srbija\",\"description\":\"Deliti Hrista - voleti ljude\",\"potentialAction\":[{\"@type\":\"SearchAction\",\"target\":{\"@type\":\"EntryPoint\",\"urlTemplate\":\"https:\\\/\\\/tv.joycemeyer.org\\\/srbija\\\/?s={search_term_string}\"},\"query-input\":{\"@type\":\"PropertyValueSpecification\",\"valueRequired\":true,\"valueName\":\"search_term_string\"}}],\"inLanguage\":\"en-US\"}]}<\/script>\n<!-- \/ Yoast SEO plugin. -->","yoast_head_json":{"title":"Nazovi Boga \u2019Aba\u2019 - Joyce Meyer Ministries - Srbija","robots":{"index":"index","follow":"follow","max-snippet":"max-snippet:-1","max-image-preview":"max-image-preview:large","max-video-preview":"max-video-preview:-1"},"canonical":"https:\/\/tv.joycemeyer.org\/srbija\/devotional\/nazovi-boga-aba\/","og_locale":"en_US","og_type":"article","og_title":"Nazovi Boga \u2019Aba\u2019 - Joyce Meyer Ministries - Srbija","og_description":"Strah mo\u017ee sna\u017eno da uti\u010de na na\u0161 \u017eivot, a neprijatelj koristi strah kako bi umanjio na\u0161u veru ...","og_url":"https:\/\/tv.joycemeyer.org\/srbija\/devotional\/nazovi-boga-aba\/","og_site_name":"Joyce Meyer Ministries - Srbija","og_image":[{"width":822,"height":463,"url":"https:\/\/tv.joycemeyer.org\/srbija\/wp-content\/uploads\/sites\/86\/2019\/10\/831.jpg","type":"image\/jpeg"}],"twitter_card":"summary_large_image","twitter_misc":{"Est. reading time":"2 minutes"},"schema":{"@context":"https:\/\/schema.org","@graph":[{"@type":"WebPage","@id":"https:\/\/tv.joycemeyer.org\/srbija\/devotional\/nazovi-boga-aba\/","url":"https:\/\/tv.joycemeyer.org\/srbija\/devotional\/nazovi-boga-aba\/","name":"Nazovi Boga \u2019Aba\u2019 - Joyce Meyer Ministries - Srbija","isPartOf":{"@id":"https:\/\/tv.joycemeyer.org\/srbija\/#website"},"primaryImageOfPage":{"@id":"https:\/\/tv.joycemeyer.org\/srbija\/devotional\/nazovi-boga-aba\/#primaryimage"},"image":{"@id":"https:\/\/tv.joycemeyer.org\/srbija\/devotional\/nazovi-boga-aba\/#primaryimage"},"thumbnailUrl":"https:\/\/tv.joycemeyer.org\/srbija\/wp-content\/uploads\/sites\/86\/2019\/10\/831.jpg","datePublished":"2025-07-30T00:01:59+00:00","breadcrumb":{"@id":"https:\/\/tv.joycemeyer.org\/srbija\/devotional\/nazovi-boga-aba\/#breadcrumb"},"inLanguage":"en-US","potentialAction":[{"@type":"ReadAction","target":["https:\/\/tv.joycemeyer.org\/srbija\/devotional\/nazovi-boga-aba\/"]}]},{"@type":"ImageObject","inLanguage":"en-US","@id":"https:\/\/tv.joycemeyer.org\/srbija\/devotional\/nazovi-boga-aba\/#primaryimage","url":"https:\/\/tv.joycemeyer.org\/srbija\/wp-content\/uploads\/sites\/86\/2019\/10\/831.jpg","contentUrl":"https:\/\/tv.joycemeyer.org\/srbija\/wp-content\/uploads\/sites\/86\/2019\/10\/831.jpg","width":822,"height":463,"caption":"Nazovi Boga \u2019Aba\u2019"},{"@type":"BreadcrumbList","@id":"https:\/\/tv.joycemeyer.org\/srbija\/devotional\/nazovi-boga-aba\/#breadcrumb","itemListElement":[{"@type":"ListItem","position":1,"name":"Home","item":"https:\/\/tv.joycemeyer.org\/srbija\/"},{"@type":"ListItem","position":2,"name":"Devotional","item":"https:\/\/tv.joycemeyer.org\/srbija\/devotional\/"},{"@type":"ListItem","position":3,"name":"Nazovi Boga \u2019Aba\u2019"}]},{"@type":"WebSite","@id":"https:\/\/tv.joycemeyer.org\/srbija\/#website","url":"https:\/\/tv.joycemeyer.org\/srbija\/","name":"Joyce Meyer Ministries - Srbija","description":"Deliti Hrista - voleti ljude","potentialAction":[{"@type":"SearchAction","target":{"@type":"EntryPoint","urlTemplate":"https:\/\/tv.joycemeyer.org\/srbija\/?s={search_term_string}"},"query-input":{"@type":"PropertyValueSpecification","valueRequired":true,"valueName":"search_term_string"}}],"inLanguage":"en-US"}]}},"_links":{"self":[{"href":"https:\/\/tv.joycemeyer.org\/srbija\/wp-json\/wp\/v2\/devotional\/836","targetHints":{"allow":["GET"]}}],"collection":[{"href":"https:\/\/tv.joycemeyer.org\/srbija\/wp-json\/wp\/v2\/devotional"}],"about":[{"href":"https:\/\/tv.joycemeyer.org\/srbija\/wp-json\/wp\/v2\/types\/devotional"}],"author":[{"embeddable":true,"href":"https:\/\/tv.joycemeyer.org\/srbija\/wp-json\/wp\/v2\/users\/15"}],"replies":[{"embeddable":true,"href":"https:\/\/tv.joycemeyer.org\/srbija\/wp-json\/wp\/v2\/comments?post=836"}],"wp:featuredmedia":[{"embeddable":true,"href":"https:\/\/tv.joycemeyer.org\/srbija\/wp-json\/wp\/v2\/media\/837"}],"wp:attachment":[{"href":"https:\/\/tv.joycemeyer.org\/srbija\/wp-json\/wp\/v2\/media?parent=836"}],"curies":[{"name":"wp","href":"https:\/\/api.w.org\/{rel}","templated":true}]}}

<p><strong>’’Niste, naime, primili duh robovanja, pa da opet strahujete, nego ste primili Duha usinjenja, kojim vičemo: Aba, Oče!’’ Rimljanima 8:15</strong></p>
<p>Strah može snažno da utiče na naš život, a neprijatelj koristi strah kako bi umanjio našu veru. On nam govori: ’’Veruj meni šta ti pričam. Nećeš uspeti. Tvoje molitve nisu dovoljno dobre. Nemaš prava da stojiš blizu Boga. Gubitnik si.’’</p>
<p>Strah ti uvek govori ono što nisi, što nemaš, što ne možeš ili što nikad nećeš postati. Ali Rimljanima 8:15 kaže da si dete Božije koji može Boga da nazove <em>Aba Ocem</em>.</p>
<p>Reč Aba je izraz koja mala deca koriste kada se obraćaju svojim očevima. To bi bilo slično današnjem izrazu ’’Tata’’. Manje je formalan od ’’Otac’’ i označava bliskost između deteta i njegovog oca.</p>
<p>Isus je rekao da možemo Boga zvati <em>Aba</em> jer nas je oslobodio svakog straha. On će se uvek pobrinuti za svoju voljenu decu, a mi možemo da mu pristupimo bez straha da ćemo biti odbačeni. Kada odemo kod Njega sa bolom ili nekim problemom, On nas čeka raširenih ruku da nas uteši i ohrabri.</p>
<p><strong>Početak molitve:</strong></p>
<p><em>Aba Oče, hvala što si me učinio svojim detetom. Znam da ćeš se pobrinuti za mene, zato ne moram da živim u ropstvu straha. Volim te!</em></p>

<p>Strah može snažno da utiče na naš život, a neprijatelj koristi strah kako bi umanjio našu veru &#8230;</p>

<!-- This site is optimized with the Yoast SEO plugin v27.4 - https://yoast.com/product/yoast-seo-wordpress/ -->
<title>Nazovi Boga ’Aba’ - Joyce Meyer Ministries - Srbija</title>
<meta name="robots" content="index, follow, max-snippet:-1, max-image-preview:large, max-video-preview:-1" />
<link rel="canonical" href="https://tv.joycemeyer.org/srbija/devotional/nazovi-boga-aba/" />
<meta property="og:locale" content="en_US" />
<meta property="og:type" content="article" />
<meta property="og:title" content="Nazovi Boga ’Aba’ - Joyce Meyer Ministries - Srbija" />
<meta property="og:description" content="Strah može snažno da utiče na naš život, a neprijatelj koristi strah kako bi umanjio našu veru ..." />
<meta property="og:url" content="https://tv.joycemeyer.org/srbija/devotional/nazovi-boga-aba/" />
<meta property="og:site_name" content="Joyce Meyer Ministries - Srbija" />
<meta property="og:image" content="https://tv.joycemeyer.org/srbija/wp-content/uploads/sites/86/2019/10/831.jpg" />
	<meta property="og:image:width" content="822" />
	<meta property="og:image:height" content="463" />
	<meta property="og:image:type" content="image/jpeg" />
<meta name="twitter:card" content="summary_large_image" />
<meta name="twitter:label1" content="Est. reading time" />
	<meta name="twitter:data1" content="2 minutes" />
<script type="application/ld+json" class="yoast-schema-graph">{"@context":"https:\/\/schema.org","@graph":[{"@type":"WebPage","@id":"https:\/\/tv.joycemeyer.org\/srbija\/devotional\/nazovi-boga-aba\/","url":"https:\/\/tv.joycemeyer.org\/srbija\/devotional\/nazovi-boga-aba\/","name":"Nazovi Boga ’Aba’ - Joyce Meyer Ministries - Srbija","isPartOf":{"@id":"https:\/\/tv.joycemeyer.org\/srbija\/#website"},"primaryImageOfPage":{"@id":"https:\/\/tv.joycemeyer.org\/srbija\/devotional\/nazovi-boga-aba\/#primaryimage"},"image":{"@id":"https:\/\/tv.joycemeyer.org\/srbija\/devotional\/nazovi-boga-aba\/#primaryimage"},"thumbnailUrl":"https:\/\/tv.joycemeyer.org\/srbija\/wp-content\/uploads\/sites\/86\/2019\/10\/831.jpg","datePublished":"2025-07-30T00:01:59+00:00","breadcrumb":{"@id":"https:\/\/tv.joycemeyer.org\/srbija\/devotional\/nazovi-boga-aba\/#breadcrumb"},"inLanguage":"en-US","potentialAction":[{"@type":"ReadAction","target":["https:\/\/tv.joycemeyer.org\/srbija\/devotional\/nazovi-boga-aba\/"]}]},{"@type":"ImageObject","inLanguage":"en-US","@id":"https:\/\/tv.joycemeyer.org\/srbija\/devotional\/nazovi-boga-aba\/#primaryimage","url":"https:\/\/tv.joycemeyer.org\/srbija\/wp-content\/uploads\/sites\/86\/2019\/10\/831.jpg","contentUrl":"https:\/\/tv.joycemeyer.org\/srbija\/wp-content\/uploads\/sites\/86\/2019\/10\/831.jpg","width":822,"height":463,"caption":"Nazovi Boga ’Aba’"},{"@type":"BreadcrumbList","@id":"https:\/\/tv.joycemeyer.org\/srbija\/devotional\/nazovi-boga-aba\/#breadcrumb","itemListElement":[{"@type":"ListItem","position":1,"name":"Home","item":"https:\/\/tv.joycemeyer.org\/srbija\/"},{"@type":"ListItem","position":2,"name":"Devotional","item":"https:\/\/tv.joycemeyer.org\/srbija\/devotional\/"},{"@type":"ListItem","position":3,"name":"Nazovi Boga ’Aba’"}]},{"@type":"WebSite","@id":"https:\/\/tv.joycemeyer.org\/srbija\/#website","url":"https:\/\/tv.joycemeyer.org\/srbija\/","name":"Joyce Meyer Ministries - Srbija","description":"Deliti Hrista - voleti ljude","potentialAction":[{"@type":"SearchAction","target":{"@type":"EntryPoint","urlTemplate":"https:\/\/tv.joycemeyer.org\/srbija\/?s={search_term_string}"},"query-input":{"@type":"PropertyValueSpecification","valueRequired":true,"valueName":"search_term_string"}}],"inLanguage":"en-US"}]}</script>
<!-- / Yoast SEO plugin. -->

Strah može snažno da utiče na naš život, a neprijatelj koristi strah kako bi umanjio našu veru ...
