{"id":246,"date":"2018-10-11T13:14:36","date_gmt":"2018-10-11T13:14:36","guid":{"rendered":"https:\/\/tv.joycemeyer.org\/srbija\/?post_type=ebooks&#038;p=246"},"modified":"2019-12-17T17:11:29","modified_gmt":"2019-12-17T17:11:29","slug":"otvoren-razgovor-o-usamljenosti","status":"publish","type":"ebooks","link":"https:\/\/tv.joycemeyer.org\/srbija\/ebooks\/otvoren-razgovor-o-usamljenosti\/","title":{"rendered":"Otvoren razgovor o usamljenosti"},"content":{"rendered":"<p>Glavni problemi sa kojima sa ljudi danas suo\u010davaju su tuga i usamljenost. Ovo dvoje obi\u010dno idu zajedno jer mnogi ljudi tuguju zato \u0161to su usamljeni. U svojoj Rije\u010di, Bog nam govori da nismo sami. On \u017eeli da nas oslobodi, utje\u0161i i iscjeli. Na\u017ealost, mnogi ljudi nikada ne prevazi\u0111u velike i bolne gubitke s kojima se susretnu u \u017eivotu. Kada se desi neka tragedija, a bol postane nepodno\u0161ljiva, satana to vidi kao priliku da poku\u0161a da dovede pojedinca ili \u010ditavu porodicu u trajno ropstvo.<\/p>\n","protected":false},"excerpt":{"rendered":"<p>Isus je do\u0161ao na zemlju da uni\u0161ti \u0111avolje djelovanje i da nam da izobilan \u017eivot! Ako nau\u010dimo da primimo ono \u0161to nam je On omogu\u0107io, iskusi\u0107emo izobilan \u017eivot koji je oslobo\u0111en tuge i usamljenosti.<\/p>\n","protected":false},"author":4,"featured_media":256,"parent":0,"menu_order":0,"template":"","class_list":["post-246","ebooks","type-ebooks","status-publish","has-post-thumbnail","hentry"],"acf":[],"appp":{"post_detail":{"below_title":"<div class=\"ebook-image post-featured-wrap\"><img width=\"300\" height=\"433\" src=\"https:\/\/tv.joycemeyer.org\/srbija\/wp-content\/uploads\/sites\/86\/2018\/10\/Straight-Talk-on-Loneliness-SERBIAN.jpg\" class=\"post-featured wp-post-image\" alt=\"Otvoren razgovor o usamljenosti\" decoding=\"async\" srcset=\"https:\/\/tv.joycemeyer.org\/srbija\/wp-content\/uploads\/sites\/86\/2018\/10\/Straight-Talk-on-Loneliness-SERBIAN.jpg 300w, https:\/\/tv.joycemeyer.org\/srbija\/wp-content\/uploads\/sites\/86\/2018\/10\/Straight-Talk-on-Loneliness-SERBIAN-208x300.jpg 208w\" sizes=\"(max-width: 300px) 100vw, 300px\" \/><\/div>","below_content":"<a href=\"https:\/\/tv.joycemeyer.org\/srbija\/wp-content\/uploads\/sites\/86\/2018\/10\/SERBIAN-Straight-Talk-On-Loneliness-Otvoren-razgovor-o-usamljenosti-SRB.pdf\" class=\"jmm-button\"><\/div>"}},"yoast_head":"<!-- This site is optimized with the Yoast SEO plugin v27.4 - https:\/\/yoast.com\/product\/yoast-seo-wordpress\/ -->\n<title>Otvoren razgovor o usamljenosti - Joyce Meyer Ministries - Srbija<\/title>\n<meta name=\"robots\" content=\"index, follow, max-snippet:-1, max-image-preview:large, max-video-preview:-1\" \/>\n<link rel=\"canonical\" href=\"https:\/\/tv.joycemeyer.org\/srbija\/ebooks\/otvoren-razgovor-o-usamljenosti\/\" \/>\n<meta property=\"og:locale\" content=\"en_US\" \/>\n<meta property=\"og:type\" content=\"article\" \/>\n<meta property=\"og:title\" content=\"Otvoren razgovor o usamljenosti - Joyce Meyer Ministries - Srbija\" \/>\n<meta property=\"og:description\" content=\"Isus je do\u0161ao na zemlju da uni\u0161ti \u0111avolje djelovanje i da nam da izobilan \u017eivot! Ako nau\u010dimo da primimo ono \u0161to nam je On omogu\u0107io, iskusi\u0107emo izobilan \u017eivot koji je oslobo\u0111en tuge i usamljenosti.\" \/>\n<meta property=\"og:url\" content=\"https:\/\/tv.joycemeyer.org\/srbija\/ebooks\/otvoren-razgovor-o-usamljenosti\/\" \/>\n<meta property=\"og:site_name\" content=\"Joyce Meyer Ministries - Srbija\" \/>\n<meta property=\"article:modified_time\" content=\"2019-12-17T17:11:29+00:00\" \/>\n<meta property=\"og:image\" content=\"https:\/\/tv.joycemeyer.org\/srbija\/wp-content\/uploads\/sites\/86\/2018\/10\/Straight-Talk-on-Loneliness-SERBIAN.jpg\" \/>\n\t<meta property=\"og:image:width\" content=\"300\" \/>\n\t<meta property=\"og:image:height\" content=\"433\" \/>\n\t<meta property=\"og:image:type\" content=\"image\/jpeg\" \/>\n<meta name=\"twitter:card\" content=\"summary_large_image\" \/>\n<script type=\"application\/ld+json\" class=\"yoast-schema-graph\">{\"@context\":\"https:\\\/\\\/schema.org\",\"@graph\":[{\"@type\":\"WebPage\",\"@id\":\"https:\\\/\\\/tv.joycemeyer.org\\\/srbija\\\/ebooks\\\/otvoren-razgovor-o-usamljenosti\\\/\",\"url\":\"https:\\\/\\\/tv.joycemeyer.org\\\/srbija\\\/ebooks\\\/otvoren-razgovor-o-usamljenosti\\\/\",\"name\":\"Otvoren razgovor o usamljenosti - Joyce Meyer Ministries - Srbija\",\"isPartOf\":{\"@id\":\"https:\\\/\\\/tv.joycemeyer.org\\\/srbija\\\/#website\"},\"primaryImageOfPage\":{\"@id\":\"https:\\\/\\\/tv.joycemeyer.org\\\/srbija\\\/ebooks\\\/otvoren-razgovor-o-usamljenosti\\\/#primaryimage\"},\"image\":{\"@id\":\"https:\\\/\\\/tv.joycemeyer.org\\\/srbija\\\/ebooks\\\/otvoren-razgovor-o-usamljenosti\\\/#primaryimage\"},\"thumbnailUrl\":\"https:\\\/\\\/tv.joycemeyer.org\\\/srbija\\\/wp-content\\\/uploads\\\/sites\\\/86\\\/2018\\\/10\\\/Straight-Talk-on-Loneliness-SERBIAN.jpg\",\"datePublished\":\"2018-10-11T13:14:36+00:00\",\"dateModified\":\"2019-12-17T17:11:29+00:00\",\"breadcrumb\":{\"@id\":\"https:\\\/\\\/tv.joycemeyer.org\\\/srbija\\\/ebooks\\\/otvoren-razgovor-o-usamljenosti\\\/#breadcrumb\"},\"inLanguage\":\"en-US\",\"potentialAction\":[{\"@type\":\"ReadAction\",\"target\":[\"https:\\\/\\\/tv.joycemeyer.org\\\/srbija\\\/ebooks\\\/otvoren-razgovor-o-usamljenosti\\\/\"]}]},{\"@type\":\"ImageObject\",\"inLanguage\":\"en-US\",\"@id\":\"https:\\\/\\\/tv.joycemeyer.org\\\/srbija\\\/ebooks\\\/otvoren-razgovor-o-usamljenosti\\\/#primaryimage\",\"url\":\"https:\\\/\\\/tv.joycemeyer.org\\\/srbija\\\/wp-content\\\/uploads\\\/sites\\\/86\\\/2018\\\/10\\\/Straight-Talk-on-Loneliness-SERBIAN.jpg\",\"contentUrl\":\"https:\\\/\\\/tv.joycemeyer.org\\\/srbija\\\/wp-content\\\/uploads\\\/sites\\\/86\\\/2018\\\/10\\\/Straight-Talk-on-Loneliness-SERBIAN.jpg\",\"width\":300,\"height\":433,\"caption\":\"Otvoren razgovor o usamljenosti\"},{\"@type\":\"BreadcrumbList\",\"@id\":\"https:\\\/\\\/tv.joycemeyer.org\\\/srbija\\\/ebooks\\\/otvoren-razgovor-o-usamljenosti\\\/#breadcrumb\",\"itemListElement\":[{\"@type\":\"ListItem\",\"position\":1,\"name\":\"Home\",\"item\":\"https:\\\/\\\/tv.joycemeyer.org\\\/srbija\\\/\"},{\"@type\":\"ListItem\",\"position\":2,\"name\":\"eBook\",\"item\":\"https:\\\/\\\/tv.joycemeyer.org\\\/srbija\\\/ebooks\\\/\"},{\"@type\":\"ListItem\",\"position\":3,\"name\":\"Otvoren razgovor o usamljenosti\"}]},{\"@type\":\"WebSite\",\"@id\":\"https:\\\/\\\/tv.joycemeyer.org\\\/srbija\\\/#website\",\"url\":\"https:\\\/\\\/tv.joycemeyer.org\\\/srbija\\\/\",\"name\":\"Joyce Meyer Ministries - Srbija\",\"description\":\"Deliti Hrista - voleti ljude\",\"potentialAction\":[{\"@type\":\"SearchAction\",\"target\":{\"@type\":\"EntryPoint\",\"urlTemplate\":\"https:\\\/\\\/tv.joycemeyer.org\\\/srbija\\\/?s={search_term_string}\"},\"query-input\":{\"@type\":\"PropertyValueSpecification\",\"valueRequired\":true,\"valueName\":\"search_term_string\"}}],\"inLanguage\":\"en-US\"}]}<\/script>\n<!-- \/ Yoast SEO plugin. -->","yoast_head_json":{"title":"Otvoren razgovor o usamljenosti - Joyce Meyer Ministries - Srbija","robots":{"index":"index","follow":"follow","max-snippet":"max-snippet:-1","max-image-preview":"max-image-preview:large","max-video-preview":"max-video-preview:-1"},"canonical":"https:\/\/tv.joycemeyer.org\/srbija\/ebooks\/otvoren-razgovor-o-usamljenosti\/","og_locale":"en_US","og_type":"article","og_title":"Otvoren razgovor o usamljenosti - Joyce Meyer Ministries - Srbija","og_description":"Isus je do\u0161ao na zemlju da uni\u0161ti \u0111avolje djelovanje i da nam da izobilan \u017eivot! Ako nau\u010dimo da primimo ono \u0161to nam je On omogu\u0107io, iskusi\u0107emo izobilan \u017eivot koji je oslobo\u0111en tuge i usamljenosti.","og_url":"https:\/\/tv.joycemeyer.org\/srbija\/ebooks\/otvoren-razgovor-o-usamljenosti\/","og_site_name":"Joyce Meyer Ministries - Srbija","article_modified_time":"2019-12-17T17:11:29+00:00","og_image":[{"width":300,"height":433,"url":"https:\/\/tv.joycemeyer.org\/srbija\/wp-content\/uploads\/sites\/86\/2018\/10\/Straight-Talk-on-Loneliness-SERBIAN.jpg","type":"image\/jpeg"}],"twitter_card":"summary_large_image","schema":{"@context":"https:\/\/schema.org","@graph":[{"@type":"WebPage","@id":"https:\/\/tv.joycemeyer.org\/srbija\/ebooks\/otvoren-razgovor-o-usamljenosti\/","url":"https:\/\/tv.joycemeyer.org\/srbija\/ebooks\/otvoren-razgovor-o-usamljenosti\/","name":"Otvoren razgovor o usamljenosti - Joyce Meyer Ministries - Srbija","isPartOf":{"@id":"https:\/\/tv.joycemeyer.org\/srbija\/#website"},"primaryImageOfPage":{"@id":"https:\/\/tv.joycemeyer.org\/srbija\/ebooks\/otvoren-razgovor-o-usamljenosti\/#primaryimage"},"image":{"@id":"https:\/\/tv.joycemeyer.org\/srbija\/ebooks\/otvoren-razgovor-o-usamljenosti\/#primaryimage"},"thumbnailUrl":"https:\/\/tv.joycemeyer.org\/srbija\/wp-content\/uploads\/sites\/86\/2018\/10\/Straight-Talk-on-Loneliness-SERBIAN.jpg","datePublished":"2018-10-11T13:14:36+00:00","dateModified":"2019-12-17T17:11:29+00:00","breadcrumb":{"@id":"https:\/\/tv.joycemeyer.org\/srbija\/ebooks\/otvoren-razgovor-o-usamljenosti\/#breadcrumb"},"inLanguage":"en-US","potentialAction":[{"@type":"ReadAction","target":["https:\/\/tv.joycemeyer.org\/srbija\/ebooks\/otvoren-razgovor-o-usamljenosti\/"]}]},{"@type":"ImageObject","inLanguage":"en-US","@id":"https:\/\/tv.joycemeyer.org\/srbija\/ebooks\/otvoren-razgovor-o-usamljenosti\/#primaryimage","url":"https:\/\/tv.joycemeyer.org\/srbija\/wp-content\/uploads\/sites\/86\/2018\/10\/Straight-Talk-on-Loneliness-SERBIAN.jpg","contentUrl":"https:\/\/tv.joycemeyer.org\/srbija\/wp-content\/uploads\/sites\/86\/2018\/10\/Straight-Talk-on-Loneliness-SERBIAN.jpg","width":300,"height":433,"caption":"Otvoren razgovor o usamljenosti"},{"@type":"BreadcrumbList","@id":"https:\/\/tv.joycemeyer.org\/srbija\/ebooks\/otvoren-razgovor-o-usamljenosti\/#breadcrumb","itemListElement":[{"@type":"ListItem","position":1,"name":"Home","item":"https:\/\/tv.joycemeyer.org\/srbija\/"},{"@type":"ListItem","position":2,"name":"eBook","item":"https:\/\/tv.joycemeyer.org\/srbija\/ebooks\/"},{"@type":"ListItem","position":3,"name":"Otvoren razgovor o usamljenosti"}]},{"@type":"WebSite","@id":"https:\/\/tv.joycemeyer.org\/srbija\/#website","url":"https:\/\/tv.joycemeyer.org\/srbija\/","name":"Joyce Meyer Ministries - Srbija","description":"Deliti Hrista - voleti ljude","potentialAction":[{"@type":"SearchAction","target":{"@type":"EntryPoint","urlTemplate":"https:\/\/tv.joycemeyer.org\/srbija\/?s={search_term_string}"},"query-input":{"@type":"PropertyValueSpecification","valueRequired":true,"valueName":"search_term_string"}}],"inLanguage":"en-US"}]}},"_links":{"self":[{"href":"https:\/\/tv.joycemeyer.org\/srbija\/wp-json\/wp\/v2\/ebooks\/246","targetHints":{"allow":["GET"]}}],"collection":[{"href":"https:\/\/tv.joycemeyer.org\/srbija\/wp-json\/wp\/v2\/ebooks"}],"about":[{"href":"https:\/\/tv.joycemeyer.org\/srbija\/wp-json\/wp\/v2\/types\/ebooks"}],"author":[{"embeddable":true,"href":"https:\/\/tv.joycemeyer.org\/srbija\/wp-json\/wp\/v2\/users\/4"}],"wp:featuredmedia":[{"embeddable":true,"href":"https:\/\/tv.joycemeyer.org\/srbija\/wp-json\/wp\/v2\/media\/256"}],"wp:attachment":[{"href":"https:\/\/tv.joycemeyer.org\/srbija\/wp-json\/wp\/v2\/media?parent=246"}],"curies":[{"name":"wp","href":"https:\/\/api.w.org\/{rel}","templated":true}]}}

<p>Glavni problemi sa kojima sa ljudi danas suočavaju su tuga i usamljenost. Ovo dvoje obično idu zajedno jer mnogi ljudi tuguju zato što su usamljeni. U svojoj Riječi, Bog nam govori da nismo sami. On želi da nas oslobodi, utješi i iscjeli. Nažalost, mnogi ljudi nikada ne prevaziđu velike i bolne gubitke s kojima se susretnu u životu. Kada se desi neka tragedija, a bol postane nepodnošljiva, satana to vidi kao priliku da pokuša da dovede pojedinca ili čitavu porodicu u trajno ropstvo.</p>

<p>Isus je došao na zemlju da uništi đavolje djelovanje i da nam da izobilan život! Ako naučimo da primimo ono što nam je On omogućio, iskusićemo izobilan život koji je oslobođen tuge i usamljenosti.</p>

<!-- This site is optimized with the Yoast SEO plugin v27.4 - https://yoast.com/product/yoast-seo-wordpress/ -->
<title>Otvoren razgovor o usamljenosti - Joyce Meyer Ministries - Srbija</title>
<meta name="robots" content="index, follow, max-snippet:-1, max-image-preview:large, max-video-preview:-1" />
<link rel="canonical" href="https://tv.joycemeyer.org/srbija/ebooks/otvoren-razgovor-o-usamljenosti/" />
<meta property="og:locale" content="en_US" />
<meta property="og:type" content="article" />
<meta property="og:title" content="Otvoren razgovor o usamljenosti - Joyce Meyer Ministries - Srbija" />
<meta property="og:description" content="Isus je došao na zemlju da uništi đavolje djelovanje i da nam da izobilan život! Ako naučimo da primimo ono što nam je On omogućio, iskusićemo izobilan život koji je oslobođen tuge i usamljenosti." />
<meta property="og:url" content="https://tv.joycemeyer.org/srbija/ebooks/otvoren-razgovor-o-usamljenosti/" />
<meta property="og:site_name" content="Joyce Meyer Ministries - Srbija" />
<meta property="article:modified_time" content="2019-12-17T17:11:29+00:00" />
<meta property="og:image" content="https://tv.joycemeyer.org/srbija/wp-content/uploads/sites/86/2018/10/Straight-Talk-on-Loneliness-SERBIAN.jpg" />
	<meta property="og:image:width" content="300" />
	<meta property="og:image:height" content="433" />
	<meta property="og:image:type" content="image/jpeg" />
<meta name="twitter:card" content="summary_large_image" />
<script type="application/ld+json" class="yoast-schema-graph">{"@context":"https:\/\/schema.org","@graph":[{"@type":"WebPage","@id":"https:\/\/tv.joycemeyer.org\/srbija\/ebooks\/otvoren-razgovor-o-usamljenosti\/","url":"https:\/\/tv.joycemeyer.org\/srbija\/ebooks\/otvoren-razgovor-o-usamljenosti\/","name":"Otvoren razgovor o usamljenosti - Joyce Meyer Ministries - Srbija","isPartOf":{"@id":"https:\/\/tv.joycemeyer.org\/srbija\/#website"},"primaryImageOfPage":{"@id":"https:\/\/tv.joycemeyer.org\/srbija\/ebooks\/otvoren-razgovor-o-usamljenosti\/#primaryimage"},"image":{"@id":"https:\/\/tv.joycemeyer.org\/srbija\/ebooks\/otvoren-razgovor-o-usamljenosti\/#primaryimage"},"thumbnailUrl":"https:\/\/tv.joycemeyer.org\/srbija\/wp-content\/uploads\/sites\/86\/2018\/10\/Straight-Talk-on-Loneliness-SERBIAN.jpg","datePublished":"2018-10-11T13:14:36+00:00","dateModified":"2019-12-17T17:11:29+00:00","breadcrumb":{"@id":"https:\/\/tv.joycemeyer.org\/srbija\/ebooks\/otvoren-razgovor-o-usamljenosti\/#breadcrumb"},"inLanguage":"en-US","potentialAction":[{"@type":"ReadAction","target":["https:\/\/tv.joycemeyer.org\/srbija\/ebooks\/otvoren-razgovor-o-usamljenosti\/"]}]},{"@type":"ImageObject","inLanguage":"en-US","@id":"https:\/\/tv.joycemeyer.org\/srbija\/ebooks\/otvoren-razgovor-o-usamljenosti\/#primaryimage","url":"https:\/\/tv.joycemeyer.org\/srbija\/wp-content\/uploads\/sites\/86\/2018\/10\/Straight-Talk-on-Loneliness-SERBIAN.jpg","contentUrl":"https:\/\/tv.joycemeyer.org\/srbija\/wp-content\/uploads\/sites\/86\/2018\/10\/Straight-Talk-on-Loneliness-SERBIAN.jpg","width":300,"height":433,"caption":"Otvoren razgovor o usamljenosti"},{"@type":"BreadcrumbList","@id":"https:\/\/tv.joycemeyer.org\/srbija\/ebooks\/otvoren-razgovor-o-usamljenosti\/#breadcrumb","itemListElement":[{"@type":"ListItem","position":1,"name":"Home","item":"https:\/\/tv.joycemeyer.org\/srbija\/"},{"@type":"ListItem","position":2,"name":"eBook","item":"https:\/\/tv.joycemeyer.org\/srbija\/ebooks\/"},{"@type":"ListItem","position":3,"name":"Otvoren razgovor o usamljenosti"}]},{"@type":"WebSite","@id":"https:\/\/tv.joycemeyer.org\/srbija\/#website","url":"https:\/\/tv.joycemeyer.org\/srbija\/","name":"Joyce Meyer Ministries - Srbija","description":"Deliti Hrista - voleti ljude","potentialAction":[{"@type":"SearchAction","target":{"@type":"EntryPoint","urlTemplate":"https:\/\/tv.joycemeyer.org\/srbija\/?s={search_term_string}"},"query-input":{"@type":"PropertyValueSpecification","valueRequired":true,"valueName":"search_term_string"}}],"inLanguage":"en-US"}]}</script>
<!-- / Yoast SEO plugin. -->

Isus je došao na zemlju da uništi đavolje djelovanje i da nam da izobilan život! Ako naučimo da primimo ono što nam je On omogućio, iskusićemo izobilan život koji je oslobođen tuge i usamljenosti.
